000
CXUS51 KBTV 011402
CLMBTV
CLIMATE REPORT
NATIONAL WEATHER SERVICE BURLINGTON VT
1002 AM EDT SUN OCT 01 2023
...................................
...THE BURLINGTON VT CLIMATE SUMMARY FOR THE MONTH OF SEPTEMBER 2023...
CLIMATE NORMAL PERIOD: 1991 TO 2020
CLIMATE RECORD PERIOD: 1884 TO 2023
WEATHER OBSERVED NORMAL DEPART LAST YEAR`S
VALUE DATE(S) VALUE FROM VALUE DATE(S)
NORMAL
................................................................
TEMPERATURE (F)
RECORD
HIGH 98 09/09/2002
LOW 25 09/24/1963
09/29/1914
HIGHEST 92 09/06 69 23 85 09/10
LOWEST 45 09/27 49 -4 38 09/30
AVG. MAXIMUM 74.7 72.6 2.1 70.6
AVG. MINIMUM 56.2 52.9 3.3 53.4
MEAN 65.4 62.7 2.7 62.0
DAYS MAX >= 90 3 0.7 2.3 0
DAYS MAX <= 32 0 0.0 0.0 0
DAYS MIN <= 32 0 0.3 -0.3 0
DAYS MIN <= 0 0 0.0 0.0 0
PRECIPITATION (INCHES)
RECORD
MAXIMUM 10.25 1999
MINIMUM 0.68 1927
TOTALS 2.91 3.67 -0.76 6.46
DAILY AVG. 0.10 0.12 -0.02 0.22
DAYS >= .01 6 11.0 -5.0 13
DAYS >= .10 6 6.6 -0.6 8
DAYS >= .50 2 2.2 -0.2 3
DAYS >= 1.00 1 0.9 0.1 2
GREATEST
24 HR. TOTAL 1.19 09/07 TO 09/07 2.59 09/13 TO 09/14
STORM TOTAL 1.19 2.56
(MM/DD(HH)) MM
SNOWFALL (INCHES)
RECORDS
TOTAL 0.1 MM
TOTALS 0.0 0.0 0.0 0.0
SINCE 7/1 0.0 0.0 0.0 MM
SNOWDEPTH AVG. 0 0
DAYS >= 1.0 0 0.0 0.0 0
GREATEST
SNOW DEPTH 0 0 MM
24 HR TOTAL MM MM
DEGREE DAYS
HEATING TOTAL 73 134 -61 135
SINCE 7/1 81 155 -74 MM
COOLING TOTAL 92 66 26 51
SINCE 1/1 700 651 49 MM
................................................................
WIND (MPH)
AVERAGE WIND SPEED 4.3
HIGHEST WIND SPEED/DIRECTION 24/290 DATE 09/07
HIGHEST GUST SPEED/DIRECTION 30/280 DATE 09/07
SKY COVER
POSSIBLE SUNSHINE (PERCENT) MM
AVERAGE SKY COVER 0.53
NUMBER OF DAYS FAIR 8
NUMBER OF DAYS PC 15
NUMBER OF DAYS CLOUDY 7
AVERAGE RH (PERCENT) 72
WEATHER CONDITIONS. NUMBER OF DAYS WITH
THUNDERSTORM 3 MIXED PRECIP 0
HEAVY RAIN 4 RAIN 6
LIGHT RAIN 7 FREEZING RAIN 0
LT FREEZING RAIN 0 HAIL 0
HEAVY SNOW 0 SNOW 0
LIGHT SNOW 0 SLEET 0
FOG 13 FOG W/VIS <= 1/4 MILE 1
HAZE 2
- INDICATES NEGATIVE NUMBERS.
R INDICATES RECORD WAS SET OR TIED.
MM INDICATES DATA IS MISSING.
T INDICATES TRACE AMOUNT.
$$