139
CDUS41 KBUF 220705
CLIBUF


CLIMATE REPORT
NATIONAL WEATHER SERVICE BUFFALO NY
305 AM EDT TUE MAY 22 2018


...................................

...THE BUFFALO NY CLIMATE SUMMARY FOR MAY 21 2018...

CLIMATE NORMAL PERIOD 1981 TO 2010
CLIMATE RECORD PERIOD 1871 TO 2018


WEATHER ITEM   OBSERVED TIME   RECORD YEAR NORMAL DEPARTURE LAST
                VALUE   (LST)  VALUE       VALUE  FROM      YEAR
                                                  NORMAL
..................................................................
TEMPERATURE (F)
 YESTERDAY
  MAXIMUM         75    407 PM  90    1977  68      7       73
  MINIMUM         50    513 AM  33    1907  49      1       54
  AVERAGE         63                        59      4       64

PRECIPITATION (IN)
  YESTERDAY        T             1.57 1883   0.12  -0.12     0.29
  MONTH TO DATE    1.80                      2.25  -0.45     4.00
  SINCE MAR 1      8.72                      8.13   0.59    14.74
  SINCE JAN 1     16.06                     13.80   2.26    19.92

SNOWFALL (IN)
  YESTERDAY        0.0           0.0    MM   0.0    0.0      0.0
  MONTH TO DATE    0.0                       0.3   -0.3      0.0
  SINCE MAR 1     29.1                      15.9   13.2     29.1
  SINCE JUL 1    112.3                      94.7   17.6     76.1
  SNOW DEPTH       0

DEGREE DAYS
 HEATING
  YESTERDAY        2                         7     -5        1
  MONTH TO DATE   65                       213   -148      252
  SINCE MAR 1   1867                      1750    117     1668
  SINCE JUL 1   6377                      6494   -117     5560

 COOLING
  YESTERDAY        0                         1     -1        0
  MONTH TO DATE   28                         9     19       16
  SINCE MAR 1     28                        12     16       22
  SINCE JAN 1     28                        12     16       22
..................................................................


WIND (MPH)
  HIGHEST WIND SPEED    16   HIGHEST WIND DIRECTION    SE (130)
  HIGHEST GUST SPEED    20   HIGHEST GUST DIRECTION    SE (120)
  AVERAGE WIND SPEED     4.6


SKY COVER
  AVERAGE SKY COVER 0.5


WEATHER CONDITIONS
 THE FOLLOWING WEATHER WAS RECORDED YESTERDAY.
  LIGHT RAIN
  HAZE


RELATIVE HUMIDITY (PERCENT)
 HIGHEST    77          1200 AM
 LOWEST     29           200 PM
 AVERAGE    53

..........................................................


THE BUFFALO NY CLIMATE NORMALS FOR TODAY
                         NORMAL    RECORD    YEAR
 MAXIMUM TEMPERATURE (F)   68        94      1911
 MINIMUM TEMPERATURE (F)   49        36      2002
                                             1990
                                             1963


SUNRISE AND SUNSET
MAY 22 2018...........SUNRISE   545 AM EDT   SUNSET   838 PM EDT
MAY 23 2018...........SUNRISE   545 AM EDT   SUNSET   839 PM EDT


-  INDICATES NEGATIVE NUMBERS.
R  INDICATES RECORD WAS SET OR TIED.
MM INDICATES DATA IS MISSING.
T  INDICATES TRACE AMOUNT.




$$
