000
CDUS41 KBUF 151023
CLIBUF


CLIMATE REPORT
NATIONAL WEATHER SERVICE BUFFALO NY
622 AM EDT SUN APR 15 2018


...................................

...THE BUFFALO NY CLIMATE SUMMARY FOR APRIL 14 2018...

CLIMATE NORMAL PERIOD 1981 TO 2010
CLIMATE RECORD PERIOD 1871 TO 2018


WEATHER ITEM   OBSERVED TIME   RECORD YEAR NORMAL DEPARTURE LAST
                VALUE   (LST)  VALUE       VALUE  FROM      YEAR
                                                  NORMAL
..................................................................
TEMPERATURE (F)
 YESTERDAY
  MAXIMUM         40    202 AM  83    1883  54    -14       63
  MINIMUM         28    804 PM  20    1950  36     -8       39
                                      1885
  AVERAGE         34                        45    -11       51

PRECIPITATION (IN)
  YESTERDAY        0.32          1.30 1903   0.10   0.22     0.00
  MONTH TO DATE    1.60                      1.48   0.12     2.47
  SINCE MAR 1      4.53                      4.35   0.18     6.83
  SINCE JAN 1     11.87                     10.02   1.85    12.01

SNOWFALL (IN)
  YESTERDAY        0.6           1.7  1962   0.1    0.5      0.0
  MONTH TO DATE    3.8                       2.0    1.8      2.3
  SINCE MAR 1     26.0                      14.9   11.1     29.1
  SINCE JUL 1    109.2                      93.7   15.5     76.1
  SNOW DEPTH       0

DEGREE DAYS
 HEATING
  YESTERDAY       31                        20     11       14
  MONTH TO DATE  411                       313     98      251
  SINCE MAR 1   1445                      1274    171     1235
  SINCE JUL 1   5955                      6018    -63     5127

 COOLING
  YESTERDAY        0                         0      0        0
  MONTH TO DATE    0                         0      0        2
  SINCE MAR 1      0                         0      0        2
  SINCE JAN 1      0                         0      0        2
..................................................................


WIND (MPH)
  HIGHEST WIND SPEED    32   HIGHEST WIND DIRECTION    NE (60)
  HIGHEST GUST SPEED    40   HIGHEST GUST DIRECTION    NE (60)
  AVERAGE WIND SPEED    21.1


SKY COVER
  AVERAGE SKY COVER 1.0


WEATHER CONDITIONS
 THE FOLLOWING WEATHER WAS RECORDED YESTERDAY.
  LIGHT RAIN
  LT FREEZING RAIN
  SNOW
  SLEET
  FOG


RELATIVE HUMIDITY (PERCENT)
 HIGHEST   100           400 AM
 LOWEST     70          1200 PM
 AVERAGE    85

..........................................................


THE BUFFALO NY CLIMATE NORMALS FOR TODAY
                         NORMAL    RECORD    YEAR
 MAXIMUM TEMPERATURE (F)   55        87      1994
 MINIMUM TEMPERATURE (F)   37        16      1926


SUNRISE AND SUNSET
APRIL 15 2018.........SUNRISE   633 AM EDT   SUNSET   757 PM EDT
APRIL 16 2018.........SUNRISE   632 AM EDT   SUNSET   759 PM EDT


-  INDICATES NEGATIVE NUMBERS.
R  INDICATES RECORD WAS SET OR TIED.
MM INDICATES DATA IS MISSING.
T  INDICATES TRACE AMOUNT.

$$
