000
CDUS41 KBUF 091005
CLIBUF


CLIMATE REPORT
NATIONAL WEATHER SERVICE BUFFALO NY
604 AM EDT MON APR 9 2018


...................................

...THE BUFFALO NY CLIMATE SUMMARY FOR APRIL 8 2018...

CLIMATE NORMAL PERIOD 1981 TO 2010
CLIMATE RECORD PERIOD 1871 TO 2018


WEATHER ITEM   OBSERVED TIME   RECORD YEAR NORMAL DEPARTURE LAST
                VALUE   (LST)  VALUE       VALUE  FROM      YEAR
                                                  NORMAL
..................................................................
TEMPERATURE (F)
 YESTERDAY
  MAXIMUM         34    525 PM  75    1991  52    -18       47
                                      1921
  MINIMUM         25    833 AM  13    1972  34     -9       31
  AVERAGE         30                        43    -13       39

PRECIPITATION (IN)
  YESTERDAY        0.01          0.92 2000   0.11  -0.10     0.00
  MONTH TO DATE    1.07                      0.84   0.23     2.40
  SINCE MAR 1      4.00                      3.71   0.29     6.76
  SINCE JAN 1     11.34                      9.38   1.96    11.94

SNOWFALL (IN)
  YESTERDAY        0.2           3.4  1957   0.1    0.1      0.0
  MONTH TO DATE    2.8                       1.3    1.5      2.3
  SINCE MAR 1     25.0                      14.2   10.8     29.1
  SINCE JUL 1    108.2                      93.0   15.2     76.1
  SNOW DEPTH       T

DEGREE DAYS
 HEATING
  YESTERDAY       35                        22     13       26
  MONTH TO DATE  248                       189     59      171
  SINCE MAR 1   1282                      1150    132     1155
  SINCE JUL 1   5792                      5894   -102     5047

 COOLING
  YESTERDAY        0                         0      0        0
  MONTH TO DATE    0                         0      0        0
  SINCE MAR 1      0                         0      0        0
  SINCE JAN 1      0                         0      0        0
..................................................................


WIND (MPH)
  HIGHEST WIND SPEED    20   HIGHEST WIND DIRECTION     W (270)
  HIGHEST GUST SPEED    26   HIGHEST GUST DIRECTION    NW (300)
  AVERAGE WIND SPEED     8.9


SKY COVER
  AVERAGE SKY COVER 0.7


WEATHER CONDITIONS
 THE FOLLOWING WEATHER WAS RECORDED YESTERDAY.
  HEAVY SNOW
  SNOW
  LIGHT SNOW
  FOG
  HAZE


RELATIVE HUMIDITY (PERCENT)
 HIGHEST    81           100 AM
 LOWEST     47           500 PM
 AVERAGE    64

..........................................................


THE BUFFALO NY CLIMATE NORMALS FOR TODAY
                         NORMAL    RECORD    YEAR
 MAXIMUM TEMPERATURE (F)   52        80      1969
 MINIMUM TEMPERATURE (F)   34        17      1972


SUNRISE AND SUNSET
APRIL  9 2018.........SUNRISE   643 AM EDT   SUNSET   750 PM EDT
APRIL 10 2018.........SUNRISE   642 AM EDT   SUNSET   752 PM EDT


-  INDICATES NEGATIVE NUMBERS.
R  INDICATES RECORD WAS SET OR TIED.
MM INDICATES DATA IS MISSING.
T  INDICATES TRACE AMOUNT.




$$
