000
CDUS41 KBUF 110705
CLIBUF


CLIMATE REPORT
NATIONAL WEATHER SERVICE BUFFALO NY
305 AM EDT WED APR 11 2018


...................................

...THE BUFFALO NY CLIMATE SUMMARY FOR APRIL 10 2018...

CLIMATE NORMAL PERIOD 1981 TO 2010
CLIMATE RECORD PERIOD 1871 TO 2018


WEATHER ITEM   OBSERVED TIME   RECORD YEAR NORMAL DEPARTURE LAST
                VALUE   (LST)  VALUE       VALUE  FROM      YEAR
                                                  NORMAL
..................................................................
TEMPERATURE (F)
 YESTERDAY
  MAXIMUM         40    208 PM  82    1945  53    -13       75
  MINIMUM         28    449 AM  19    1909  35     -7       58
  AVERAGE         34                        44    -10       67

PRECIPITATION (IN)
  YESTERDAY        0.01          1.66 1990   0.11  -0.10     0.06
  MONTH TO DATE    1.08                      1.06   0.02     2.46
  SINCE MAR 1      4.01                      3.93   0.08     6.82
  SINCE JAN 1     11.35                      9.60   1.75    12.00

SNOWFALL (IN)
  YESTERDAY       MM             4.0  1942   0.2   MM        0.0
  MONTH TO DATE    2.9                       1.6    1.3      2.3
  SINCE MAR 1     25.1                      14.5   10.6     29.1
  SINCE JUL 1    108.3                      93.3   15.0     76.1
  SNOW DEPTH       0

DEGREE DAYS
 HEATING
  YESTERDAY       31                        21     10        0
  MONTH TO DATE  312                       232     80      184
  SINCE MAR 1   1346                      1193    153     1168
  SINCE JUL 1   5856                      5937    -81     5060

 COOLING
  YESTERDAY        0                         0      0        2
  MONTH TO DATE    0                         0      0        2
  SINCE MAR 1      0                         0      0        2
  SINCE JAN 1      0                         0      0        2
..................................................................


WIND (MPH)
  HIGHEST WIND SPEED    20   HIGHEST WIND DIRECTION    SW (230)
  HIGHEST GUST SPEED    24   HIGHEST GUST DIRECTION    SW (220)
  AVERAGE WIND SPEED     8.9


SKY COVER
  AVERAGE SKY COVER 0.6


WEATHER CONDITIONS
 THE FOLLOWING WEATHER WAS RECORDED YESTERDAY.
  LIGHT SNOW
  FOG


RELATIVE HUMIDITY (PERCENT)
 HIGHEST   100           400 AM
 LOWEST     54           100 PM
 AVERAGE    77

..........................................................


THE BUFFALO NY CLIMATE NORMALS FOR TODAY
                         NORMAL    RECORD    YEAR
 MAXIMUM TEMPERATURE (F)   53        86      1945
 MINIMUM TEMPERATURE (F)   35        16      1909


SUNRISE AND SUNSET
APRIL 11 2018.........SUNRISE   640 AM EDT   SUNSET   753 PM EDT
APRIL 12 2018.........SUNRISE   638 AM EDT   SUNSET   754 PM EDT


-  INDICATES NEGATIVE NUMBERS.
R  INDICATES RECORD WAS SET OR TIED.
MM INDICATES DATA IS MISSING.
T  INDICATES TRACE AMOUNT.




$$
