000
CDUS41 KBUF 110705
CLIBUF


CLIMATE REPORT
NATIONAL WEATHER SERVICE BUFFALO NY
305 AM EDT FRI MAY 11 2018


...................................

...THE BUFFALO NY CLIMATE SUMMARY FOR MAY 10 2018...

CLIMATE NORMAL PERIOD 1981 TO 2010
CLIMATE RECORD PERIOD 1871 TO 2018


WEATHER ITEM   OBSERVED TIME   RECORD YEAR NORMAL DEPARTURE LAST
                VALUE   (LST)  VALUE       VALUE  FROM      YEAR
                                                  NORMAL
..................................................................
TEMPERATURE (F)
 YESTERDAY
  MAXIMUM         75   1219 AM  86    1993  65     10       57
  MINIMUM         52   1159 PM  26    1947  45      7       42
                                      1923
  AVERAGE         64                        55      9       50

PRECIPITATION (IN)
  YESTERDAY        0.21          1.52 1890   0.11   0.10     0.00
  MONTH TO DATE    0.64                      1.03  -0.39     3.47
  SINCE MAR 1      7.56                      6.91   0.65    14.21
  SINCE JAN 1     14.90                     12.58   2.32    19.39

SNOWFALL (IN)
  YESTERDAY        0.0           2.0  1945   0.0    0.0      0.0
  MONTH TO DATE    0.0                       0.2   -0.2      0.0
  SINCE MAR 1     29.1                      15.8   13.3     29.1
  SINCE JUL 1    112.3                      94.6   17.7     76.1
  SNOW DEPTH       0

DEGREE DAYS
 HEATING
  YESTERDAY        1                        10     -9       15
  MONTH TO DATE   32                       118    -86      176
  SINCE MAR 1   1834                      1655    179     1592
  SINCE JUL 1   6344                      6399    -55     5484

 COOLING
  YESTERDAY        0                         0      0        0
  MONTH TO DATE    9                         0      9        0
  SINCE MAR 1      9                         3      6        6
  SINCE JAN 1      9                         3      6        6
..................................................................


WIND (MPH)
  HIGHEST WIND SPEED    32   HIGHEST WIND DIRECTION    SW (210)
  HIGHEST GUST SPEED    41   HIGHEST GUST DIRECTION     S (190)
  AVERAGE WIND SPEED    14.6


SKY COVER
  AVERAGE SKY COVER 0.5


WEATHER CONDITIONS
 THE FOLLOWING WEATHER WAS RECORDED YESTERDAY.
  THUNDERSTORM
  RAIN
  LIGHT RAIN
  HAZE


RELATIVE HUMIDITY (PERCENT)
 HIGHEST    80           700 PM
 LOWEST     41           200 AM
 AVERAGE    61

..........................................................


THE BUFFALO NY CLIMATE NORMALS FOR TODAY
                         NORMAL    RECORD    YEAR
 MAXIMUM TEMPERATURE (F)   65        89      1979
 MINIMUM TEMPERATURE (F)   46        29      1907


SUNRISE AND SUNSET
MAY 11 2018...........SUNRISE   556 AM EDT   SUNSET   827 PM EDT
MAY 12 2018...........SUNRISE   555 AM EDT   SUNSET   828 PM EDT


-  INDICATES NEGATIVE NUMBERS.
R  INDICATES RECORD WAS SET OR TIED.
MM INDICATES DATA IS MISSING.
T  INDICATES TRACE AMOUNT.




$$
