000
CDUS41 KBUF 100705
CLIBUF


CLIMATE REPORT
NATIONAL WEATHER SERVICE BUFFALO NY
305 AM EDT TUE APR 10 2018


...................................

...THE BUFFALO NY CLIMATE SUMMARY FOR APRIL 9 2018...

CLIMATE NORMAL PERIOD 1981 TO 2010
CLIMATE RECORD PERIOD 1871 TO 2018


WEATHER ITEM   OBSERVED TIME   RECORD YEAR NORMAL DEPARTURE LAST
                VALUE   (LST)  VALUE       VALUE  FROM      YEAR
                                                  NORMAL
..................................................................
TEMPERATURE (F)
 YESTERDAY
  MAXIMUM         40    306 PM  80    1969  52    -12       69
  MINIMUM         24    627 AM  17    1972  34    -10       35
  AVERAGE         32                        43    -11       52

PRECIPITATION (IN)
  YESTERDAY        T             1.14 2013   0.11  -0.11     0.00
  MONTH TO DATE    1.07                      0.95   0.12     2.40
  SINCE MAR 1      4.00                      3.82   0.18     6.76
  SINCE JAN 1     11.34                      9.49   1.85    11.94

SNOWFALL (IN)
  YESTERDAY       MM             4.1  1979   0.1   MM        0.0
  MONTH TO DATE    2.8                       1.4    1.4      2.3
  SINCE MAR 1     25.0                      14.3   10.7     29.1
  SINCE JUL 1    108.2                      93.1   15.1     76.1
  SNOW DEPTH       0

DEGREE DAYS
 HEATING
  YESTERDAY       33                        22     11       13
  MONTH TO DATE  281                       211     70      184
  SINCE MAR 1   1315                      1172    143     1168
  SINCE JUL 1   5825                      5916    -91     5060

 COOLING
  YESTERDAY        0                         0      0        0
  MONTH TO DATE    0                         0      0        0
  SINCE MAR 1      0                         0      0        0
  SINCE JAN 1      0                         0      0        0
..................................................................


WIND (MPH)
  HIGHEST WIND SPEED    14   HIGHEST WIND DIRECTION     W (260)
  HIGHEST GUST SPEED    18   HIGHEST GUST DIRECTION    SW (240)
  AVERAGE WIND SPEED     3.8


SKY COVER
  AVERAGE SKY COVER 0.8


WEATHER CONDITIONS
 THE FOLLOWING WEATHER WAS RECORDED YESTERDAY.
  LIGHT SNOW
  FOG
  HAZE


RELATIVE HUMIDITY (PERCENT)
 HIGHEST    92           900 PM
 LOWEST     44           200 PM
 AVERAGE    68

..........................................................


THE BUFFALO NY CLIMATE NORMALS FOR TODAY
                         NORMAL    RECORD    YEAR
 MAXIMUM TEMPERATURE (F)   53        82      1945
 MINIMUM TEMPERATURE (F)   35        19      1909


SUNRISE AND SUNSET
APRIL 10 2018.........SUNRISE   642 AM EDT   SUNSET   752 PM EDT
APRIL 11 2018.........SUNRISE   640 AM EDT   SUNSET   753 PM EDT


-  INDICATES NEGATIVE NUMBERS.
R  INDICATES RECORD WAS SET OR TIED.
MM INDICATES DATA IS MISSING.
T  INDICATES TRACE AMOUNT.




$$
