000
CDUS41 KBUF 081009
CLIBUF


CLIMATE REPORT
NATIONAL WEATHER SERVICE BUFFALO NY
609 AM EDT SUN APR 8 2018


...................................

...THE BUFFALO NY CLIMATE SUMMARY FOR APRIL 7 2018...

CLIMATE NORMAL PERIOD 1981 TO 2010
CLIMATE RECORD PERIOD 1871 TO 2018


WEATHER ITEM   OBSERVED TIME   RECORD YEAR NORMAL DEPARTURE LAST
                VALUE   (LST)  VALUE       VALUE  FROM      YEAR
                                                  NORMAL
..................................................................
TEMPERATURE (F)
 YESTERDAY
  MAXIMUM         30    303 PM  79    1921  51    -21       38
  MINIMUM         23    601 AM  12    1982  34    -11       32
  AVERAGE         27                        42    -15       35

PRECIPITATION (IN)
  YESTERDAY        T             1.00 1942   0.11  -0.11     0.23
  MONTH TO DATE    1.06                      0.73   0.33     2.40
  SINCE MAR 1      3.99                      3.60   0.39     6.76
  SINCE JAN 1     11.33                      9.27   2.06    11.94

SNOWFALL (IN)
  YESTERDAY        0.1           2.9  1958   0.2   -0.1      1.6
  MONTH TO DATE    2.6                       1.2    1.4      2.3
  SINCE MAR 1     24.8                      14.1   10.7     29.1
  SINCE JUL 1    108.0                      92.9   15.1     76.1
  SNOW DEPTH       T

DEGREE DAYS
 HEATING
  YESTERDAY       38                        23     15       30
  MONTH TO DATE  213                       167     46      145
  SINCE MAR 1   1247                      1128    119     1129
  SINCE JUL 1   5757                      5872   -115     5021

 COOLING
  YESTERDAY        0                         0      0        0
  MONTH TO DATE    0                         0      0        0
  SINCE MAR 1      0                         0      0        0
  SINCE JAN 1      0                         0      0        0
..................................................................


WIND (MPH)
  HIGHEST WIND SPEED    22   HIGHEST WIND DIRECTION    SW (230)
  HIGHEST GUST SPEED    29   HIGHEST GUST DIRECTION    SW (230)
  AVERAGE WIND SPEED    12.7


SKY COVER
  AVERAGE SKY COVER 0.7


WEATHER CONDITIONS
 THE FOLLOWING WEATHER WAS RECORDED YESTERDAY.
  LIGHT SNOW
  HAZE


RELATIVE HUMIDITY (PERCENT)
 HIGHEST    75           900 PM
 LOWEST     53          1100 AM
 AVERAGE    64

..........................................................


THE BUFFALO NY CLIMATE NORMALS FOR TODAY
                         NORMAL    RECORD    YEAR
 MAXIMUM TEMPERATURE (F)   52        75      1991
                                             1921
 MINIMUM TEMPERATURE (F)   34        13      1972


SUNRISE AND SUNSET
APRIL  8 2018.........SUNRISE   645 AM EDT   SUNSET   749 PM EDT
APRIL  9 2018.........SUNRISE   643 AM EDT   SUNSET   750 PM EDT


-  INDICATES NEGATIVE NUMBERS.
R  INDICATES RECORD WAS SET OR TIED.
MM INDICATES DATA IS MISSING.
T  INDICATES TRACE AMOUNT.




$$
