000
CDUS41 KBUF 172024
CLIBUF


CLIMATE REPORT
NATIONAL WEATHER SERVICE BUFFALO NY
423 PM EDT TUE APR 17 2018


...................................

...THE BUFFALO NY CLIMATE SUMMARY FOR APRIL 17 2018...
VALID TODAY AS OF 0400 PM LOCAL TIME.

CLIMATE NORMAL PERIOD 1981 TO 2010
CLIMATE RECORD PERIOD 1871 TO 2018


WEATHER ITEM   OBSERVED TIME   RECORD YEAR NORMAL DEPARTURE LAST
                VALUE   (LST)  VALUE       VALUE  FROM      YEAR
                                                  NORMAL
..................................................................
TEMPERATURE (F)
 TODAY
  MAXIMUM         34   1025 AM  80    1976  56    -22       57
  MINIMUM         31    259 PM  15    1875  37     -6       38
  AVERAGE         33                        47    -14       48

PRECIPITATION (IN)
  TODAY            0.03          0.71 1918   0.10  -0.07     0.00
  MONTH TO DATE    3.46                      1.79   1.67     2.54
  SINCE MAR 1      6.39                      4.66   1.73     6.90
  SINCE JAN 1     13.73                     10.33   3.40    12.08

SNOWFALL (IN)
  TODAY            0.1           2.5  1928   0.1    0.0      0.0
  MONTH TO DATE    6.0                       2.3    3.7      2.3
  SINCE MAR 1     28.2                      15.2   13.0     29.1
  SINCE JUL 1    111.4                      94.0   17.4     76.1
  SNOW DEPTH       1

DEGREE DAYS
 HEATING
  TODAY           32                        18     14       17
  MONTH TO DATE  500                       369    131      278
  SINCE MAR 1   1534                      1330    204     1262
  SINCE JUL 1   6044                      6074    -30     5154

 COOLING
  TODAY            0                         0      0        0
  MONTH TO DATE    0                         0      0        2
  SINCE MAR 1      0                         0      0        2
  SINCE JAN 1      0                         0      0        2
..................................................................


WIND (MPH)
  HIGHEST WIND SPEED    23   HIGHEST WIND DIRECTION    SW (220)
  HIGHEST GUST SPEED    29   HIGHEST GUST DIRECTION    SW (240)
  AVERAGE WIND SPEED    14.0


SKY COVER
  AVERAGE SKY COVER 1.0


WEATHER CONDITIONS
 THE FOLLOWING WEATHER WAS RECORDED TODAY.
  LIGHT SNOW
  FOG


RELATIVE HUMIDITY (PERCENT)
 HIGHEST   100          1200 AM
 LOWEST     66           700 AM
 AVERAGE    83

..........................................................


THE BUFFALO NY CLIMATE NORMALS FOR TOMORROW
                         NORMAL    RECORD    YEAR
 MAXIMUM TEMPERATURE (F)   56        82      2013
 MINIMUM TEMPERATURE (F)   38        14      1875


SUNRISE AND SUNSET
APRIL 17 2018.........SUNRISE   630 AM EDT   SUNSET   800 PM EDT
APRIL 18 2018.........SUNRISE   628 AM EDT   SUNSET   801 PM EDT


-  INDICATES NEGATIVE NUMBERS.
R  INDICATES RECORD WAS SET OR TIED.
MM INDICATES DATA IS MISSING.
T  INDICATES TRACE AMOUNT.




$$
