000
CDUS41 KBUF 161018
CLIBUF


CLIMATE REPORT
NATIONAL WEATHER SERVICE BUFFALO NY
617 AM EDT MON APR 16 2018


...................................

...THE BUFFALO NY CLIMATE SUMMARY FOR APRIL 15 2018...

CLIMATE NORMAL PERIOD 1981 TO 2010
CLIMATE RECORD PERIOD 1871 TO 2018


WEATHER ITEM   OBSERVED TIME   RECORD YEAR NORMAL DEPARTURE LAST
                VALUE   (LST)  VALUE       VALUE  FROM      YEAR
                                                  NORMAL
..................................................................
TEMPERATURE (F)
 YESTERDAY
  MAXIMUM         41   1159 PM  87    1994  55    -14       73
  MINIMUM         29    452 AM  16    1926  37     -8       45
  AVERAGE         35                        46    -11       59

PRECIPITATION (IN)
  YESTERDAY        0.50          0.82 1976   0.11   0.39     0.07
  MONTH TO DATE    2.10                      1.59   0.51     2.54
  SINCE MAR 1      5.03                      4.46   0.57     6.90
  SINCE JAN 1     12.37                     10.13   2.24    12.08

SNOWFALL (IN)
  YESTERDAY        0.3           6.6  1893   0.1    0.2      0.0
  MONTH TO DATE    4.1                       2.1    2.0      2.3
  SINCE MAR 1     26.3                      15.0   11.3     29.1
  SINCE JUL 1    109.5                      93.8   15.7     76.1
  SNOW DEPTH       T

DEGREE DAYS
 HEATING
  YESTERDAY       30                        19     11        6
  MONTH TO DATE  441                       332    109      257
  SINCE MAR 1   1475                      1293    182     1241
  SINCE JUL 1   5985                      6037    -52     5133

 COOLING
  YESTERDAY        0                         0      0        0
  MONTH TO DATE    0                         0      0        2
  SINCE MAR 1      0                         0      0        2
  SINCE JAN 1      0                         0      0        2
..................................................................


WIND (MPH)
  HIGHEST WIND SPEED    26   HIGHEST WIND DIRECTION     E (70)
  HIGHEST GUST SPEED    36   HIGHEST GUST DIRECTION    NE (60)
  AVERAGE WIND SPEED    17.8


SKY COVER
  AVERAGE SKY COVER 1.0


WEATHER CONDITIONS
 THE FOLLOWING WEATHER WAS RECORDED YESTERDAY.
  RAIN
  LIGHT RAIN
  FREEZING RAIN
  LT FREEZING RAIN
  SNOW
  SLEET
  FOG


RELATIVE HUMIDITY (PERCENT)
 HIGHEST   100           400 PM
 LOWEST     85           800 AM
 AVERAGE    93

..........................................................


THE BUFFALO NY CLIMATE NORMALS FOR TODAY
                         NORMAL    RECORD    YEAR
 MAXIMUM TEMPERATURE (F)   55        82      2012
 MINIMUM TEMPERATURE (F)   37        20      1928
                                             1875


SUNRISE AND SUNSET
APRIL 16 2018.........SUNRISE   632 AM EDT   SUNSET   759 PM EDT
APRIL 17 2018.........SUNRISE   630 AM EDT   SUNSET   800 PM EDT


-  INDICATES NEGATIVE NUMBERS.
R  INDICATES RECORD WAS SET OR TIED.
MM INDICATES DATA IS MISSING.
T  INDICATES TRACE AMOUNT.

$$
