000
CDUS41 KBUF 230705
CLIBUF


CLIMATE REPORT
NATIONAL WEATHER SERVICE BUFFALO NY
305 AM EDT WED MAY 23 2018


...................................

...THE BUFFALO NY CLIMATE SUMMARY FOR MAY 22 2018...

CLIMATE NORMAL PERIOD 1981 TO 2010
CLIMATE RECORD PERIOD 1871 TO 2018


WEATHER ITEM   OBSERVED TIME   RECORD YEAR NORMAL DEPARTURE LAST
                VALUE   (LST)  VALUE       VALUE  FROM      YEAR
                                                  NORMAL
..................................................................
TEMPERATURE (F)
 YESTERDAY
  MAXIMUM         63   1229 PM  94    1911  68     -5       62
  MINIMUM         56    921 PM  36    2002  49      7       49
                                      1990
                                      1963
  AVERAGE         60                        59      1       56

PRECIPITATION (IN)
  YESTERDAY        0.87          1.76 1982   0.12   0.75      T
  MONTH TO DATE    2.67                      2.37   0.30     4.00
  SINCE MAR 1      9.59                      8.25   1.34    14.74
  SINCE JAN 1     16.93                     13.92   3.01    19.92

SNOWFALL (IN)
  YESTERDAY        0.0           0.0    MM   0.0    0.0      0.0
  MONTH TO DATE    0.0                       0.3   -0.3      0.0
  SINCE MAR 1     29.1                      15.9   13.2     29.1
  SINCE JUL 1    112.3                      94.7   17.6     76.1
  SNOW DEPTH       0

DEGREE DAYS
 HEATING
  YESTERDAY        5                         7     -2        9
  MONTH TO DATE   70                       220   -150      261
  SINCE MAR 1   1872                      1757    115     1677
  SINCE JUL 1   6382                      6501   -119     5569

 COOLING
  YESTERDAY        0                         1     -1        0
  MONTH TO DATE   28                        10     18       16
  SINCE MAR 1     28                        13     15       22
  SINCE JAN 1     28                        13     15       22
..................................................................


WIND (MPH)
  HIGHEST WIND SPEED    16   HIGHEST WIND DIRECTION    SE (120)
  HIGHEST GUST SPEED    20   HIGHEST GUST DIRECTION    SE (120)
  AVERAGE WIND SPEED     9.2


SKY COVER
  AVERAGE SKY COVER 1.0


WEATHER CONDITIONS
 THE FOLLOWING WEATHER WAS RECORDED YESTERDAY.
  THUNDERSTORM
  HEAVY RAIN
  RAIN
  LIGHT RAIN
  FOG


RELATIVE HUMIDITY (PERCENT)
 HIGHEST   100           800 AM
 LOWEST     67           100 AM
 AVERAGE    84

..........................................................


THE BUFFALO NY CLIMATE NORMALS FOR TODAY
                         NORMAL    RECORD    YEAR
 MAXIMUM TEMPERATURE (F)   69        90      1991
 MINIMUM TEMPERATURE (F)   50        33      1967


SUNRISE AND SUNSET
MAY 23 2018...........SUNRISE   545 AM EDT   SUNSET   839 PM EDT
MAY 24 2018...........SUNRISE   544 AM EDT   SUNSET   840 PM EDT


-  INDICATES NEGATIVE NUMBERS.
R  INDICATES RECORD WAS SET OR TIED.
MM INDICATES DATA IS MISSING.
T  INDICATES TRACE AMOUNT.




$$
