000
CDUS41 KBUF 170705
CLIBUF


CLIMATE REPORT
NATIONAL WEATHER SERVICE BUFFALO NY
305 AM EDT THU MAY 17 2018


...................................

...THE BUFFALO NY CLIMATE SUMMARY FOR MAY 16 2018...

CLIMATE NORMAL PERIOD 1981 TO 2010
CLIMATE RECORD PERIOD 1871 TO 2018


WEATHER ITEM   OBSERVED TIME   RECORD YEAR NORMAL DEPARTURE LAST
                VALUE   (LST)  VALUE       VALUE  FROM      YEAR
                                                  NORMAL
..................................................................
TEMPERATURE (F)
 YESTERDAY
  MAXIMUM         82    415 PM  89    1991  67     15       73
  MINIMUM         54    505 AM  32    1936  47      7       45
  AVERAGE         68                        57     11       59

PRECIPITATION (IN)
  YESTERDAY        0.00          1.36 1893   0.11  -0.11      T
  MONTH TO DATE    1.04                      1.67  -0.63     3.70
  SINCE MAR 1      7.96                      7.55   0.41    14.44
  SINCE JAN 1     15.30                     13.22   2.08    19.62

SNOWFALL (IN)
  YESTERDAY        0.0           T    1959   0.0    0.0      0.0
  MONTH TO DATE    0.0                       0.2   -0.2      0.0
  SINCE MAR 1     29.1                      15.8   13.3     29.1
  SINCE JUL 1    112.3                      94.6   17.7     76.1
  SNOW DEPTH       0

DEGREE DAYS
 HEATING
  YESTERDAY        0                         9     -9        6
  MONTH TO DATE   60                       174   -114      236
  SINCE MAR 1   1862                      1711    151     1652
  SINCE JUL 1   6372                      6455    -83     5544

 COOLING
  YESTERDAY        3                         1      2        0
  MONTH TO DATE   14                         4     10        0
  SINCE MAR 1     14                         7      7        6
  SINCE JAN 1     14                         7      7        6
..................................................................


WIND (MPH)
  HIGHEST WIND SPEED    17   HIGHEST WIND DIRECTION    NW (310)
  HIGHEST GUST SPEED    21   HIGHEST GUST DIRECTION    NW (310)
  AVERAGE WIND SPEED     4.5


SKY COVER
  AVERAGE SKY COVER 0.6


WEATHER CONDITIONS
 THE FOLLOWING WEATHER WAS RECORDED YESTERDAY.
  HAZE


RELATIVE HUMIDITY (PERCENT)
 HIGHEST    86           400 AM
 LOWEST     36           200 PM
 AVERAGE    61

..........................................................


THE BUFFALO NY CLIMATE NORMALS FOR TODAY
                         NORMAL    RECORD    YEAR
 MAXIMUM TEMPERATURE (F)   67        87      1949
 MINIMUM TEMPERATURE (F)   48        32      1983
                                             1956


SUNRISE AND SUNSET
MAY 17 2018...........SUNRISE   550 AM EDT   SUNSET   833 PM EDT
MAY 18 2018...........SUNRISE   549 AM EDT   SUNSET   834 PM EDT


-  INDICATES NEGATIVE NUMBERS.
R  INDICATES RECORD WAS SET OR TIED.
MM INDICATES DATA IS MISSING.
T  INDICATES TRACE AMOUNT.




$$
