694
CDUS41 KBUF 190705
CLIBUF


CLIMATE REPORT
NATIONAL WEATHER SERVICE BUFFALO NY
305 AM EDT THU APR 19 2018


...................................

...THE BUFFALO NY CLIMATE SUMMARY FOR APRIL 18 2018...

CLIMATE NORMAL PERIOD 1981 TO 2010
CLIMATE RECORD PERIOD 1871 TO 2018


WEATHER ITEM   OBSERVED TIME   RECORD YEAR NORMAL DEPARTURE LAST
                VALUE   (LST)  VALUE       VALUE  FROM      YEAR
                                                  NORMAL
..................................................................
TEMPERATURE (F)
 YESTERDAY
  MAXIMUM         37    129 PM  82    2013  56    -19       60
  MINIMUM         32   1159 PM  14    1875  38     -6       33
  AVERAGE         35                        47    -12       47

PRECIPITATION (IN)
  YESTERDAY        0.04          0.65 1924   0.09  -0.05     0.00
  MONTH TO DATE    3.51                      1.88   1.63     2.54
  SINCE MAR 1      6.44                      4.75   1.69     6.90
  SINCE JAN 1     13.78                     10.42   3.36    12.08

SNOWFALL (IN)
  YESTERDAY       MM             2.6  1887   0.0   MM        0.0
  MONTH TO DATE    6.2                       2.3    3.9      2.3
  SINCE MAR 1     28.4                      15.2   13.2     29.1
  SINCE JUL 1    111.6                      94.0   17.6     76.1
  SNOW DEPTH       1

DEGREE DAYS
 HEATING
  YESTERDAY       30                        18     12       18
  MONTH TO DATE  531                       387    144      296
  SINCE MAR 1   1565                      1348    217     1280
  SINCE JUL 1   6075                      6092    -17     5172

 COOLING
  YESTERDAY        0                         0      0        0
  MONTH TO DATE    0                         0      0        2
  SINCE MAR 1      0                         0      0        2
  SINCE JAN 1      0                         0      0        2
..................................................................


WIND (MPH)
  HIGHEST WIND SPEED    23   HIGHEST WIND DIRECTION     W (250)
  HIGHEST GUST SPEED    32   HIGHEST GUST DIRECTION    SW (230)
  AVERAGE WIND SPEED    13.4


SKY COVER
  AVERAGE SKY COVER 1.0


WEATHER CONDITIONS
 THE FOLLOWING WEATHER WAS RECORDED YESTERDAY.
  LIGHT SNOW
  FOG


RELATIVE HUMIDITY (PERCENT)
 HIGHEST    89          1200 AM
 LOWEST     64           100 PM
 AVERAGE    77

..........................................................


THE BUFFALO NY CLIMATE NORMALS FOR TODAY
                         NORMAL    RECORD    YEAR
 MAXIMUM TEMPERATURE (F)   57        87      2008
 MINIMUM TEMPERATURE (F)   38        21      1904
                                             1897
                                             1875


SUNRISE AND SUNSET
APRIL 19 2018.........SUNRISE   627 AM EDT   SUNSET   802 PM EDT
APRIL 20 2018.........SUNRISE   625 AM EDT   SUNSET   803 PM EDT


-  INDICATES NEGATIVE NUMBERS.
R  INDICATES RECORD WAS SET OR TIED.
MM INDICATES DATA IS MISSING.
T  INDICATES TRACE AMOUNT.




$$
