252
CDUS41 KBUF 250705
CLIBUF


CLIMATE REPORT
NATIONAL WEATHER SERVICE BUFFALO NY
305 AM EDT FRI MAY 25 2018


...................................

...THE BUFFALO NY CLIMATE SUMMARY FOR MAY 24 2018...

CLIMATE NORMAL PERIOD 1981 TO 2010
CLIMATE RECORD PERIOD 1871 TO 2018


WEATHER ITEM   OBSERVED TIME   RECORD YEAR NORMAL DEPARTURE LAST
                VALUE   (LST)  VALUE       VALUE  FROM      YEAR
                                                  NORMAL
..................................................................
TEMPERATURE (F)
 YESTERDAY
  MAXIMUM         75    137 PM  88    1922  69      6       79
  MINIMUM         50    505 AM  31    1963  50      0       57
                                      1925
  AVERAGE         63                        60      3       68

PRECIPITATION (IN)
  YESTERDAY        0.00          1.09 1964   0.12  -0.12     0.02
  MONTH TO DATE    2.67                      2.62   0.05     4.02
  SINCE MAR 1      9.59                      8.50   1.09    14.76
  SINCE JAN 1     16.93                     14.17   2.76    19.94

SNOWFALL (IN)
  YESTERDAY        0.0           T    1925   0.0    0.0      0.0
  MONTH TO DATE    0.0                       0.3   -0.3      0.0
  SINCE MAR 1     29.1                      15.9   13.2     29.1
  SINCE JUL 1    112.3                      94.7   17.6     76.1
  SNOW DEPTH       0

DEGREE DAYS
 HEATING
  YESTERDAY        2                         7     -5        0
  MONTH TO DATE   79                       234   -155      265
  SINCE MAR 1   1881                      1771    110     1681
  SINCE JUL 1   6391                      6515   -124     5573

 COOLING
  YESTERDAY        0                         1     -1        3
  MONTH TO DATE   28                        12     16       19
  SINCE MAR 1     28                        15     13       25
  SINCE JAN 1     28                        15     13       25
..................................................................


WIND (MPH)
  HIGHEST WIND SPEED    17   HIGHEST WIND DIRECTION    SW (220)
  HIGHEST GUST SPEED    20   HIGHEST GUST DIRECTION    SW (220)
  AVERAGE WIND SPEED     9.7


SKY COVER
  AVERAGE SKY COVER 0.2


WEATHER CONDITIONS
 THE FOLLOWING WEATHER WAS RECORDED YESTERDAY.
  FOG


RELATIVE HUMIDITY (PERCENT)
 HIGHEST    96          1200 AM
 LOWEST     44           100 PM
 AVERAGE    70

..........................................................


THE BUFFALO NY CLIMATE NORMALS FOR TODAY
                         NORMAL    RECORD    YEAR
 MAXIMUM TEMPERATURE (F)   69        86      2012
                                             1975
                                             1944
 MINIMUM TEMPERATURE (F)   50        35      1992
                                             1956


SUNRISE AND SUNSET
MAY 25 2018...........SUNRISE   543 AM EDT   SUNSET   841 PM EDT
MAY 26 2018...........SUNRISE   542 AM EDT   SUNSET   842 PM EDT


-  INDICATES NEGATIVE NUMBERS.
R  INDICATES RECORD WAS SET OR TIED.
MM INDICATES DATA IS MISSING.
T  INDICATES TRACE AMOUNT.




$$
