000
CDUS41 KBUF 200705
CLIBUF


CLIMATE REPORT
NATIONAL WEATHER SERVICE BUFFALO NY
305 AM EDT WED JUN 20 2018


...................................

...THE BUFFALO NY CLIMATE SUMMARY FOR JUNE 19 2018...

CLIMATE NORMAL PERIOD 1981 TO 2010
CLIMATE RECORD PERIOD 1871 TO 2018


WEATHER ITEM   OBSERVED TIME   RECORD YEAR NORMAL DEPARTURE LAST
                VALUE   (LST)  VALUE       VALUE  FROM      YEAR
                                                  NORMAL
..................................................................
TEMPERATURE (F)
 YESTERDAY
  MAXIMUM         75    231 PM  90    2001  76     -1       77
  MINIMUM         62    510 AM  44    1956  59      3       66
  AVERAGE         69                        67      2       72

PRECIPITATION (IN)
  YESTERDAY        T             1.02 1928   0.12  -0.12      T
  MONTH TO DATE    1.11                      2.41  -1.30     1.17
  SINCE JUN 1      1.11                      2.41  -1.30     1.17
  SINCE JAN 1     18.09                     17.42   0.67    23.44

SNOWFALL (IN)
  YESTERDAY        0.0           0.0    MM   0.0    0.0      0.0
  MONTH TO DATE    0.0                       0.0    0.0      0.0
  SINCE JUN 1      0.0                       0.0    0.0      0.0
  SINCE JUL 1    112.3                      94.7   17.6     76.1
  SNOW DEPTH       0

DEGREE DAYS
 HEATING
  YESTERDAY        0                         2     -2        0
  MONTH TO DATE   24                        54    -30       41
  SINCE JUN 1     24                        54    -30       41
  SINCE JUL 1   6415                      6607   -192     5635

 COOLING
  YESTERDAY        4                         4      0        7
  MONTH TO DATE   57                        50      7       93
  SINCE JUN 1     57                        50      7       93
  SINCE JAN 1    145                        76     69      120
..................................................................


WIND (MPH)
  HIGHEST WIND SPEED    14   HIGHEST WIND DIRECTION     N (350)
  HIGHEST GUST SPEED    20   HIGHEST GUST DIRECTION    NE (40)
  AVERAGE WIND SPEED     7.7


SKY COVER
  AVERAGE SKY COVER 0.6


WEATHER CONDITIONS
 THE FOLLOWING WEATHER WAS RECORDED YESTERDAY.
  NO SIGNIFICANT WEATHER WAS OBSERVED.


RELATIVE HUMIDITY (PERCENT)
 HIGHEST    90           100 AM
 LOWEST     35           500 PM
 AVERAGE    63

..........................................................


THE BUFFALO NY CLIMATE NORMALS FOR TODAY
                         NORMAL    RECORD    YEAR
 MAXIMUM TEMPERATURE (F)   77        92      1995
 MINIMUM TEMPERATURE (F)   59        43      1914


SUNRISE AND SUNSET
JUNE 20 2018..........SUNRISE   536 AM EDT   SUNSET   857 PM EDT
JUNE 21 2018..........SUNRISE   536 AM EDT   SUNSET   857 PM EDT


-  INDICATES NEGATIVE NUMBERS.
R  INDICATES RECORD WAS SET OR TIED.
MM INDICATES DATA IS MISSING.
T  INDICATES TRACE AMOUNT.




$$
