000
CDUS41 KBUF 152039
CLIBUF


CLIMATE REPORT
NATIONAL WEATHER SERVICE BUFFALO NY
439 PM EDT TUE MAY 15 2018


...................................

...THE BUFFALO NY CLIMATE SUMMARY FOR MAY 15 2018...
VALID TODAY AS OF 0400 PM LOCAL TIME.

CLIMATE NORMAL PERIOD 1981 TO 2010
CLIMATE RECORD PERIOD 1871 TO 2018


WEATHER ITEM   OBSERVED TIME   RECORD YEAR NORMAL DEPARTURE LAST
                VALUE   (LST)  VALUE       VALUE  FROM      YEAR
                                                  NORMAL
..................................................................
TEMPERATURE (F)
 TODAY
  MAXIMUM         71    817 AM  87    1961  66      5       61
  MINIMUM         64    103 PM  34    1920  47     17       44
  AVERAGE         68                        57     11       53

PRECIPITATION (IN)
  TODAY            0.32          1.33 2011   0.11   0.21     0.00
  MONTH TO DATE    1.04                      1.56  -0.52     3.70
  SINCE MAR 1      7.96                      7.44   0.52    14.44
  SINCE JAN 1     15.30                     13.11   2.19    19.62

SNOWFALL (IN)
  TODAY            0.0           T    2016   0.0    0.0      0.0
                                      1959
  MONTH TO DATE    0.0                       0.2   -0.2      0.0
  SINCE MAR 1     29.1                      15.8   13.3     29.1
  SINCE JUL 1    112.3                      94.6   17.7     76.1
  SNOW DEPTH       0

DEGREE DAYS
 HEATING
  TODAY            0                         9     -9       12
  MONTH TO DATE   60                       165   -105      230
  SINCE MAR 1   1862                      1702    160     1646
  SINCE JUL 1   6372                      6446    -74     5538

 COOLING
  TODAY            3                         1      2        0
  MONTH TO DATE   12                         3      9        0
  SINCE MAR 1     12                         6      6        6
  SINCE JAN 1     12                         6      6        6
..................................................................


WIND (MPH)
  HIGHEST WIND SPEED    16   HIGHEST WIND DIRECTION    NE (30)
  HIGHEST GUST SPEED    22   HIGHEST GUST DIRECTION    NE (30)
  AVERAGE WIND SPEED     7.2


SKY COVER
  AVERAGE SKY COVER 0.7


WEATHER CONDITIONS
 THE FOLLOWING WEATHER WAS RECORDED TODAY.
  THUNDERSTORM
  HEAVY RAIN
  RAIN
  LIGHT RAIN
  FOG
  HAZE


RELATIVE HUMIDITY (PERCENT)
 HIGHEST    81           300 AM
 LOWEST     73           100 PM
 AVERAGE    77

..........................................................


THE BUFFALO NY CLIMATE NORMALS FOR TOMORROW
                         NORMAL    RECORD    YEAR
 MAXIMUM TEMPERATURE (F)   67        89      1991
 MINIMUM TEMPERATURE (F)   47        32      1936


SUNRISE AND SUNSET
MAY 15 2018...........SUNRISE   552 AM EDT   SUNSET   831 PM EDT
MAY 16 2018...........SUNRISE   551 AM EDT   SUNSET   832 PM EDT


-  INDICATES NEGATIVE NUMBERS.
R  INDICATES RECORD WAS SET OR TIED.
MM INDICATES DATA IS MISSING.
T  INDICATES TRACE AMOUNT.

$$
