094
CDUS41 KBUF 230705
CLIBUF


CLIMATE REPORT
NATIONAL WEATHER SERVICE BUFFALO NY
305 AM EDT MON APR 23 2018


...................................

...THE BUFFALO NY CLIMATE SUMMARY FOR APRIL 22 2018...

CLIMATE NORMAL PERIOD 1981 TO 2010
CLIMATE RECORD PERIOD 1871 TO 2018


WEATHER ITEM   OBSERVED TIME   RECORD YEAR NORMAL DEPARTURE LAST
                VALUE   (LST)  VALUE       VALUE  FROM      YEAR
                                                  NORMAL
..................................................................
TEMPERATURE (F)
 YESTERDAY
  MAXIMUM         62    339 PM  77    2008  58      4       54
                                      1985
  MINIMUM         31    523 AM  24    1930  39     -8       39
  AVERAGE         47                        49     -2       47

PRECIPITATION (IN)
  YESTERDAY        0.00          1.14 1991   0.09  -0.09     0.00
  MONTH TO DATE    3.51                      2.24   1.27     4.86
  SINCE MAR 1      6.44                      5.11   1.33     9.22
  SINCE JAN 1     13.78                     10.78   3.00    14.40

SNOWFALL (IN)
  YESTERDAY        0.0           0.2  1986   0.0    0.0      0.0
  MONTH TO DATE    6.9                       2.5    4.4      2.3
  SINCE MAR 1     29.1                      15.4   13.7     29.1
  SINCE JUL 1    112.3                      94.2   18.1     76.1
  SNOW DEPTH       0

DEGREE DAYS
 HEATING
  YESTERDAY       18                        17      1       18
  MONTH TO DATE  633                       456    177      355
  SINCE MAR 1   1667                      1417    250     1339
  SINCE JUL 1   6177                      6161     16     5231

 COOLING
  YESTERDAY        0                         0      0        0
  MONTH TO DATE    0                         0      0        2
  SINCE MAR 1      0                         0      0        2
  SINCE JAN 1      0                         0      0        2
..................................................................


WIND (MPH)
  HIGHEST WIND SPEED    14   HIGHEST WIND DIRECTION    NE (40)
  HIGHEST GUST SPEED    19   HIGHEST GUST DIRECTION    NE (30)
  AVERAGE WIND SPEED     5.2


SKY COVER
  AVERAGE SKY COVER 0.1


WEATHER CONDITIONS
 THE FOLLOWING WEATHER WAS RECORDED YESTERDAY.
  NO SIGNIFICANT WEATHER WAS OBSERVED.


RELATIVE HUMIDITY (PERCENT)
 HIGHEST    82          1200 AM
 LOWEST     20           100 PM
 AVERAGE    51

..........................................................


THE BUFFALO NY CLIMATE NORMALS FOR TODAY
                         NORMAL    RECORD    YEAR
 MAXIMUM TEMPERATURE (F)   58        88      1985
 MINIMUM TEMPERATURE (F)   40        23      1930


SUNRISE AND SUNSET
APRIL 23 2018.........SUNRISE   621 AM EDT   SUNSET   807 PM EDT
APRIL 24 2018.........SUNRISE   619 AM EDT   SUNSET   808 PM EDT


-  INDICATES NEGATIVE NUMBERS.
R  INDICATES RECORD WAS SET OR TIED.
MM INDICATES DATA IS MISSING.
T  INDICATES TRACE AMOUNT.




$$
