000
CDUS41 KBUF 130705
CLIBUF


CLIMATE REPORT
NATIONAL WEATHER SERVICE BUFFALO NY
305 AM EDT FRI APR 13 2018


...................................

...THE BUFFALO NY CLIMATE SUMMARY FOR APRIL 12 2018...

CLIMATE NORMAL PERIOD 1981 TO 2010
CLIMATE RECORD PERIOD 1871 TO 2018


WEATHER ITEM   OBSERVED TIME   RECORD YEAR NORMAL DEPARTURE LAST
                VALUE   (LST)  VALUE       VALUE  FROM      YEAR
                                                  NORMAL
..................................................................
TEMPERATURE (F)
 YESTERDAY
  MAXIMUM         59    505 PM  80    2001  54      5       48
  MINIMUM         31    207 AM  20    1874  36     -5       38
  AVERAGE         45                        44      1       43

PRECIPITATION (IN)
  YESTERDAY        0.20          1.11 1944   0.10   0.10     0.00
  MONTH TO DATE    1.28                      1.27   0.01     2.47
  SINCE MAR 1      4.21                      4.14   0.07     6.83
  SINCE JAN 1     11.55                      9.81   1.74    12.01

SNOWFALL (IN)
  YESTERDAY       MM             5.0  1940   0.1   MM        0.0
  MONTH TO DATE    3.2                       1.8    1.4      2.3
  SINCE MAR 1     25.4                      14.7   10.7     29.1
  SINCE JUL 1    108.6                      93.5   15.1     76.1
  SNOW DEPTH       0

DEGREE DAYS
 HEATING
  YESTERDAY       20                        20      0       22
  MONTH TO DATE  360                       273     87      215
  SINCE MAR 1   1394                      1234    160     1199
  SINCE JUL 1   5904                      5978    -74     5091

 COOLING
  YESTERDAY        0                         0      0        0
  MONTH TO DATE    0                         0      0        2
  SINCE MAR 1      0                         0      0        2
  SINCE JAN 1      0                         0      0        2
..................................................................


WIND (MPH)
  HIGHEST WIND SPEED    29   HIGHEST WIND DIRECTION    SW (210)
  HIGHEST GUST SPEED    36   HIGHEST GUST DIRECTION    SW (220)
  AVERAGE WIND SPEED    10.4


SKY COVER
  AVERAGE SKY COVER 0.8


WEATHER CONDITIONS
 THE FOLLOWING WEATHER WAS RECORDED YESTERDAY.
  THUNDERSTORM
  RAIN
  LIGHT RAIN
  FOG
  HAZE


RELATIVE HUMIDITY (PERCENT)
 HIGHEST    96           500 AM
 LOWEST     62           100 PM
 AVERAGE    79

..........................................................


THE BUFFALO NY CLIMATE NORMALS FOR TODAY
                         NORMAL    RECORD    YEAR
 MAXIMUM TEMPERATURE (F)   54        82      1945
 MINIMUM TEMPERATURE (F)   36        16      1940


SUNRISE AND SUNSET
APRIL 13 2018.........SUNRISE   637 AM EDT   SUNSET   755 PM EDT
APRIL 14 2018.........SUNRISE   635 AM EDT   SUNSET   756 PM EDT


-  INDICATES NEGATIVE NUMBERS.
R  INDICATES RECORD WAS SET OR TIED.
MM INDICATES DATA IS MISSING.
T  INDICATES TRACE AMOUNT.




$$
