000
CDUS41 KBUF 170705
CLIBUF


CLIMATE REPORT
NATIONAL WEATHER SERVICE BUFFALO NY
305 AM EDT TUE APR 17 2018


...................................

...THE BUFFALO NY CLIMATE SUMMARY FOR APRIL 16 2018...

CLIMATE NORMAL PERIOD 1981 TO 2010
CLIMATE RECORD PERIOD 1871 TO 2018


WEATHER ITEM   OBSERVED TIME   RECORD YEAR NORMAL DEPARTURE LAST
                VALUE   (LST)  VALUE       VALUE  FROM      YEAR
                                                  NORMAL
..................................................................
TEMPERATURE (F)
 YESTERDAY
  MAXIMUM         42    735 AM  82    2012  55    -13       73
  MINIMUM         33   1159 PM  20    1928  37     -4       48
                                      1875
  AVERAGE         38                        46     -8       61

PRECIPITATION (IN)
  YESTERDAY        1.32R         0.96 1986   0.10   1.22      T
  MONTH TO DATE    3.42                      1.69   1.73     2.54
  SINCE MAR 1      6.35                      4.56   1.79     6.90
  SINCE JAN 1     13.69                     10.23   3.46    12.08

SNOWFALL (IN)
  YESTERDAY       MM             6.2  1904   0.1   MM        0.0
  MONTH TO DATE    4.1                       2.2    1.9      2.3
  SINCE MAR 1     26.3                      15.1   11.2     29.1
  SINCE JUL 1    109.5                      93.9   15.6     76.1
  SNOW DEPTH       0

DEGREE DAYS
 HEATING
  YESTERDAY       27                        19      8        4
  MONTH TO DATE  468                       351    117      261
  SINCE MAR 1   1502                      1312    190     1245
  SINCE JUL 1   6012                      6056    -44     5137

 COOLING
  YESTERDAY        0                         0      0        0
  MONTH TO DATE    0                         0      0        2
  SINCE MAR 1      0                         0      0        2
  SINCE JAN 1      0                         0      0        2
..................................................................


WIND (MPH)
  HIGHEST WIND SPEED    25   HIGHEST WIND DIRECTION     W (250)
  HIGHEST GUST SPEED    34   HIGHEST GUST DIRECTION    SW (240)
  AVERAGE WIND SPEED    15.8


SKY COVER
  AVERAGE SKY COVER 1.0


WEATHER CONDITIONS
 THE FOLLOWING WEATHER WAS RECORDED YESTERDAY.
  RAIN
  LIGHT RAIN
  SNOW
  LIGHT SNOW
  FOG


RELATIVE HUMIDITY (PERCENT)
 HIGHEST   100           100 AM
 LOWEST     92           800 AM
 AVERAGE    96

..........................................................


THE BUFFALO NY CLIMATE NORMALS FOR TODAY
                         NORMAL    RECORD    YEAR
 MAXIMUM TEMPERATURE (F)   56        80      1976
 MINIMUM TEMPERATURE (F)   37        15      1875


SUNRISE AND SUNSET
APRIL 17 2018.........SUNRISE   630 AM EDT   SUNSET   800 PM EDT
APRIL 18 2018.........SUNRISE   628 AM EDT   SUNSET   801 PM EDT


-  INDICATES NEGATIVE NUMBERS.
R  INDICATES RECORD WAS SET OR TIED.
MM INDICATES DATA IS MISSING.
T  INDICATES TRACE AMOUNT.




$$
