000
CDUS41 KBUF 140705
CLIBUF


CLIMATE REPORT
NATIONAL WEATHER SERVICE BUFFALO NY
305 AM EDT SAT APR 14 2018


...................................

...THE BUFFALO NY CLIMATE SUMMARY FOR APRIL 13 2018...

CLIMATE NORMAL PERIOD 1981 TO 2010
CLIMATE RECORD PERIOD 1871 TO 2018


WEATHER ITEM   OBSERVED TIME   RECORD YEAR NORMAL DEPARTURE LAST
                VALUE   (LST)  VALUE       VALUE  FROM      YEAR
                                                  NORMAL
..................................................................
TEMPERATURE (F)
 YESTERDAY
  MAXIMUM         51    246 PM  82    1945  54     -3       53
  MINIMUM         39    749 AM  16    1940  36      3       33
  AVERAGE         45                        45      0       43

PRECIPITATION (IN)
  YESTERDAY        T             1.14 1909   0.11  -0.11     0.00
  MONTH TO DATE    1.28                      1.38  -0.10     2.47
  SINCE MAR 1      4.21                      4.25  -0.04     6.83
  SINCE JAN 1     11.55                      9.92   1.63    12.01

SNOWFALL (IN)
  YESTERDAY       MM             3.2  1932   0.1   MM        0.0
  MONTH TO DATE    3.2                       1.9    1.3      2.3
  SINCE MAR 1     25.4                      14.8   10.6     29.1
  SINCE JUL 1    108.6                      93.6   15.0     76.1
  SNOW DEPTH       0

DEGREE DAYS
 HEATING
  YESTERDAY       20                        20      0       22
  MONTH TO DATE  380                       293     87      237
  SINCE MAR 1   1414                      1254    160     1221
  SINCE JUL 1   5924                      5998    -74     5113

 COOLING
  YESTERDAY        0                         0      0        0
  MONTH TO DATE    0                         0      0        2
  SINCE MAR 1      0                         0      0        2
  SINCE JAN 1      0                         0      0        2
..................................................................


WIND (MPH)
  HIGHEST WIND SPEED    18   HIGHEST WIND DIRECTION    NE (60)
  HIGHEST GUST SPEED    21   HIGHEST GUST DIRECTION    NE (50)
  AVERAGE WIND SPEED    10.2


SKY COVER
  AVERAGE SKY COVER 1.0


WEATHER CONDITIONS
 THE FOLLOWING WEATHER WAS RECORDED YESTERDAY.
  NO SIGNIFICANT WEATHER WAS OBSERVED.


RELATIVE HUMIDITY (PERCENT)
 HIGHEST    92          1100 PM
 LOWEST     74           200 PM
 AVERAGE    83

..........................................................


THE BUFFALO NY CLIMATE NORMALS FOR TODAY
                         NORMAL    RECORD    YEAR
 MAXIMUM TEMPERATURE (F)   54        83      1883
 MINIMUM TEMPERATURE (F)   36        20      1950
                                             1885


SUNRISE AND SUNSET
APRIL 14 2018.........SUNRISE   635 AM EDT   SUNSET   756 PM EDT
APRIL 15 2018.........SUNRISE   633 AM EDT   SUNSET   757 PM EDT


-  INDICATES NEGATIVE NUMBERS.
R  INDICATES RECORD WAS SET OR TIED.
MM INDICATES DATA IS MISSING.
T  INDICATES TRACE AMOUNT.




$$
