000
CDUS41 KBUF 132029
CLIBUF


CLIMATE REPORT
NATIONAL WEATHER SERVICE BUFFALO NY
428 PM EDT SUN MAY 13 2018


...................................

...THE BUFFALO NY CLIMATE SUMMARY FOR MAY 13 2018...
VALID TODAY AS OF 0400 PM LOCAL TIME.

CLIMATE NORMAL PERIOD 1981 TO 2010
CLIMATE RECORD PERIOD 1871 TO 2018


WEATHER ITEM   OBSERVED TIME   RECORD YEAR NORMAL DEPARTURE LAST
                VALUE   (LST)  VALUE       VALUE  FROM      YEAR
                                                  NORMAL
..................................................................
TEMPERATURE (F)
 TODAY
  MAXIMUM         73    252 PM  85    2014  66      7       60
                                      2011
                                      2004
  MINIMUM         45    224 AM  30    1895  46     -1       49
  AVERAGE         59                        56      3       55

PRECIPITATION (IN)
  TODAY            0.00          1.94 1990   0.11  -0.11      T
  MONTH TO DATE    0.72                      1.35  -0.63     3.47
  SINCE MAR 1      7.64                      7.23   0.41    14.21
  SINCE JAN 1     14.98                     12.90   2.08    19.39

SNOWFALL (IN)
  TODAY            0.0           T    2013   0.0    0.0      0.0
                                      1984
  MONTH TO DATE    0.0                       0.2   -0.2      0.0
  SINCE MAR 1     29.1                      15.8   13.3     29.1
  SINCE JUL 1    112.3                      94.6   17.7     76.1
  SNOW DEPTH       0

DEGREE DAYS
 HEATING
  TODAY            6                         9     -3       10
  MONTH TO DATE   61                       147    -86      209
  SINCE MAR 1   1863                      1684    179     1625
  SINCE JUL 1   6373                      6428    -55     5517

 COOLING
  TODAY            0                         1     -1        0
  MONTH TO DATE    9                         1      8        0
  SINCE MAR 1      9                         4      5        6
  SINCE JAN 1      9                         4      5        6
..................................................................


WIND (MPH)
  HIGHEST WIND SPEED    13   HIGHEST WIND DIRECTION     E (70)
  HIGHEST GUST SPEED    16   HIGHEST GUST DIRECTION    SW (240)
  AVERAGE WIND SPEED     6.5


SKY COVER
  AVERAGE SKY COVER 0.6


WEATHER CONDITIONS
 THE FOLLOWING WEATHER WAS RECORDED TODAY.
  NO SIGNIFICANT WEATHER WAS OBSERVED.


RELATIVE HUMIDITY (PERCENT)
 HIGHEST    80           500 AM
 LOWEST     47          1100 AM
 AVERAGE    64

..........................................................


THE BUFFALO NY CLIMATE NORMALS FOR TOMORROW
                         NORMAL    RECORD    YEAR
 MAXIMUM TEMPERATURE (F)   66        88      1974
 MINIMUM TEMPERATURE (F)   47        33      1878


SUNRISE AND SUNSET
MAY 13 2018...........SUNRISE   554 AM EDT   SUNSET   829 PM EDT
MAY 14 2018...........SUNRISE   553 AM EDT   SUNSET   830 PM EDT


-  INDICATES NEGATIVE NUMBERS.
R  INDICATES RECORD WAS SET OR TIED.
MM INDICATES DATA IS MISSING.
T  INDICATES TRACE AMOUNT.

$$
