000
CDUS41 KBUF 120705
CLIBUF


CLIMATE REPORT
NATIONAL WEATHER SERVICE BUFFALO NY
305 AM EDT THU APR 12 2018


...................................

...THE BUFFALO NY CLIMATE SUMMARY FOR APRIL 11 2018...

CLIMATE NORMAL PERIOD 1981 TO 2010
CLIMATE RECORD PERIOD 1871 TO 2018


WEATHER ITEM   OBSERVED TIME   RECORD YEAR NORMAL DEPARTURE LAST
                VALUE   (LST)  VALUE       VALUE  FROM      YEAR
                                                  NORMAL
..................................................................
TEMPERATURE (F)
 YESTERDAY
  MAXIMUM         44   1241 PM  86    1945  53     -9       67
  MINIMUM         29    513 AM  16    1909  35     -6       45
  AVERAGE         37                        44     -7       56

PRECIPITATION (IN)
  YESTERDAY        T             1.20 1894   0.11  -0.11     0.01
  MONTH TO DATE    1.08                      1.17  -0.09     2.47
  SINCE MAR 1      4.01                      4.04  -0.03     6.83
  SINCE JAN 1     11.35                      9.71   1.64    12.01

SNOWFALL (IN)
  YESTERDAY       MM             8.9  1894   0.1   MM        0.0
  MONTH TO DATE    3.2                       1.7    1.5      2.3
  SINCE MAR 1     25.4                      14.6   10.8     29.1
  SINCE JUL 1    108.6                      93.4   15.2     76.1
  SNOW DEPTH       0

DEGREE DAYS
 HEATING
  YESTERDAY       28                        21      7        9
  MONTH TO DATE  340                       253     87      193
  SINCE MAR 1   1374                      1214    160     1177
  SINCE JUL 1   5884                      5958    -74     5069

 COOLING
  YESTERDAY        0                         0      0        0
  MONTH TO DATE    0                         0      0        2
  SINCE MAR 1      0                         0      0        2
  SINCE JAN 1      0                         0      0        2
..................................................................


WIND (MPH)
  HIGHEST WIND SPEED    26   HIGHEST WIND DIRECTION    SW (230)
  HIGHEST GUST SPEED    36   HIGHEST GUST DIRECTION    SW (220)
  AVERAGE WIND SPEED    10.4


SKY COVER
  AVERAGE SKY COVER 0.6


WEATHER CONDITIONS
 THE FOLLOWING WEATHER WAS RECORDED YESTERDAY.
  LIGHT RAIN
  FOG


RELATIVE HUMIDITY (PERCENT)
 HIGHEST    89          1100 PM
 LOWEST     45          1200 PM
 AVERAGE    67

..........................................................


THE BUFFALO NY CLIMATE NORMALS FOR TODAY
                         NORMAL    RECORD    YEAR
 MAXIMUM TEMPERATURE (F)   54        80      2001
 MINIMUM TEMPERATURE (F)   36        20      1874


SUNRISE AND SUNSET
APRIL 12 2018.........SUNRISE   638 AM EDT   SUNSET   754 PM EDT
APRIL 13 2018.........SUNRISE   637 AM EDT   SUNSET   755 PM EDT


-  INDICATES NEGATIVE NUMBERS.
R  INDICATES RECORD WAS SET OR TIED.
MM INDICATES DATA IS MISSING.
T  INDICATES TRACE AMOUNT.




$$
