000
CXUS56 KLOX 011255
CF6BUR
PRELIMINARY LOCAL CLIMATOLOGICAL DATA (WS FORM: F-6)
STATION: HOLLYWOOD/BURBANK AIRPORT CA
MONTH: JANUARY
YEAR: 2023
LATITUDE: 34 12 N
LONGITUDE: 118 22 W
TEMPERATURE IN F: :PCPN: SNOW: WIND :SUNSHINE: SKY :PK WND
================================================================================
1 2 3 4 5 6A 6B 7 8 9 10 11 12 13 14 15 16 17 18
12Z AVG MX 2MIN
DY MAX MIN AVG DEP HDD CDD WTR SNW DPTH SPD SPD DIR MIN PSBL S-S WX SPD DR
================================================================================
1 58 47 53 -3 12 0 0.27 M M 6.1 20 330 M M 4 1 30 330
2 54 44 49 -7 16 0 0.04 M M 5.7 14 150 M M 4 8 21 140
3 58 48 53 -3 12 0 0.05 M M 8.1 16 130 M M 10 18 22 130
4 59 54 57 1 8 0 0.87 M M 11.8 21 160 M M 10 1 24 160
5 62 46 54 -2 11 0 1.80 M M 9.3 22 120 M M 7 1 29 110
6 65 41 53 -3 12 0 0.00 M M 2.9 12 150 M M 0 13 150
7 66 45 56 0 9 0 0.00 M M 3.4 10 330 M M 0 12 320
8 64 45 55 -1 10 0 T M M 2.8 9 130 M M 7 15 130
9 58 51 55 -1 10 0 2.13 M M 14.6 23 120 M M 10 138 32 120
10 67 49 58 2 7 0 1.15 M M 7.1 26 260 M M 7 1 36 250
11 60 42 51 -5 14 0 0.00 M M 1.7 8 230 M M 0 15 240
12 67 45 56 0 9 0 0.00 M M 3.8 10 330 M M 0 12 310
13 65 47 56 0 9 0 0.00 M M 1.8 9 220 M M 0 12 110
14 54 49 52 -4 13 0 1.03 M M 6.6 18 120 M M 8 1 26 120
15 56 48 52 -4 13 0 0.51 M M 6.7 22 140 M M 9 1 29 140
16 57 47 52 -4 13 0 0.10 M M 9.1 23 110 M M 7 1 31 120
17 58 41 50 -6 15 0 0.00 M M 7.8 16 320 M M 1 26 330
18 60 37 49 -7 16 0 0.00 M M 2.4 10 190 M M 0 17 230
19 57 38 48 -8 17 0 0.02 M M 3.6 14 330 M M 3 1 18 340
20 60 41 51 -5 14 0 0.00 M M 4.0 12 170 M M 0 15 200
21 63 36 50 -6 15 0 0.00 M M 2.8 12 170 M M 0 14 180
22 65 37 51 -5 14 0 0.00 M M 5.3 26 10 M M 0 40 350
23 65 45 55 -1 10 0 0.00 M M 9.5 24 10 M M 0 39 20
24 66 38 52 -4 13 0 0.00 M M 2.8 9 180 M M 0 13 130
25 72 39 56 0 9 0 0.00 M M 2.3 15 40 M M 0 21 60
26 71 49 60 4 5 0 0.00 M M 9.9 31 40 M M 0 44 20
27 69 41 55 -1 10 0 0.00 M M 2.6 10 180 M M 0 14 80
28 62 40 51 -5 14 0 0.00 M M 4.3 13 200 M M 2 19 140
29 56 46 51 -5 14 0 0.20 M M 8.7 18 210 M M 9 1 23 210
30 56 45 51 -5 14 0 0.18 M M 4.3 18 60 M M 7 1 23 60
31 63 45 54 -2 11 0 0.00 M M 13.4 35 20 M M 0 46 10
================================================================================
SM 1913 1366 369 0 8.35 M 185.2 M 105
================================================================================
AV 61.7 44.1 6.0 FASTST M M 3 MAX(MPH)
MISC ----> 35 20 46 10
================================================================================
NOTES:
# LAST OF SEVERAL OCCURRENCES
COLUMN 17 PEAK WIND IN M.P.H.
PRELIMINARY LOCAL CLIMATOLOGICAL DATA (WS FORM: F-6) , PAGE 2
STATION: HOLLYWOOD/BURBANK AIRPORT CA
MONTH: JANUARY
YEAR: 2023
LATITUDE: 34 12 N
LONGITUDE: 118 22 W
[TEMPERATURE DATA] [PRECIPITATION DATA] SYMBOLS USED IN COLUMN 16
AVERAGE MONTHLY: 52.9 TOTAL FOR MONTH: 8.35 1 = FOG OR MIST
DPTR FM NORMAL: -3.2 DPTR FM NORMAL: 5.38 2 = FOG REDUCING VISIBILITY
HIGHEST: 72 ON 25 GRTST 24HR 2.13 ON 9- 9 TO 1/4 MILE OR LESS
LOWEST: 36 ON 21 3 = THUNDER
SNOW, ICE PELLETS, HAIL 4 = ICE PELLETS
TOTAL MONTH: M 5 = HAIL
GRTST 24HR M ON M 6 = FREEZING RAIN OR DRIZZLE
GRTST DEPTH: M ON M 7 = DUSTSTORM OR SANDSTORM:
VSBY 1/2 MILE OR LESS
8 = SMOKE OR HAZE
[NO. OF DAYS WITH] [WEATHER - DAYS WITH] 9 = BLOWING SNOW
X = TORNADO
MAX 32 OR BELOW: 0 0.01 INCH OR MORE: 13
MAX 90 OR ABOVE: 0 0.10 INCH OR MORE: 10
MIN 32 OR BELOW: 0 0.50 INCH OR MORE: 6
MIN 0 OR BELOW: 0 1.00 INCH OR MORE: 4
[HDD (BASE 65) ]
TOTAL THIS MO. 369 CLEAR (SCALE 0-3) 18
DPTR FM NORMAL 90 PTCLDY (SCALE 4-7) 8
TOTAL FM JUL 1 867 CLOUDY (SCALE 8-10) 5
DPTR FM NORMAL 87
[CDD (BASE 65) ]
TOTAL THIS MO. 0
DPTR FM NORMAL -5 [PRESSURE DATA]
TOTAL FM JAN 1 0 HIGHEST SLP 30.35 ON 26
DPTR FM NORMAL -5 LOWEST SLP 29.63 ON 16
[REMARKS]
#FINAL-01-23#