000
CXUS54 KTSA 010850
CF6BVO
PRELIMINARY LOCAL CLIMATOLOGICAL DATA (WS FORM: F-6)
STATION: BARTLESVILLE OKLAHOMA
MONTH: APRIL
YEAR: 2021
LATITUDE: 36 45 N
LONGITUDE: 96 0 W
TEMPERATURE IN F: :PCPN: SNOW: WIND :SUNSHINE: SKY :PK WND
================================================================================
1 2 3 4 5 6A 6B 7 8 9 10 11 12 13 14 15 16 17 18
12Z AVG MX 2MIN
DY MAX MIN AVG DEP HDD CDD WTR SNW DPTH SPD SPD DIR MIN PSBL S-S WX SPD DR
================================================================================
1 60 26 43 -11 22 0 0.00 0.0 M 3.7 12 100 M M 0 18 15 100
2 70 32 51 -3 14 0 0.00 0.0 M 10.4 22 170 M M 1 34 160
3 77 45 61 6 4 0 0.00 0.0 M 9.4 18 210 M M 1 8 30 170
4 79 46 63 8 2 0 0.00 0.0 M 8.4 20 170 M M 0 27 190
5 82 51 67 12 0 2 0.00 0.0 M 10.7 24 190 M M 4 37 180
6 77 59 68 12 0 3 0.00 0.0 M 16.8 31 170 M M 5 45 180
7 71 49 60 4 5 0 0.00 0.0 M 11.7 23 260 M M 9 37 270
8 77 47 62 6 3 0 T 0.0 M 7.6 20 260 M M 4 36 250
9 78 40 59 2 6 0 0.81 0.0 M 5.7 21 360 M M 3 138 35 350
10 69 42 56 -1 9 0 0.00 0.0 M 4.8 12 340 M M 4 22 290
11 85 36 61 4 4 0 0.00 0.0 M 5.4 17 220 M M 1 1 25 220
12 65 50 58 0 7 0 0.00 0.0 M 12.7 23 10 M M 3 32 10
13 67 50 59 1 6 0 T 0.0 M 10.5 21 30 M M 4 8 31 20
14 67 49 58 0 7 0 0.02 0.0 M 5.6 16 30 M M 7 21 30
15 60 46 53 -6 12 0 0.07 0.0 M 8.2 16 60 M M 8 22 30
16 52 45 49 -10 16 0 0.54 0.0 M 5.2 14 140 M M 10 1 22 10
17 55 41 48 -11 17 0 0.00 0.0 M 3.0 13 10 M M 10 19 20
18 65 38 52 -8 13 0 0.00 0.0 M 1.6 12 280 M M 6 18 20 280
19 75 35 55 -5 10 0 0.00 0.0 M 8.0 22 20 M M 0 18 31 10
20 51 29 40 -20 25 0 0.03 0.0 M 8.3 25 10 M M 6 1 34 360
21 60 27 44 -17 21 0 0.00 0.0 M 3.3 13 360 M M 1 8 20 20
22 60 31 46 -15 19 0 0.07 0.0 M 4.8 15 140 M M 5 22 190
23 68 47 58 -3 7 0 0.26 0.0 M 6.0 16 140 M M 10 13 21 160
24 71 44 58 -4 7 0 0.05 0.0 M 6.9 18 20 M M 5 1 25 20
25 77 40 59 -3 6 0 0.00 0.0 M 10.9 25 170 M M 0 1 36 170
26 86 61 74 12 0 9 0.00 0.0 M 14.8 28 200 M M 0 42 210
27 75 64 70 8 0 5 0.07 0.0 M 10.2 21 160 M M 5 1 33 200
28 75 63 69 6 0 4 0.25 0.0 M 5.9 14 150 M M 7 13 19 190
29 78 49 64 1 1 0 0.00 0.0 M 7.8 23 10 M M 2 1 32 10
30 82 43 63 0 2 0 0.00 0.0 M 1.9 12 160 M M 0 1 15 160
================================================================================
SM 2114 1325 245 23 2.17 0.0 230.2 M 121
================================================================================
AV 70.5 44.2 7.7 FASTST M M 4 MAX(MPH)
MISC ----> 31 170 45 180
================================================================================
NOTES:
# LAST OF SEVERAL OCCURRENCES
COLUMN 17 PEAK WIND IN M.P.H.
PRELIMINARY LOCAL CLIMATOLOGICAL DATA (WS FORM: F-6) , PAGE 2
STATION: BARTLESVILLE OKLAHOMA
MONTH: APRIL
YEAR: 2021
LATITUDE: 36 45 N
LONGITUDE: 96 0 W
[TEMPERATURE DATA] [PRECIPITATION DATA] SYMBOLS USED IN COLUMN 16
AVERAGE MONTHLY: 57.3 TOTAL FOR MONTH: 2.17 1 = FOG OR MIST
DPTR FM NORMAL: -1.5 DPTR FM NORMAL: -1.81 2 = FOG REDUCING VISIBILITY
HIGHEST: 86 ON 26 GRTST 24HR 0.81 ON 9- 9 TO 1/4 MILE OR LESS
LOWEST: 26 ON 1 3 = THUNDER
SNOW, ICE PELLETS, HAIL 4 = ICE PELLETS
TOTAL MONTH: 0.0 INCH 5 = HAIL
GRTST 24HR 0.0 6 = FREEZING RAIN OR DRIZZLE
GRTST DEPTH: M ON M 7 = DUSTSTORM OR SANDSTORM:
VSBY 1/2 MILE OR LESS
8 = SMOKE OR HAZE
[NO. OF DAYS WITH] [WEATHER - DAYS WITH] 9 = BLOWING SNOW
X = TORNADO
MAX 32 OR BELOW: 0 0.01 INCH OR MORE: 10
MAX 90 OR ABOVE: 0 0.10 INCH OR MORE: 4
MIN 32 OR BELOW: 5 0.50 INCH OR MORE: 2
MIN 0 OR BELOW: 0 1.00 INCH OR MORE: 0
[HDD (BASE 65) ]
TOTAL THIS MO. 245 CLEAR (SCALE 0-3) 12
DPTR FM NORMAL 18 PTCLDY (SCALE 4-7) 13
TOTAL FM JUL 1 4076 CLOUDY (SCALE 8-10) 5
DPTR FM NORMAL 62
[CDD (BASE 65) ]
TOTAL THIS MO. 23
DPTR FM NORMAL -16 [PRESSURE DATA]
TOTAL FM JAN 1 29 HIGHEST SLP 30.62 ON 1
DPTR FM NORMAL -16 LOWEST SLP 29.56 ON 9
[REMARKS]
#FINAL-04-21#