000
CXUS54 KTSA 011113
CF6BVO
PRELIMINARY LOCAL CLIMATOLOGICAL DATA (WS FORM: F-6)
STATION: BARTLESVILLE OKLAHOMA
MONTH: MARCH
YEAR: 2020
LATITUDE: 36 45 N
LONGITUDE: 96 0 W
TEMPERATURE IN F: :PCPN: SNOW: WIND :SUNSHINE: SKY :PK WND
================================================================================
1 2 3 4 5 6A 6B 7 8 9 10 11 12 13 14 15 16 17 18
12Z AVG MX 2MIN
DY MAX MIN AVG DEP HDD CDD WTR SNW DPTH SPD SPD DIR MIN PSBL S-S WX SPD DR
================================================================================
1 73 48 61 17 4 0 0.00 0.0 0 7.7 22 170 M M 4 31 220
2 56 32 44 0 21 0 0.00 0.0 0 7.1 23 10 M M 5 33 20
3 67 30 49 4 16 0 0.00 0.0 0 2.1 10 30 M M 0 14 30
4 59 34 47 2 18 0 0.00 0.0 0 4.7 15 10 M M 0 20 20
5 67 26 47 2 18 0 0.00 0.0 0 4.4 24 10 M M 0 35 20
6 60 27 44 -2 21 0 0.00 0.0 0 2.9 13 20 M M 0 16 20
7 71 25 48 2 17 0 0.00 0.0 0 9.5 24 170 M M 0 32 170
8 67 44 56 10 9 0 0.12 0.0 0 14.8 28 190 M M 2 1 43 190
9 70 43 57 10 8 0 0.26 0.0 0 9.9 23 210 M M 9 1 34 190
10 64 40 52 5 13 0 0.00 0.0 0 5.1 14 170 M M 5 19 150
11 75 50 63 16 2 0 0.00 0.0 0 4.3 18 360 M M 2 28 240
12 78 51 65 17 0 0 0.00 0.0 0 8.1 23 10 M M 0 30 10
13 52 42 47 -1 18 0 0.02 0.0 0 13.0 24 20 M M 7 32 30
14 48 40 44 -4 21 0 1.62 0.0 0 9.0 25 120 M M 7 13 33 110
15 46 39 43 -5 22 0 0.03 0.0 0 7.7 15 20 M M 10 1 20 20
16 50 43 47 -2 18 0 0.21 0.0 0 3.6 12 170 M M 10 1 14 160
17 55 45 50 1 15 0 0.40 0.0 0 7.3 14 120 M M 9 13 19 20
18 78 53 66 17 0 1 0.31 0.0 0 9.2 20 180 M M 6 13 29 170
19 80 61 71 21 0 6 0.61 0.0 0 9.5 24 210 M M 4 13 36 190
20 63 35 49 -1 16 0 0.00 0.0 0 11.8 23 10 M M 4 34 260
21 51 29 40 -10 25 0 0.04 0.0 0 5.7 12 70 M M 2 17 360
22 55 42 49 -2 16 0 0.43 0.0 0 7.5 16 150 M M 10 1 24 130
23 61 50 56 5 9 0 0.00 0.0 0 5.3 14 140 M M 10 1 19 130
24 69 45 57 6 8 0 0.54 0.0 0 6.4 22 20 M M 5 13 31 280
25 83 40 62 10 3 0 0.00 0.0 0 7.2 21 160 M M 3 12 29 210
26 89 55 72 20 0 7 0.00 0.0 0 5.0 14 190 M M 0 23 190
27 83 66 75 23 0 10 0.02 0.0 0 8.2 22 150 M M 1 18 30 160
28 72 50 61 8 4 0 0.31 0.0 0 11.7 29 230 M M 0 13 47 220
29 73 42 58 5 7 0 0.00 0.0 0 6.6 18 230 M M 0 27 230
30 68 41 55 2 10 0 0.28 0.0 0 4.4 21 170 M M 4 1 28 160
31 69 45 57 3 8 0 0.09 0.0 0 2.8 10 20 M M 6 1 16 350
================================================================================
SM 2052 1313 347 24 5.29 0.0 222.5 M 125
================================================================================
AV 66.2 42.4 7.2 FASTST M M 4 MAX(MPH)
MISC ----> # 29 230 # 47 220
================================================================================
NOTES:
# LAST OF SEVERAL OCCURRENCES
COLUMN 17 PEAK WIND IN M.P.H.
PRELIMINARY LOCAL CLIMATOLOGICAL DATA (WS FORM: F-6) , PAGE 2
STATION: BARTLESVILLE OKLAHOMA
MONTH: MARCH
YEAR: 2020
LATITUDE: 36 45 N
LONGITUDE: 96 0 W
[TEMPERATURE DATA] [PRECIPITATION DATA] SYMBOLS USED IN COLUMN 16
AVERAGE MONTHLY: 54.3 TOTAL FOR MONTH: 5.29 1 = FOG OR MIST
DPTR FM NORMAL: 5.5 DPTR FM NORMAL: 1.81 2 = FOG REDUCING VISIBILITY
HIGHEST: 89 ON 26 GRTST 24HR 1.62 ON 14-14 TO 1/4 MILE OR LESS
LOWEST: 25 ON 7 3 = THUNDER
SNOW, ICE PELLETS, HAIL 4 = ICE PELLETS
TOTAL MONTH: 0.0 INCH 5 = HAIL
GRTST 24HR 0.0 6 = FREEZING RAIN OR DRIZZLE
GRTST DEPTH: 0 7 = DUSTSTORM OR SANDSTORM:
VSBY 1/2 MILE OR LESS
8 = SMOKE OR HAZE
[NO. OF DAYS WITH] [WEATHER - DAYS WITH] 9 = BLOWING SNOW
X = TORNADO
MAX 32 OR BELOW: 0 0.01 INCH OR MORE: 16
MAX 90 OR ABOVE: 0 0.10 INCH OR MORE: 11
MIN 32 OR BELOW: 6 0.50 INCH OR MORE: 3
MIN 0 OR BELOW: 0 1.00 INCH OR MORE: 1
[HDD (BASE 65) ]
TOTAL THIS MO. 347 CLEAR (SCALE 0-3) 14
DPTR FM NORMAL -161 PTCLDY (SCALE 4-7) 11
TOTAL FM JUL 1 3506 CLOUDY (SCALE 8-10) 6
DPTR FM NORMAL -280
[CDD (BASE 65) ]
TOTAL THIS MO. 24
DPTR FM NORMAL 18 [PRESSURE DATA]
TOTAL FM JAN 1 24 HIGHEST SLP 30.62 ON 6
DPTR FM NORMAL 18 LOWEST SLP 29.50 ON 28
[REMARKS]
#FINAL-03-20#