235
CXUS53 KLMK 190146
CF6BWG
PRELIMINARY LOCAL CLIMATOLOGICAL DATA (WS FORM: F-6)
STATION: BOWLING GREEN KY
MONTH: JUNE
YEAR: 2020
LATITUDE: 36 58 N
LONGITUDE: 86 26 W
TEMPERATURE IN F: :PCPN: SNOW: WIND :SUNSHINE: SKY :PK WND
================================================================================
1 2 3 4 5 6A 6B 7 8 9 10 11 12 13 14 15 16 17 18
12Z AVG MX 2MIN
DY MAX MIN AVG DEP HDD CDD WTR SNW DPTH SPD SPD DIR MIN PSBL S-S WX SPD DR
================================================================================
1 81 49 65 -6 0 0 0.00 0.0 0 3.5 14 110 M M 0 8 20 90
2 89 61 75 4 0 10 0.00 0.0 0 7.4 17 220 M M 0 25 220
3 89 67 78 6 0 13 0.00 0.0 0 6.8 15 290 M M 1 22 290
4 87 70 79 7 0 14 0.88 0.0 0 8.2 18 250 M M 5 138 32 250
5 87 68 78 6 0 13 0.00 0.0 0 2.7 10 310 M M 4 1 17 310
6 93 71 82 9 0 17 0.00 0.0 0 2.4 9 50 M M 1 18 12 60
7 91 70 81 8 0 16 0.00 0.0 0 6.6 15 40 M M 0 1 21 60
8 89 67 78 5 0 13 0.00 0.0 0 8.2 15 140 M M 1 20 160
9 85 77 81 7 0 16 0.04 0.0 0 12.7 25 170 M M 6 1 34 210
10 93 70 82 8 0 17 0.00 0.0 0 14.3 30 210 M M 4 41 250
11 83 61 72 -2 0 7 0.00 0.0 0 3.3 12 350 M M 0 20 320
12 87 57 72 -2 0 7 0.00 0.0 0 2.6 16 30 M M 0 22 50
13 89 60 75 0 0 10 0.00 0.0 0 1.9 10 310 M M 1 18 20
14 79 62 71 -4 0 6 0.31 0.0 0 4.2 14 190 M M 3 13 20 40
15 80 57 69 -6 0 4 0.00 0.0 0 5.0 16 60 M M 2 8 22 60
16 81 59 70 -5 0 5 0.00 0.0 0 5.8 17 50 M M 1 8 25 60
17 82 58 70 -6 0 5 0.00 0.0 0 3.9 13 40 M M 3 8 18 60
18 85 61 73 -3 0 8 T 0.0 0 2.5 16 50 M M 4 1 20 50
19 87 69 78 2 0 13 T 0.0 0 4.1 12 220 M M 3 17 200
20 91 66 79 3 0 14 0.00 0.0 0 2.8 10 110 M M 2 14 280
21 81 66 74 -2 0 9 0.12 0.0 0 4.0 17 240 M M 5 1 25 230
22 89 66 78 1 0 13 0.02 0.0 0 6.4 21 200 M M 3 13 30 210
23 85 67 76 -1 0 11 0.01 0.0 0 8.4 18 260 M M 4 8 25 270
24 85 63 74 -3 0 9 0.00 0.0 0 4.5 15 270 M M 2 23 270
25 88 61 75 -2 0 10 0.00 0.0 0 2.8 12 290 M M 1 18 220
26 90 63 77 0 0 12 0.00 0.0 0 8.0 18 220 M M 2 25 240
27 84 72 78 0 0 13 0.57 0.0 0 9.6 21 220 M M 7 138 30 220
28 79 69 74 -4 0 9 2.68 0.0 0 5.8 18 40 M M 5 138 29 30
29 92 67 80 2 0 15 0.38 0.0 0 4.4 22 280 M M 4 13 31 270
30 84 71 78 0 0 13 0.02 0.0 0 4.7 12 230 M M 4 15 220
================================================================================
SM 2585 1945 0 322 5.03 0.0 167.5 M 78
================================================================================
AV 86.2 64.8 5.6 FASTST M M 3 MAX(MPH)
MISC ----> 30 210 41 250
================================================================================
NOTES:
# LAST OF SEVERAL OCCURRENCES
COLUMN 17 PEAK WIND IN M.P.H.
PRELIMINARY LOCAL CLIMATOLOGICAL DATA (WS FORM: F-6) , PAGE 2
STATION: BOWLING GREEN KY
MONTH: JUNE
YEAR: 2020
LATITUDE: 36 58 N
LONGITUDE: 86 26 W
[TEMPERATURE DATA] [PRECIPITATION DATA] SYMBOLS USED IN COLUMN 16
AVERAGE MONTHLY: 75.5 TOTAL FOR MONTH: 5.03 1 = FOG OR MIST
DPTR FM NORMAL: 0.5 DPTR FM NORMAL: 0.83 2 = FOG REDUCING VISIBILITY
HIGHEST: 93 ON 10, 6 GRTST 24HR 2.95 ON 27-28 TO 1/4 MILE OR LESS
LOWEST: 49 ON 1 3 = THUNDER
SNOW, ICE PELLETS, HAIL 4 = ICE PELLETS
TOTAL MONTH: 0.0 INCH 5 = HAIL
GRTST 24HR 0.0 6 = FREEZING RAIN OR DRIZZLE
GRTST DEPTH: 0 7 = DUSTSTORM OR SANDSTORM:
VSBY 1/2 MILE OR LESS
8 = SMOKE OR HAZE
[NO. OF DAYS WITH] [WEATHER - DAYS WITH] 9 = BLOWING SNOW
X = TORNADO
MAX 32 OR BELOW: 0 0.01 INCH OR MORE: 10
MAX 90 OR ABOVE: 6 0.10 INCH OR MORE: 6
MIN 32 OR BELOW: 0 0.50 INCH OR MORE: 3
MIN 0 OR BELOW: 0 1.00 INCH OR MORE: 1
[HDD (BASE 65) ]
TOTAL THIS MO. 0 CLEAR (SCALE 0-3) 17
DPTR FM NORMAL -5 PTCLDY (SCALE 4-7) 13
TOTAL FM JUL 1 3528 CLOUDY (SCALE 8-10) 0
DPTR FM NORMAL -518
[CDD (BASE 65) ]
TOTAL THIS MO. 322
DPTR FM NORMAL 17 [PRESSURE DATA]
TOTAL FM JAN 1 479 HIGHEST SLP 30.31 ON 14
DPTR FM NORMAL 21 LOWEST SLP 29.70 ON 10
[REMARKS]
#FINAL-06-20#