000
CXUS55 KABQ 011110
CF6CAO
PRELIMINARY LOCAL CLIMATOLOGICAL DATA (WS FORM: F-6)
STATION: CLAYTON NM
MONTH: DECEMBER
YEAR: 2021
LATITUDE: 36 27 N
LONGITUDE: 103 9 W
TEMPERATURE IN F: :PCPN: SNOW: WIND :SUNSHINE: SKY :PK WND
================================================================================
1 2 3 4 5 6A 6B 7 8 9 10 11 12 13 14 15 16 17 18
12Z AVG MX 2MIN
DY MAX MIN AVG DEP HDD CDD WTR SNW DPTH SPD SPD DIR MIN PSBL S-S WX SPD DR
================================================================================
1 66 41 54 16 11 0 0.00 0.0 0 11.5 22 340 M M 0 32 340
2 73 45 59 21 6 0 0.00 0.0 0 9.3 17 290 M M 0 26 270
3 62 34 48 10 17 0 0.00 0.0 0 16.1 30 10 M M 0 39 360
4 58 26 42 5 23 0 0.00 0.0 0 9.4 21 270 M M 0 26 270
5 75 25 50 13 15 0 0.00 0.0 0 13.7 41 20 M M 0 8 55 20
6 37 14 26 -11 39 0 0.00 0.0 0 14.0 29 190 M M 0 37 360
7 57 31 44 8 21 0 0.00 0.0 0 8.8 20 90 M M 0 27 230
8 60 29 45 9 20 0 0.00 0.0 0 15.3 30 240 M M 0 48 240
9 63 36 50 14 15 0 0.00 0.0 0 12.3 25 250 M M 0 36 250
10 58 18 38 2 27 0 T T 0 18.1 39 260 M M 1 1 61 250
11 44 15 30 -6 35 0 0.00 0.0 0 12.7 24 200 M M 0 34 200
12 71 28 50 15 15 0 0.00 0.0 0 16.6 29 200 M M 0 36 260
13 66 27 47 12 18 0 0.00 0.0 0 6.9 17 260 M M 0 24 270
14 67 43 55 20 10 0 0.00 0.0 0 16.7 36 220 M M 0 51 220
15 56 30 43 8 22 0 T 0.0 0 20.3 54 210 M M 1 8 75 210
16 46 14 30 -5 35 0 0.00 0.0 0 13.0 28 190 M M 0 34 190
17 48 23 36 1 29 0 0.00 0.0 0 11.9 23 20 M M 0 30 10
18 39 16 28 -6 37 0 0.00 0.0 0 10.4 20 200 M M 0 27 260
19 55 21 38 4 27 0 0.00 0.0 0 13.6 21 190 M M 0 26 240
20 60 27 44 10 21 0 0.00 0.0 0 9.6 20 340 M M 0 27 330
21 65 29 47 13 18 0 0.00 0.0 0 11.7 26 340 M M 0 37 330
22 67 32 50 16 15 0 0.00 0.0 0 10.2 16 270 M M 0 22 270
23 69 40 55 21 10 0 0.00 0.0 0 13.3 24 260 M M 0 35 240
24 67 39 53 19 12 0 0.00 0.0 0 20.9 36 260 M M 1 56 230
25 63 32 48 14 17 0 0.00 0.0 0 11.8 22 250 M M 0 31 240
26 64 33 49 15 16 0 0.00 0.0 0 22.3 46 230 M M 1 67 220
27 52 22 37 3 28 0 0.00 0.0 0 15.8 38 210 M M 0 56 220
28 52 21 37 3 28 0 0.00 0.0 0 13.8 30 220 M M 0 42 210
29 51 21 36 2 29 0 0.00 0.0 0 15.3 37 260 M M 0 52 270
30 55 25 40 6 25 0 0.00 0.0 0 14.2 29 240 M M 0 42 230
31 50 20 35 1 30 0 0.00 0.0 0 19.2 29 240 M M 0 43 220
================================================================================
SM 1816 857 671 0 T T 428.7 M 4
================================================================================
AV 58.6 27.6 13.8 FASTST M M 0 MAX(MPH)
MISC ----> 54 210 75 210
================================================================================
NOTES:
# LAST OF SEVERAL OCCURRENCES
COLUMN 17 PEAK WIND IN M.P.H.
PRELIMINARY LOCAL CLIMATOLOGICAL DATA (WS FORM: F-6) , PAGE 2
STATION: CLAYTON NM
MONTH: DECEMBER
YEAR: 2021
LATITUDE: 36 27 N
LONGITUDE: 103 9 W
[TEMPERATURE DATA] [PRECIPITATION DATA] SYMBOLS USED IN COLUMN 16
AVERAGE MONTHLY: 43.1 TOTAL FOR MONTH: T 1 = FOG OR MIST
DPTR FM NORMAL: 7.8 DPTR FM NORMAL: -0.42 2 = FOG REDUCING VISIBILITY
HIGHEST: 75 ON 5 GRTST 24HR T ON 5- 5 TO 1/4 MILE OR LESS
LOWEST: 14 ON 16, 6 3 = THUNDER
SNOW, ICE PELLETS, HAIL 4 = ICE PELLETS
TOTAL MONTH: T 5 = HAIL
GRTST 24HR T ON 10-10 6 = FREEZING RAIN OR DRIZZLE
GRTST DEPTH: 0 7 = DUSTSTORM OR SANDSTORM:
VSBY 1/2 MILE OR LESS
8 = SMOKE OR HAZE
[NO. OF DAYS WITH] [WEATHER - DAYS WITH] 9 = BLOWING SNOW
X = TORNADO
MAX 32 OR BELOW: 0 0.01 INCH OR MORE: 0
MAX 90 OR ABOVE: 0 0.10 INCH OR MORE: 0
MIN 32 OR BELOW: 23 0.50 INCH OR MORE: 0
MIN 0 OR BELOW: 0 1.00 INCH OR MORE: 0
[HDD (BASE 65) ]
TOTAL THIS MO. 671 CLEAR (SCALE 0-3) 31
DPTR FM NORMAL -249 PTCLDY (SCALE 4-7) 0
TOTAL FM JUL 1 1418 CLOUDY (SCALE 8-10) 0
DPTR FM NORMAL -551
[CDD (BASE 65) ]
TOTAL THIS MO. 0
DPTR FM NORMAL 0 [PRESSURE DATA]
TOTAL FM JAN 1 1137 HIGHEST SLP 30.42 ON 18
DPTR FM NORMAL 170 LOWEST SLP 29.39 ON 24
[REMARKS]
#FINAL-12-21#