000
CXUS55 KBOU 010900
CF6CCU
PRELIMINARY LOCAL CLIMATOLOGICAL DATA (WS FORM: F-6)
STATION: COPPER MTN/RED CLIFF
MONTH: APRIL
YEAR: 2022
LATITUDE: 39 28 N
LONGITUDE: 106 9 W
TEMPERATURE IN F: :PCPN: SNOW: WIND :SUNSHINE: SKY :PK WND
================================================================================
1 2 3 4 5 6A 6B 7 8 9 10 11 12 13 14 15 16 17 18
12Z AVG MX 2MIN
DY MAX MIN AVG DEP HDD CDD WTR SNW DPTH SPD SPD DIR MIN PSBL S-S WX SPD DR
================================================================================
1 32 19 26 M 39 0 M M M 12.4 21 260 M M 6 8 32 270
2 37 23 30 M 35 0 M M M 13.8 21 260 M M 3 31 260
3 34 25 30 M 35 0 M M M 9.0 20 280 M M 9 24 280
4 36 23 30 M 35 0 M M M 17.5 41 260 M M 5 8 51 250
5 34 9 22 M 43 0 M M M 32.0 46 260 M M 10 8 63 240
6 19 5 12 M 53 0 M M M 28.3 40 280 M M 8 8 49 280
7 30 9 20 M 45 0 M M M 22.4 31 300 M M 0 8 45 300
8 39 21 30 M 35 0 M M M 10.8 22 290 M M 0 28 290
9 41 30 36 M 29 0 M M M 16.1 32 240 M M 4 8 43 240
10 30 16 23 M 42 0 M M M 18.3 33 240 M M 8 8 51 240
11 34 18 26 M 39 0 M M M 17.5 25 170 M M 9 8 39 180
12 32 5 19 M 46 0 M M M 17.6 28 170 M M 10 117 M
13 9 3 6 M 59 0 M M M 21.1 33 270 M M 10 43 260
14 27 7 17 M 48 0 M M M 19.9 36 240 M M 9 8 46 240
15 34 23 29 M 36 0 M M M 15.2 26 240 M M 7 8 35 170
16 39 28 34 M 31 0 M M M 15.5 21 M M M 5 35 220
17 34 27 31 M 34 0 M M M 17.6 28 260 M M 9 18 43 260
18 45 32 39 M 26 0 M M M 16.9 26 260 M M 1 8 36 260
19 45 37 41 M 24 0 M M M M M M M M M M M
20 41 37 39 M 26 0 M M M 17.5 25 240 M M 4 37 250
21 50 36 43 M 22 0 M M M 16.5 23 170 M M 0 36 200
22 48 23 36 M 29 0 M M M 21.0 38 170 M M 5 46 170
23 25 19 22 M 43 0 M M M 23.9 37 270 M M 10 46 270
24 28 18 23 M 42 0 M M M 6.1 13 290 M M 10 21 300
25 32 21 27 M 38 0 M M M 8.6 20 160 M M 7 8 22 270
26 45 27 36 M 29 0 M M M 12.5 23 260 M M 3 8 32 230
27 45 34 40 M 25 0 M M M 14.6 24 250 M M 2 8 36 220
28 46 36 41 M 24 0 M M M 13.2 24 250 M M 1 30 230
29 37 21 29 M 36 0 M M M 26.4 38 250 M M 9 8 56 280
30 45 19 32 M 33 0 M M M 10.2 18 280 M M 3 35 280
================================================================================
SM 1073 651 1081 0 M M 492.4 M 167
================================================================================
AV 35.8 21.7 17.0 FASTST M M 6 MAX(MPH)
MISC ----> 46 260 117 9999
================================================================================
NOTES:
# LAST OF SEVERAL OCCURRENCES
COLUMN 17 PEAK WIND IN M.P.H.
PRELIMINARY LOCAL CLIMATOLOGICAL DATA (WS FORM: F-6) , PAGE 2
STATION: COPPER MTN/RED CLIFF
MONTH: APRIL
YEAR: 2022
LATITUDE: 39 28 N
LONGITUDE: 106 9 W
[TEMPERATURE DATA] [PRECIPITATION DATA] SYMBOLS USED IN COLUMN 16
AVERAGE MONTHLY: 28.7 TOTAL FOR MONTH: M 1 = FOG OR MIST
DPTR FM NORMAL: 0.0 DPTR FM NORMAL: M 2 = FOG REDUCING VISIBILITY
HIGHEST: 50 ON 21 GRTST 24HR M ON M TO 1/4 MILE OR LESS
LOWEST: 3 ON 13 3 = THUNDER
SNOW, ICE PELLETS, HAIL 4 = ICE PELLETS
TOTAL MONTH: M 5 = HAIL
GRTST 24HR M ON M 6 = FREEZING RAIN OR DRIZZLE
GRTST DEPTH: M ON M 7 = DUSTSTORM OR SANDSTORM:
VSBY 1/2 MILE OR LESS
8 = SMOKE OR HAZE
[NO. OF DAYS WITH] [WEATHER - DAYS WITH] 9 = BLOWING SNOW
X = TORNADO
MAX 32 OR BELOW: 10 0.01 INCH OR MORE: 0
MAX 90 OR ABOVE: 0 0.10 INCH OR MORE: 0
MIN 32 OR BELOW: 25 0.50 INCH OR MORE: 0
MIN 0 OR BELOW: 0 1.00 INCH OR MORE: 0
[HDD (BASE 65) ]
TOTAL THIS MO. 1081 CLEAR (SCALE 0-3) 9
DPTR FM NORMAL M PTCLDY (SCALE 4-7) 10
TOTAL FM JUL 1 8938 CLOUDY (SCALE 8-10) 11
DPTR FM NORMAL M
[CDD (BASE 65) ]
TOTAL THIS MO. 0
DPTR FM NORMAL M [PRESSURE DATA]
TOTAL FM JAN 1 0 HIGHEST SLP M ON M
DPTR FM NORMAL M LOWEST SLP M ON M
[REMARKS]
#FINAL-04-22#