000
CXAK56 PAFC 011029
CF6CDB
PRELIMINARY LOCAL CLIMATOLOGICAL DATA (WS FORM: F-6)
STATION: COLD BAY
MONTH: MAY
YEAR: 2022
LATITUDE: 55 13 N
LONGITUDE: 162 44 W
TEMPERATURE IN F: :PCPN: SNOW: WIND :SUNSHINE: SKY :PK WND
================================================================================
1 2 3 4 5 6A 6B 7 8 9 10 11 12 13 14 15 16 17 18
12Z AVG MX 2MIN
DY MAX MIN AVG DEP HDD CDD WTR SNW DPTH SPD SPD DIR MIN PSBL S-S WX SPD DR
================================================================================
1 38 25 32 -6 33 0 0.16 M M 12.8 30 130 M M 8 1 36 120
2 43 34 39 0 26 0 0.04 M M 17.3 28 310 M M 10 34 340
3 35 32 34 -5 31 0 0.05 M M 21.0 26 300 M M 10 1 33 300
4 45 29 37 -2 28 0 0.01 M M 7.9 17 250 M M 7 1 20 290
5 43 27 35 -4 30 0 0.07 M M 6.1 14 340 M M 9 1 16 250
6 37 32 35 -4 30 0 0.08 M M 14.8 23 300 M M 10 1 27 310
7 39 32 36 -4 29 0 0.01 M M 12.0 20 290 M M 9 1 27 320
8 44 33 39 -1 26 0 T M M 17.1 24 270 M M 10 29 280
9 44 33 39 -1 26 0 T M M 15.6 23 270 M M 9 18 28 270
10 42 31 37 -3 28 0 0.00 M M 10.6 18 320 M M 6 1 22 310
11 44 32 38 -2 27 0 0.00 M M 10.2 16 310 M M 9 1 19 320
12 44 33 39 -1 26 0 0.01 M M 13.0 21 320 M M 10 1 24 320
13 40 34 37 -3 28 0 T M M 14.1 20 310 M M 10 1 24 310
14 45 32 39 -2 26 0 0.00 M M 17.7 25 330 M M 7 8 36 310
15 39 31 35 -6 30 0 0.26 M M 17.4 29 310 M M 9 15 33 310
16 45 34 40 -1 25 0 T M M 14.3 21 310 M M 9 1 24 300
17 42 33 38 -3 27 0 T M M 16.0 22 310 M M 10 1 29 330
18 49 34 42 1 23 0 0.00 M M 8.5 13 350 M M 5 M M
19 M M M M M M M M M 17.5 30 120 M M 5 47 120
20 M M M M M M M M M 19.9 29 130 M M 10 43 100
21 M M M M M M M M M 11.4 20 120 M M 10 1 31 150
22 M M M M M M M M M 16.5 29 130 M M 10 1 38 130
23 M M M M M M M M M 9.7 18 290 M M 8 25 290
24 52 42 47 5 18 0 0.01 M M 7.1 17 110 M M 9 1 17 110
25 53 37 45 3 20 0 0.00 M M 6.2 14 30 M M 8 1 16 40
26 58 34 46 3 19 0 0.00 M M 10.1 24 20 M M 7 12 30 20
27 50 37 44 1 21 0 T M M 12.3 20 330 M M 10 18 23 330
28 56 39 48 5 17 0 0.00 M M 13.5 28 360 M M 7 1 33 360
29 52 39 46 3 19 0 T M M 9.5 13 30 M M 10 22 70
30 53 39 46 2 19 0 0.01 M M 8.5 18 320 M M 9 21 340
31 58 42 50 6 15 0 0.02 M M 9.5 18 250 M M 8 8 22 250
================================================================================
SM 1190 880 647 0 0.73 M 398.1 M 268
================================================================================
AV 45.8 33.8 12.8 FASTST M M 9 MAX(MPH)
MISC ----> 30 130 47 120
================================================================================
NOTES:
# LAST OF SEVERAL OCCURRENCES
COLUMN 17 PEAK WIND IN M.P.H.
PRELIMINARY LOCAL CLIMATOLOGICAL DATA (WS FORM: F-6) , PAGE 2
STATION: COLD BAY
MONTH: MAY
YEAR: 2022
LATITUDE: 55 13 N
LONGITUDE: 162 44 W
[TEMPERATURE DATA] [PRECIPITATION DATA] SYMBOLS USED IN COLUMN 16
AVERAGE MONTHLY: 39.8 TOTAL FOR MONTH: 0.73 1 = FOG OR MIST
DPTR FM NORMAL: -1.2 DPTR FM NORMAL: -1.91 2 = FOG REDUCING VISIBILITY
HIGHEST: 58 ON 31,26 GRTST 24HR 0.26 ON 15-15 TO 1/4 MILE OR LESS
LOWEST: 25 ON 1 3 = THUNDER
SNOW, ICE PELLETS, HAIL 4 = ICE PELLETS
TOTAL MONTH: M 5 = HAIL
GRTST 24HR M ON M 6 = FREEZING RAIN OR DRIZZLE
GRTST DEPTH: M ON M 7 = DUSTSTORM OR SANDSTORM:
VSBY 1/2 MILE OR LESS
8 = SMOKE OR HAZE
[NO. OF DAYS WITH] [WEATHER - DAYS WITH] 9 = BLOWING SNOW
X = TORNADO
MAX 32 OR BELOW: 0 0.01 INCH OR MORE: 12
MAX 90 OR ABOVE: 0 0.10 INCH OR MORE: 2
MIN 32 OR BELOW: 10 0.50 INCH OR MORE: 0
MIN 0 OR BELOW: 0 1.00 INCH OR MORE: 0
[HDD (BASE 65) ]
TOTAL THIS MO. 647 CLEAR (SCALE 0-3) 0
DPTR FM NORMAL -97 PTCLDY (SCALE 4-7) 10
TOTAL FM JUL 1 8461 CLOUDY (SCALE 8-10) 21
DPTR FM NORMAL -363
[CDD (BASE 65) ]
TOTAL THIS MO. 0
DPTR FM NORMAL 0 [PRESSURE DATA]
TOTAL FM JAN 1 0 HIGHEST SLP M ON M
DPTR FM NORMAL 0 LOWEST SLP 28.93 ON 2
[REMARKS]
#FINAL-05-22#