000
CXUS55 KGJT 010910
CF6CEZ
PRELIMINARY LOCAL CLIMATOLOGICAL DATA (WS FORM: F-6)
STATION: CORTEZ CO
MONTH: AUGUST
YEAR: 2022
LATITUDE: 37 17 N
LONGITUDE: 108 38 W
TEMPERATURE IN F: :PCPN: SNOW: WIND :SUNSHINE: SKY :PK WND
================================================================================
1 2 3 4 5 6A 6B 7 8 9 10 11 12 13 14 15 16 17 18
12Z AVG MX 2MIN
DY MAX MIN AVG DEP HDD CDD WTR SNW DPTH SPD SPD DIR MIN PSBL S-S WX SPD DR
================================================================================
1 88 60 74 2 0 9 0.06 M M 6.0 14 300 M M 2 1 19 270
2 93 56 75 3 0 10 0.00 M M 6.4 21 270 M M 1 31 280
3 96 56 76 4 0 11 0.00 M M 4.5 16 290 M M 2 3 23 300
4 94 60 77 5 0 12 0.13 M M 6.9 26 80 M M 2 38 37 90
5 89 63 76 4 0 11 0.00 M M 6.6 17 210 M M 2 22 200
6 93 54 74 2 0 9 0.00 M M 6.0 24 150 M M 2 34 130
7 92 59 76 4 0 11 T M M 6.9 24 290 M M 1 3 33 290
8 92 54 73 1 0 8 0.36 M M 5.5 20 360 M M 2 38 32 330
9 91 55 73 2 0 8 0.00 M M 3.4 29 80 M M 1 3 42 80
10 88 58 73 2 0 8 0.09 M M 5.5 17 210 M M 3 3 24 100
11 91 58 75 4 0 10 T M M 4.4 18 30 M M 2 3 25 30
12 90 58 74 3 0 9 0.00 M M 5.7 16 210 M M 2 24 200
13 91 55 73 2 0 8 0.00 M M 6.6 18 220 M M 1 27 210
14 91 57 74 4 0 9 0.00 M M 6.5 28 210 M M 3 3 37 290
15 84 61 73 3 0 8 0.95 M M 6.0 26 80 M M 4 13 34 90
16 84 59 72 2 0 7 0.03 M M 4.5 13 300 M M 2 1 19 210
17 85 60 73 3 0 8 T M M 5.2 21 100 M M 4 3 27 80
18 87 60 74 4 0 9 0.00 M M 5.0 18 70 M M 3 3 26 150
19 79 62 71 2 0 6 0.00 M M 5.7 20 60 M M 7 28 50
20 80 58 69 0 0 4 0.00 M M 4.6 16 140 M M 7 22 160
21 82 54 68 -1 0 3 0.00 M M 4.6 20 20 M M 2 29 30
22 85 51 68 -1 0 3 T M M 3.8 15 80 M M 2 23 240
23 86 52 69 0 0 4 0.00 M M 4.7 21 300 M M 1 3 30 290
24 88 51 70 2 0 5 0.01 M M 5.2 25 100 M M 2 3 37 110
25 82 59 71 3 0 6 0.02 M M 5.4 20 60 M M 5 3 28 60
26 76 57 67 -1 0 2 0.59 M M 3.5 24 20 M M 7 13 32 20
27 84 50 67 -1 0 2 0.00 M M 4.8 20 10 M M 0 27 30
28 86 50 68 1 0 3 T M M 6.0 25 30 M M 0 3 35 300
29 90 47 69 2 0 4 0.00 M M 6.5 17 350 M M 0 26 320
30 91 53 72 5 0 7 0.00 M M 5.8 16 210 M M 1 23 230
31 91 58 75 8 0 10 0.00 M M 4.4 15 190 M M 1 20 200
================================================================================
SM 2719 1745 0 224 2.24 M 166.6 M 74
================================================================================
AV 87.7 56.3 5.4 FASTST M M 2 MAX(MPH)
MISC ----> 29 80 42 80
================================================================================
NOTES:
# LAST OF SEVERAL OCCURRENCES
COLUMN 17 PEAK WIND IN M.P.H.
PRELIMINARY LOCAL CLIMATOLOGICAL DATA (WS FORM: F-6) , PAGE 2
STATION: CORTEZ CO
MONTH: AUGUST
YEAR: 2022
LATITUDE: 37 17 N
LONGITUDE: 108 38 W
[TEMPERATURE DATA] [PRECIPITATION DATA] SYMBOLS USED IN COLUMN 16
AVERAGE MONTHLY: 72.0 TOTAL FOR MONTH: 2.24 1 = FOG OR MIST
DPTR FM NORMAL: 2.1 DPTR FM NORMAL: 0.65 2 = FOG REDUCING VISIBILITY
HIGHEST: 96 ON 3 GRTST 24HR 0.98 ON 15-16 TO 1/4 MILE OR LESS
LOWEST: 47 ON 29 3 = THUNDER
SNOW, ICE PELLETS, HAIL 4 = ICE PELLETS
TOTAL MONTH: M 5 = HAIL
GRTST 24HR M ON M 6 = FREEZING RAIN OR DRIZZLE
GRTST DEPTH: M ON M 7 = DUSTSTORM OR SANDSTORM:
VSBY 1/2 MILE OR LESS
8 = SMOKE OR HAZE
[NO. OF DAYS WITH] [WEATHER - DAYS WITH] 9 = BLOWING SNOW
X = TORNADO
MAX 32 OR BELOW: 0 0.01 INCH OR MORE: 9
MAX 90 OR ABOVE: 14 0.10 INCH OR MORE: 4
MIN 32 OR BELOW: 0 0.50 INCH OR MORE: 2
MIN 0 OR BELOW: 0 1.00 INCH OR MORE: 0
[HDD (BASE 65) ]
TOTAL THIS MO. 0 CLEAR (SCALE 0-3) 24
DPTR FM NORMAL -8 PTCLDY (SCALE 4-7) 7
TOTAL FM JUL 1 0 CLOUDY (SCALE 8-10) 0
DPTR FM NORMAL -7
[CDD (BASE 65) ]
TOTAL THIS MO. 224
DPTR FM NORMAL 66 [PRESSURE DATA]
TOTAL FM JAN 1 669 HIGHEST SLP M ON M
DPTR FM NORMAL 205 LOWEST SLP 29.80 ON 3
[REMARKS]
#FINAL-08-22#