000
CXUS55 KGJT 011010
CF6CEZ
PRELIMINARY LOCAL CLIMATOLOGICAL DATA (WS FORM: F-6)
STATION: CORTEZ CO
MONTH: NOVEMBER
YEAR: 2021
LATITUDE: 37 17 N
LONGITUDE: 108 38 W
TEMPERATURE IN F: :PCPN: SNOW: WIND :SUNSHINE: SKY :PK WND
================================================================================
1 2 3 4 5 6A 6B 7 8 9 10 11 12 13 14 15 16 17 18
12Z AVG MX 2MIN
DY MAX MIN AVG DEP HDD CDD WTR SNW DPTH SPD SPD DIR MIN PSBL S-S WX SPD DR
================================================================================
1 65 31 48 5 17 0 0.00 M M 4.2 15 280 M M 1 20 270
2 63 33 48 6 17 0 T M M 5.0 16 310 M M 5 27 310
3 65 25 45 3 20 0 0.00 M M 5.8 16 310 M M 0 23 290
4 63 24 44 2 21 0 0.00 M M 4.6 12 60 M M 0 16 280
5 66 26 46 5 19 0 0.00 M M 4.9 12 280 M M 0 19 230
6 70 25 48 7 17 0 0.00 M M 4.8 17 210 M M 0 21 220
7 68 25 47 6 18 0 0.00 M M 4.6 17 210 M M 0 22 190
8 68 29 49 9 16 0 0.00 M M 5.6 15 220 M M 0 22 220
9 62 27 45 5 20 0 0.01 M M 6.9 21 220 M M 3 8 32 210
10 56 27 42 2 23 0 0.00 M M 7.8 23 310 M M 2 33 310
11 58 25 42 3 23 0 0.00 M M 9.2 20 320 M M 0 26 310
12 64 24 44 5 21 0 0.00 M M 8.6 22 320 M M 0 29 320
13 63 25 44 6 21 0 0.00 M M 7.8 20 290 M M 0 25 300
14 63 24 44 6 21 0 0.00 M M 8.0 16 290 M M 0 21 300
15 64 26 45 7 20 0 0.00 M M 4.5 12 210 M M 0 18 200
16 62 26 44 7 21 0 0.00 M M 5.0 21 290 M M 0 26 300
17 58 17 38 1 27 0 0.00 M M 7.8 20 290 M M 0 8 26 330
18 57 13 35 -2 30 0 0.00 M M 5.5 17 210 M M 0 22 220
19 58 24 41 5 24 0 0.00 M M 5.5 12 210 M M 0 8 17 220
20 57 23 40 4 25 0 0.00 M M 3.8 18 340 M M 4 25 330
21 53 17 35 0 30 0 0.00 M M 6.5 17 210 M M 0 22 210
22 52 13 33 -2 32 0 0.00 M M 5.5 14 220 M M 0 19 200
23 47 14 31 -4 34 0 0.09 M M 3.0 10 130 M M 5 1 14 120
24 47 20 34 0 31 0 0.00 M M 7.6 17 310 M M 2 1 26 290
25 48 12 30 -4 35 0 0.00 M M 5.3 15 200 M M 0 18 210
26 48 13 31 -3 34 0 0.00 M M 4.8 12 220 M M 0 15 250
27 50 18 34 1 31 0 0.00 M M 7.2 17 210 M M 0 21 220
28 53 18 36 3 29 0 0.00 M M 5.1 13 220 M M 0 16 210
29 55 19 37 4 28 0 0.00 M M 5.6 14 210 M M 0 17 220
30 57 22 40 8 25 0 0.00 M M 7.6 17 210 M M 0 21 210
================================================================================
SM 1760 665 730 0 0.10 M 178.1 M 22
================================================================================
AV 58.7 22.2 5.9 FASTST M M 1 MAX(MPH)
MISC ----> 23 310 33 310
================================================================================
NOTES:
# LAST OF SEVERAL OCCURRENCES
COLUMN 17 PEAK WIND IN M.P.H.
PRELIMINARY LOCAL CLIMATOLOGICAL DATA (WS FORM: F-6) , PAGE 2
STATION: CORTEZ CO
MONTH: NOVEMBER
YEAR: 2021
LATITUDE: 37 17 N
LONGITUDE: 108 38 W
[TEMPERATURE DATA] [PRECIPITATION DATA] SYMBOLS USED IN COLUMN 16
AVERAGE MONTHLY: 40.4 TOTAL FOR MONTH: 0.10 1 = FOG OR MIST
DPTR FM NORMAL: 2.9 DPTR FM NORMAL: -0.69 2 = FOG REDUCING VISIBILITY
HIGHEST: 70 ON 6 GRTST 24HR 0.09 ON 23-23 TO 1/4 MILE OR LESS
LOWEST: 12 ON 25 3 = THUNDER
SNOW, ICE PELLETS, HAIL 4 = ICE PELLETS
TOTAL MONTH: M 5 = HAIL
GRTST 24HR M ON M 6 = FREEZING RAIN OR DRIZZLE
GRTST DEPTH: M ON M 7 = DUSTSTORM OR SANDSTORM:
VSBY 1/2 MILE OR LESS
8 = SMOKE OR HAZE
[NO. OF DAYS WITH] [WEATHER - DAYS WITH] 9 = BLOWING SNOW
X = TORNADO
MAX 32 OR BELOW: 0 0.01 INCH OR MORE: 2
MAX 90 OR ABOVE: 0 0.10 INCH OR MORE: 0
MIN 32 OR BELOW: 29 0.50 INCH OR MORE: 0
MIN 0 OR BELOW: 0 1.00 INCH OR MORE: 0
[HDD (BASE 65) ]
TOTAL THIS MO. 730 CLEAR (SCALE 0-3) 26
DPTR FM NORMAL -95 PTCLDY (SCALE 4-7) 4
TOTAL FM JUL 1 1316 CLOUDY (SCALE 8-10) 0
DPTR FM NORMAL -149
[CDD (BASE 65) ]
TOTAL THIS MO. 0
DPTR FM NORMAL 0 [PRESSURE DATA]
TOTAL FM JAN 1 704 HIGHEST SLP 30.62 ON 25
DPTR FM NORMAL 215 LOWEST SLP 29.90 ON 24
[REMARKS]
#FINAL-11-21#