000
CXUS53 KPAH 010640
CLMCGI
CLIMATE REPORT
NATIONAL WEATHER SERVICE PADUCAH KY
140 AM CDT FRI SEP 01 2023
...................................
...THE CAPE GIRARDEAU MO CLIMATE SUMMARY FOR THE MONTH OF AUGUST 2023...
CLIMATE NORMAL PERIOD 1991 TO 2020
CLIMATE RECORD PERIOD 1960 TO 2023
WEATHER OBSERVED NORMAL DEPART LAST YEAR`S
VALUE DATE(S) VALUE FROM VALUE
NORMAL
..............................................................
TEMPERATURE (F)
RECORD
HIGH 105 08/04/1964
LOW 45 08/29/1986
HIGHEST 98 08/25 93
LOWEST 55 08/31 56
AVG. MAXIMUM 86.3 88.3 -2.0 88.5
AVG. MINIMUM 67.1 66.4 0.7 65.2
MEAN 76.7 77.4 -0.7 76.8
DAYS MAX >= 90 6 13.0 -7.0 12
DAYS MAX <= 32 0 0.0 0.0 0
DAYS MIN <= 32 0 0.0 0.0 0
DAYS MIN <= 0 0 0.0 0.0 0
PRECIPITATION (INCHES)
RECORD
MAXIMUM 7.80 1985
MINIMUM 0.01 2007
TOTALS 11.15 3.23 7.92 3.15
DAILY AVG. 0.38 0.10 0.28 0.10
DAYS >= .01 8 8.2 -0.2 8
DAYS >= .10 8 4.7 3.3 6
DAYS >= .50 6 1.8 4.2 3
DAYS >= 1.00 5 0.8 4.2 1
GREATEST
24 HR. TOTAL 3.39 08/13 TO 08/14
DEGREE DAYS
COOLING TOTAL 358 383 -25 374
SINCE 1/1 1287 1345 -58 MM
..............................................................
WIND (MPH)
AVERAGE WIND SPEED 4.6
HIGHEST WIND SPEED/DIRECTION 35/300 DATE 08/02
HIGHEST GUST SPEED/DIRECTION 47/300 DATE 08/02
SKY COVER
POSSIBLE SUNSHINE (PERCENT) MM
AVERAGE SKY COVER 0.30
NUMBER OF DAYS FAIR 15
NUMBER OF DAYS PC 16
NUMBER OF DAYS CLOUDY 0
AVERAGE RH (PERCENT) 82
WEATHER CONDITIONS. NUMBER OF DAYS WITH
THUNDERSTORM 8 MIXED PRECIP 0
HEAVY RAIN 6 RAIN 7
LIGHT RAIN 10 FREEZING RAIN 0
LT FREEZING RAIN 0 HAIL 0
HEAVY SNOW 0 SNOW 0
LIGHT SNOW 0 SLEET 0
FOG 23 FOG W/VIS <= 1/4 MILE 5
HAZE 8
- INDICATES NEGATIVE NUMBERS.
R INDICATES RECORD WAS SET OR TIED.
MM INDICATES DATA IS MISSING.
T INDICATES TRACE AMOUNT.
$$