000
CXUS51 KLWX 010915
CF6CHO
PRELIMINARY LOCAL CLIMATOLOGICAL DATA (WS FORM: F-6)
STATION: CHARLOTTESVILLE VA
MONTH: FEBRUARY
YEAR: 2023
LATITUDE: 38 7 N
LONGITUDE: 78 27 W
TEMPERATURE IN F: :PCPN: SNOW: WIND :SUNSHINE: SKY :PK WND
================================================================================
1 2 3 4 5 6A 6B 7 8 9 10 11 12 13 14 15 16 17 18
12Z AVG MX 2MIN
DY MAX MIN AVG DEP HDD CDD WTR SNW DPTH SPD SPD DIR MIN PSBL S-S WX SPD DR
================================================================================
1 39 32 36 -3 29 0 0.13 M M 3.9 10 40 M M 9 18 13 40
2 41 34 38 -1 27 0 0.00 M M 3.2 9 160 M M 10 128 11 180
3 44 22 33 -6 32 0 0.00 M M 8.2 18 320 M M 2 29 330
4 37 16 27 -13 38 0 0.00 M M 6.5 17 190 M M 0 23 200
5 58 31 45 5 20 0 0.00 M M 9.9 20 200 M M 0 24 200
6 60 36 48 8 17 0 0.00 M M 5.5 17 20 M M 4 22 330
7 57 29 43 3 22 0 0.00 M M 6.4 17 190 M M 0 22 210
8 70 45 58 18 7 0 0.00 M M 3.7 12 140 M M 1 14 200
9 72 48 60 20 5 0 0.00 M M 9.7 25 200 M M 5 32 200
10 67 50 59 19 6 0 0.00 M M 7.3 16 200 M M 0 22 260
11 56 41 49 8 16 0 0.00 M M 4.2 12 70 M M 0 16 300
12 42 36 39 -2 26 0 1.05 M M 7.3 22 40 M M 9 1 28 40
13 58 40 49 8 16 0 0.02 M M 5.8 13 190 M M 1 18 320
14 66 34 50 9 15 0 0.00 M M 4.8 14 180 M M 0 19 170
15 75 48 62 21 3 0 0.01 M M 10.1 22 190 M M 2 26 180
16 62 51 57 15 8 0 0.04 M M 2.9 17 170 M M 6 20 170
17 63 36 50 8 15 0 0.53 M M 8.1 21 320 M M 7 1 31 340
18 52 28 40 -2 25 0 0.00 M M 5.2 14 190 M M 0 18 160
19 65 36 51 9 14 0 0.00 M M 12.7 28 190 M M 0 40 190
20 65 46 56 14 9 0 T M M 7.4 15 270 M M 3 26 310
21 70 44 57 15 8 0 0.00 M M 6.9 26 290 M M 1 39 290
22 57 42 50 7 15 0 0.19 M M 2.8 8 50 M M 6 1 10 40
23 82 45 64 21 1 0 0.00 M M 5.3 14 280 M M 3 23 270
24 70 43 57 14 8 0 0.00 M M 8.1 17 290 M M 0 26 300
25 43 31 37 -6 28 0 0.02 M M 2.5 10 70 M M 6 16 60
26 69 32 51 7 14 0 0.00 M M 6.7 16 170 M M 5 128 22 170
27 54 38 46 2 19 0 0.14 M M 3.9 14 140 M M 6 18 18 130
28 63 44 54 10 11 0 0.00 M M 4.9 10 50 M M 6 128 16 90
================================================================================
SM 1657 1058 454 0 2.13 M 173.9 M 92
================================================================================
AV 59.2 37.8 6.2 FASTST M M 3 MAX(MPH)
MISC ----> 28 190 40 190
================================================================================
NOTES:
# LAST OF SEVERAL OCCURRENCES
COLUMN 17 PEAK WIND IN M.P.H.
PRELIMINARY LOCAL CLIMATOLOGICAL DATA (WS FORM: F-6) , PAGE 2
STATION: CHARLOTTESVILLE VA
MONTH: FEBRUARY
YEAR: 2023
LATITUDE: 38 7 N
LONGITUDE: 78 27 W
[TEMPERATURE DATA] [PRECIPITATION DATA] SYMBOLS USED IN COLUMN 16
AVERAGE MONTHLY: 48.5 TOTAL FOR MONTH: 2.13 1 = FOG OR MIST
DPTR FM NORMAL: 7.1 DPTR FM NORMAL: -0.22 2 = FOG REDUCING VISIBILITY
HIGHEST: 82 ON 23 GRTST 24HR 1.07 ON 12-13 TO 1/4 MILE OR LESS
LOWEST: 16 ON 4 3 = THUNDER
SNOW, ICE PELLETS, HAIL 4 = ICE PELLETS
TOTAL MONTH: M 5 = HAIL
GRTST 24HR M ON M 6 = FREEZING RAIN OR DRIZZLE
GRTST DEPTH: M ON M 7 = DUSTSTORM OR SANDSTORM:
VSBY 1/2 MILE OR LESS
8 = SMOKE OR HAZE
[NO. OF DAYS WITH] [WEATHER - DAYS WITH] 9 = BLOWING SNOW
X = TORNADO
MAX 32 OR BELOW: 0 0.01 INCH OR MORE: 9
MAX 90 OR ABOVE: 0 0.10 INCH OR MORE: 5
MIN 32 OR BELOW: 8 0.50 INCH OR MORE: 2
MIN 0 OR BELOW: 0 1.00 INCH OR MORE: 1
[HDD (BASE 65) ]
TOTAL THIS MO. 454 CLEAR (SCALE 0-3) 15
DPTR FM NORMAL -209 PTCLDY (SCALE 4-7) 10
TOTAL FM JUL 1 2461 CLOUDY (SCALE 8-10) 3
DPTR FM NORMAL -481
[CDD (BASE 65) ]
TOTAL THIS MO. 0
DPTR FM NORMAL -1 [PRESSURE DATA]
TOTAL FM JAN 1 0 HIGHEST SLP 30.66 ON 4
DPTR FM NORMAL 0 LOWEST SLP 29.46 ON 28
[REMARKS]
#FINAL-02-23#