000
CXUS52 KCHS 042017
CF6CHS
PRELIMINARY LOCAL CLIMATOLOGICAL DATA (WS FORM: F-6)
STATION: NORTH CHARLESTON SC
MONTH: DECEMBER
YEAR: 2022
LATITUDE: 32 54 N
LONGITUDE: 80 2 W
TEMPERATURE IN F: :PCPN: SNOW: WIND :SUNSHINE: SKY :PK WND
================================================================================
1 2 3 4 5 6A 6B 7 8 9 10 11 12 13 14 15 16 17 18
12Z AVG MX 2MIN
DY MAX MIN AVG DEP HDD CDD WTR SNW DPTH SPD SPD DIR MIN PSBL S-S WX SPD DR
================================================================================
1 60 37 49 -6 16 0 0.00 0.0 0 7.2 21 350 M M 2 26 350
2 69 39 54 0 11 0 0.00 0.0 0 6.7 14 20 M M 2 18 30
3 79 52 66 12 0 1 0.00 0.0 0 5.1 16 230 M M 7 22 250
4 69 54 62 8 3 0 0.00 0.0 0 3.6 8 50 M M 7 8 50
5 62 54 58 4 7 0 0.27 0.0 0 5.1 8 80 M M 9 1 10 30
6 74 55 65 11 0 0 0.03 0.0 0 4.0 12 140 M M 8 1 14 140
7 81 58 70 16 0 5 0.00 0.0 0 3.7 12 240 M M 4 1 14 250
8 73 60 67 14 0 2 0.00 0.0 0 4.5 10 100 M M 6 1 13 350
9 63 55 59 6 6 0 0.01 0.0 0 5.9 15 50 M M 9 1 19 30
10 58 50 54 1 11 0 0.04 0.0 0 8.0 14 40 M M 10 1 17 30
11 65 50 58 5 7 0 0.02 0.0 0 6.1 13 350 M M 8 1 15 350
12 65 47 56 3 9 0 0.00 0.0 0 7.0 14 40 M M 5 1 18 50
13 59 41 50 -2 15 0 0.00 0.0 0 8.7 15 40 M M 2 20 40
14 64 42 53 1 12 0 0.02 0.0 0 6.8 13 130 M M 9 1 16 130
15 74 51 63 11 2 0 0.04 0.0 0 12.5 31 220 M M 6 18 40 230
16 63 44 54 2 11 0 0.00 0.0 0 8.2 18 270 M M 0 25 280
17 64 41 53 1 12 0 T 0.0 0 7.2 13 190 M M 6 17 290
18 57 35 46 -6 19 0 0.00 0.0 0 7.4 17 290 M M 1 21 300
19 56 33 45 -7 20 0 0.00 0.0 0 7.3 15 50 M M 3 20 60
20 48 40 44 -7 21 0 0.50 0.0 0 10.3 17 30 M M 10 1 27 50
21 49 39 44 -7 21 0 0.32 0.0 0 11.6 18 20 M M 9 1 23 20
22 52 46 49 -2 16 0 0.25 0.0 0 8.4 18 260 M M 10 1 23 270
23 56 26 41 -10 24 0 0.00 0.0 0 15.8 30 270 M M 4 42 260
24 32 18 25 -26 40 0 0.00 0.0 0 11.2 21 290 M M 3 30 290
25 44 22 33 -18 32 0 0.00 0.0 0 5.8 13 250 M M 0 16 290
26 51 21 36 -15 29 0 0.00 0.0 0 2.3 9 130 M M 1 11 130
27 54 24 39 -11 26 0 0.00 0.0 0 2.6 8 330 M M 2 10 70
28 62 27 45 -5 20 0 0.00 0.0 0 2.7 8 120 M M 0 12 120
29 72 35 54 4 11 0 0.00 0.0 0 5.1 13 120 M M 3 14 110
30 76 54 65 15 0 0 0.00 0.0 0 5.3 16 90 M M 8 21 100
31 73 57 65 15 0 0 0.14 0.0 0 6.6 20 210 M M 9 12 26 200
================================================================================
SM 1924 1307 401 8 1.64 0.0 212.7 M 163
================================================================================
AV 62.1 42.2 6.9 FASTST M M 5 MAX(MPH)
MISC ----> 31 220 42 260
================================================================================
NOTES:
# LAST OF SEVERAL OCCURRENCES
COLUMN 17 PEAK WIND IN M.P.H.
PRELIMINARY LOCAL CLIMATOLOGICAL DATA (WS FORM: F-6) , PAGE 2
STATION: NORTH CHARLESTON SC
MONTH: DECEMBER
YEAR: 2022
LATITUDE: 32 54 N
LONGITUDE: 80 2 W
[TEMPERATURE DATA] [PRECIPITATION DATA] SYMBOLS USED IN COLUMN 16
AVERAGE MONTHLY: 52.1 TOTAL FOR MONTH: 1.64 1 = FOG OR MIST
DPTR FM NORMAL: -0.1 DPTR FM NORMAL: -1.71 2 = FOG REDUCING VISIBILITY
HIGHEST: 81 ON 7 GRTST 24HR 0.82 ON 20-21 TO 1/4 MILE OR LESS
LOWEST: 18 ON 24 3 = THUNDER
SNOW, ICE PELLETS, HAIL 4 = ICE PELLETS
TOTAL MONTH: 0.0 INCH 5 = HAIL
GRTST 24HR 0.0 6 = FREEZING RAIN OR DRIZZLE
GRTST DEPTH: 0 7 = DUSTSTORM OR SANDSTORM:
VSBY 1/2 MILE OR LESS
8 = SMOKE OR HAZE
[NO. OF DAYS WITH] [WEATHER - DAYS WITH] 9 = BLOWING SNOW
X = TORNADO
MAX 32 OR BELOW: 1 0.01 INCH OR MORE: 11
MAX 90 OR ABOVE: 0 0.10 INCH OR MORE: 5
MIN 32 OR BELOW: 6 0.50 INCH OR MORE: 1
MIN 0 OR BELOW: 0 1.00 INCH OR MORE: 0
[HDD (BASE 65) ]
TOTAL THIS MO. 401 CLEAR (SCALE 0-3) 11
DPTR FM NORMAL -7 PTCLDY (SCALE 4-7) 12
TOTAL FM JUL 1 624 CLOUDY (SCALE 8-10) 8
DPTR FM NORMAL -76
[CDD (BASE 65) ]
TOTAL THIS MO. 8
DPTR FM NORMAL -1 [PRESSURE DATA]
TOTAL FM JAN 1 2532 HIGHEST SLP 30.51 ON 2
DPTR FM NORMAL 98 LOWEST SLP 29.72 ON 15
[REMARKS]
#FINAL-12-22#