000
CXUS55 KOHX 011110
CF6CKV
PRELIMINARY LOCAL CLIMATOLOGICAL DATA (WS FORM: F-6)
STATION: CLARKSVILLE
MONTH: APRIL
YEAR: 2022
LATITUDE: 36 37 N
LONGITUDE: 87 25 W
TEMPERATURE IN F: :PCPN: SNOW: WIND :SUNSHINE: SKY :PK WND
================================================================================
1 2 3 4 5 6A 6B 7 8 9 10 11 12 13 14 15 16 17 18
12Z AVG MX 2MIN
DY MAX MIN AVG DEP HDD CDD WTR SNW DPTH SPD SPD DIR MIN PSBL S-S WX SPD DR
================================================================================
1 54 36 45 -9 20 0 0.00 M M 5.9 16 330 M M 2 20 320
2 64 32 48 -6 17 0 0.00 M M 6.5 17 220 M M 4 22 210
3 64 36 50 -5 15 0 0.00 M M 3.0 12 340 M M 0 16 20
4 64 44 54 -1 11 0 0.04 M M 2.0 9 130 M M 6 12 150
5 59 52 56 1 9 0 0.29 M M 5.6 14 30 M M 8 18 18 10
6 59 43 51 -5 14 0 0.27 M M 7.2 22 320 M M 8 1238 29 310
7 61 41 51 -5 14 0 0.00 M M 10.7 22 270 M M 5 12 35 290
8 49 37 43 -13 22 0 0.11 M M 9.9 25 280 M M 10 8 35 280
9 58 38 48 -8 17 0 0.00 M M 8.3 20 290 M M 6 30 290
10 81 34 58 1 7 0 0.00 M M 10.4 24 190 M M 0 34 190
11 70 60 65 8 0 0 1.15 M M 10.7 26 190 M M 7 13 35 180
12 80 61 71 14 0 6 1.19 M M 10.6 31 190 M M 7 13 45 210
13 82 51 67 9 0 2 1.41 M M 14.5 37 280 M M 8 138 53 280
14 66 42 54 -4 11 0 T M M 6.3 25 320 M M 2 1 35 290
15 71 41 56 -2 9 0 0.40 M M 6.9 30 340 M M 2 13 41 350
16 69 51 60 2 5 0 0.02 M M 6.1 17 10 M M 7 1 20 350
17 58 46 52 -7 13 0 0.32 M M 10.9 20 50 M M 8 3 25 50
18 55 41 48 -11 17 0 0.02 M M 11.7 21 320 M M 7 18 32 300
19 59 34 47 -12 18 0 0.00 M M 6.6 13 360 M M 0 18 350
20 70 39 55 -5 10 0 0.09 M M 8.4 21 190 M M 3 29 190
21 77 58 68 8 0 3 0.06 M M 9.0 21 200 M M 10 31 210
22 85 55 70 10 0 5 0.00 M M 5.0 16 140 M M 0 1 23 180
23 85 58 72 11 0 7 0.00 M M 8.4 22 190 M M 0 31 200
24 84 64 74 13 0 9 0.00 M M 9.9 28 210 M M 3 40 200
25 74 53 64 3 1 0 0.23 M M 8.7 20 330 M M 8 1 28 290
26 62 42 52 -10 13 0 0.00 M M 7.8 17 320 M M 0 24 330
27 72 37 55 -7 10 0 0.00 M M 2.3 12 40 M M 0 16 40
28 79 45 62 0 3 0 0.00 M M 4.1 10 140 M M 0 19 90
29 82 58 70 8 0 5 T M M 6.8 16 190 M M 4 23 200
30 82 63 73 10 0 8 0.10 M M 11.2 24 190 M M 3 3 33 200
================================================================================
SM 2075 1392 256 45 5.70 M 235.4 M 128
================================================================================
AV 69.2 46.4 7.8 FASTST M M 4 MAX(MPH)
MISC ----> 37 280 53 280
================================================================================
NOTES:
# LAST OF SEVERAL OCCURRENCES
COLUMN 17 PEAK WIND IN M.P.H.
PRELIMINARY LOCAL CLIMATOLOGICAL DATA (WS FORM: F-6) , PAGE 2
STATION: CLARKSVILLE
MONTH: APRIL
YEAR: 2022
LATITUDE: 36 37 N
LONGITUDE: 87 25 W
[TEMPERATURE DATA] [PRECIPITATION DATA] SYMBOLS USED IN COLUMN 16
AVERAGE MONTHLY: 57.8 TOTAL FOR MONTH: 5.70 1 = FOG OR MIST
DPTR FM NORMAL: -0.6 DPTR FM NORMAL: 1.15 2 = FOG REDUCING VISIBILITY
HIGHEST: 85 ON 23,22 GRTST 24HR 2.30 ON 11-12 TO 1/4 MILE OR LESS
LOWEST: 32 ON 2 3 = THUNDER
SNOW, ICE PELLETS, HAIL 4 = ICE PELLETS
TOTAL MONTH: M 5 = HAIL
GRTST 24HR M ON M 6 = FREEZING RAIN OR DRIZZLE
GRTST DEPTH: M ON M 7 = DUSTSTORM OR SANDSTORM:
VSBY 1/2 MILE OR LESS
8 = SMOKE OR HAZE
[NO. OF DAYS WITH] [WEATHER - DAYS WITH] 9 = BLOWING SNOW
X = TORNADO
MAX 32 OR BELOW: 0 0.01 INCH OR MORE: 15
MAX 90 OR ABOVE: 0 0.10 INCH OR MORE: 10
MIN 32 OR BELOW: 1 0.50 INCH OR MORE: 3
MIN 0 OR BELOW: 0 1.00 INCH OR MORE: 3
[HDD (BASE 65) ]
TOTAL THIS MO. 256 CLEAR (SCALE 0-3) 14
DPTR FM NORMAL 23 PTCLDY (SCALE 4-7) 14
TOTAL FM JUL 1 3365 CLOUDY (SCALE 8-10) 2
DPTR FM NORMAL -454
[CDD (BASE 65) ]
TOTAL THIS MO. 45
DPTR FM NORMAL 11 [PRESSURE DATA]
TOTAL FM JAN 1 55 HIGHEST SLP 30.38 ON 22
DPTR FM NORMAL 14 LOWEST SLP 29.53 ON 6
[REMARKS]
#FINAL-04-22#