000
CXUS52 KGSP 011356
CLMCLT
CLIMATE REPORT
NATIONAL WEATHER SERVICE GREENVILLE-SPARTANBURG SC
856 AM EST THU FEB 01 2024
...................................
...THE CHARLOTTE NC CLIMATE SUMMARY FOR THE MONTH OF JANUARY 2024...
CLIMATE NORMAL PERIOD 1991 TO 2020
CLIMATE RECORD PERIOD 1878 TO 2024
WEATHER OBSERVED NORMAL DEPART LAST YEAR`S
VALUE DATE(S) VALUE FROM VALUE DATE(S)
NORMAL
................................................................
TEMPERATURE (F)
RECORD
HIGH 79 01/29/2002
01/28/1944
LOW -5 01/21/1985
HIGHEST 72 01/26 MM MM 72 01/03
LOWEST 13 01/21 MM MM 24 01/15
AVG. MAXIMUM 53.9 52.3 1.6 58.3
AVG. MINIMUM 33.7 31.8 1.9 39.2
MEAN 43.8 42.1 1.7 48.7
DAYS MAX >= 90 0 0.0 0.0 0
DAYS MAX <= 32 0 0.8 -0.8 0
DAYS MIN <= 32 16 16.6 -0.6 8
DAYS MIN <= 0 0 0.0 0.0 0
PRECIPITATION (INCHES)
RECORD
MAXIMUM 10.39 1936
MINIMUM 0.45 1981
TOTALS 7.28 3.49 3.79 5.67
DAILY AVG. 0.23 0.11 0.12 0.18
DAYS >= .01 10 10.3 -0.3 9
DAYS >= .10 7 7.1 -0.1 9
DAYS >= .50 5 2.4 2.6 5
DAYS >= 1.00 3 0.8 2.2 3
GREATEST
24 HR. TOTAL 2.54 01/09 TO 01/10 1.93 01/03 TO 01/04
STORM TOTAL 2.53 1.37
(MM/DD(HH)) MM
SNOWFALL (INCHES)
RECORDS
TOTAL 13.5 1893
24 HR TOTAL 12.1 01/07/1988 TO 01/07/1988
SNOW DEPTH 12 01/07/1988
TOTALS 0.0 1.6 -1.6 0.0
LIQUID EQUIV 0.00 0.10 -0.10 0.00
SINCE 7/1 0.0 2.1 -2.1 MM
LIQUID 7/1 0.00 0.20 -0.20 MM
SNOWDEPTH AVG. 0 0
DAYS >= TRACE 0 0.9 -0.9 0
DAYS >= 1.0 0 0.5 -0.5 0
GREATEST
SNOW DEPTH 0 0 MM
24 HR TOTAL MM MM
STORM TOTAL 0.0 0.0
(MM/DD(HH)) MM
DEGREE DAYS
HEATING TOTAL 651 712 -61 495
SINCE 7/1 1637 1919 -282 MM
COOLING TOTAL 1 0 1 0
SINCE 1/1 1 0 1 MM
FREEZE DATES
RECORD
EARLIEST MM
LATEST MM
EARLIEST 11/02
LATEST 03/21
................................................................
WIND (MPH)
AVERAGE WIND SPEED 7.2
HIGHEST WIND SPEED/DIRECTION 35/250 DATE 01/09
HIGHEST GUST SPEED/DIRECTION 57/260 DATE 01/09
SKY COVER
POSSIBLE SUNSHINE (PERCENT) MM
AVERAGE SKY COVER 0.51
NUMBER OF DAYS FAIR 11
NUMBER OF DAYS PC 13
NUMBER OF DAYS CLOUDY 7
AVERAGE RH (PERCENT) 61
WEATHER CONDITIONS. NUMBER OF DAYS WITH
THUNDERSTORM 2 MIXED PRECIP 0
HEAVY RAIN 5 RAIN 7
LIGHT RAIN 15 FREEZING RAIN 0
LT FREEZING RAIN 0 HAIL 0
HEAVY SNOW 0 SNOW 0
LIGHT SNOW 0 SLEET 0
FOG 11 FOG W/VIS <= 1/4 MILE 1
HAZE 2
- INDICATES NEGATIVE NUMBERS.
R INDICATES RECORD WAS SET OR TIED.
MM INDICATES DATA IS MISSING.
T INDICATES TRACE AMOUNT.
$$