000
CXUS53 KILX 011000
CF6CMI
PRELIMINARY LOCAL CLIMATOLOGICAL DATA (WS FORM: F-6)
STATION: CHAMPAIGN IL AIRPORT
MONTH: FEBRUARY
YEAR: 2023
LATITUDE: 40 1 N
LONGITUDE: 88 17 W
TEMPERATURE IN F: :PCPN: SNOW: WIND :SUNSHINE: SKY :PK WND
================================================================================
1 2 3 4 5 6A 6B 7 8 9 10 11 12 13 14 15 16 17 18
12Z AVG MX 2MIN
DY MAX MIN AVG DEP HDD CDD WTR SNW DPTH SPD SPD DIR MIN PSBL S-S WX SPD DR
================================================================================
1 30 4 17 -10 48 0 0.00 M M 6.1 13 200 M M 0 18 190
2 45 17 31 4 34 0 0.00 M M 15.3 30 330 M M 0 38 330
3 21 6 14 -13 51 0 0.00 M M 9.4 24 340 M M 1 33 340
4 48 12 30 3 35 0 0.00 M M 18.5 29 190 M M 0 38 210
5 55 28 42 15 23 0 0.00 M M 13.6 26 280 M M 1 32 280
6 50 21 36 8 29 0 0.00 M M 13.6 23 150 M M 1 18 31 160
7 53 30 42 14 23 0 0.00 M M 13.7 25 180 M M 4 35 180
8 45 26 36 8 29 0 0.15 M M 7.8 17 80 M M 4 1 23 90
9 57 35 46 18 19 0 0.41 M M 21.7 41 220 M M 10 1 56 220
10 43 22 33 4 32 0 0.00 M M 10.0 21 280 M M 5 1 29 280
11 47 19 33 4 32 0 0.00 M M 3.2 8 190 M M 0 12 140
12 54 21 38 9 27 0 0.00 M M 6.3 13 220 M M 0 18 260
13 56 29 43 13 22 0 0.00 M M 8.3 18 300 M M 0 28 300
14 56 29 43 13 22 0 0.02 M M 18.0 36 170 M M 5 48 170
15 54 35 45 15 20 0 0.00 M M 17.1 31 190 M M 2 41 200
16 41 28 35 5 30 0 0.20 M M 15.8 31 330 M M 9 1 41 320
17 31 19 25 -6 40 0 T M M 12.7 24 330 M M 7 32 340
18 50 22 36 5 29 0 0.00 M M 15.8 23 190 M M 0 30 200
19 57 34 46 14 19 0 0.00 M M 14.8 26 200 M M 2 36 220
20 58 28 43 11 22 0 0.00 M M 6.9 17 270 M M 0 1 22 250
21 46 31 39 7 26 0 T M M 11.6 26 320 M M 4 32 320
22 47 40 44 11 21 0 0.84 M M 11.4 31 310 M M 10 123 42 310
23 52 24 38 5 27 0 0.00 M M 17.1 28 280 M M 5 12 36 270
24 35 20 28 -5 37 0 T M M 11.4 21 80 M M 5 27 100
25 39 27 33 -1 32 0 T M M 7.4 15 300 M M 8 1 19 290
26 55 25 40 6 25 0 0.00 M M 5.5 15 120 M M 3 18 19 120
27 62 44 53 18 12 0 0.52 M M 25.7 43 220 M M 10 13 56 230
28 51 39 45 10 20 0 0.00 M M 11.3 23 280 M M 7 29 290
================================================================================
SM 1338 715 786 0 2.14 M 350.0 M 103
================================================================================
AV 47.8 25.5 12.5 FASTST M M 4 MAX(MPH)
MISC ----> 43 220 # 56 220
================================================================================
NOTES:
# LAST OF SEVERAL OCCURRENCES
COLUMN 17 PEAK WIND IN M.P.H.
PRELIMINARY LOCAL CLIMATOLOGICAL DATA (WS FORM: F-6) , PAGE 2
STATION: CHAMPAIGN IL AIRPORT
MONTH: FEBRUARY
YEAR: 2023
LATITUDE: 40 1 N
LONGITUDE: 88 17 W
[TEMPERATURE DATA] [PRECIPITATION DATA] SYMBOLS USED IN COLUMN 16
AVERAGE MONTHLY: 36.7 TOTAL FOR MONTH: 2.14 1 = FOG OR MIST
DPTR FM NORMAL: 6.4 DPTR FM NORMAL: 0.34 2 = FOG REDUCING VISIBILITY
HIGHEST: 62 ON 27 GRTST 24HR 0.84 ON 22-22 TO 1/4 MILE OR LESS
LOWEST: 4 ON 1 3 = THUNDER
SNOW, ICE PELLETS, HAIL 4 = ICE PELLETS
TOTAL MONTH: M 5 = HAIL
GRTST 24HR M ON M 6 = FREEZING RAIN OR DRIZZLE
GRTST DEPTH: M ON M 7 = DUSTSTORM OR SANDSTORM:
VSBY 1/2 MILE OR LESS
8 = SMOKE OR HAZE
[NO. OF DAYS WITH] [WEATHER - DAYS WITH] 9 = BLOWING SNOW
X = TORNADO
MAX 32 OR BELOW: 3 0.01 INCH OR MORE: 6
MAX 90 OR ABOVE: 0 0.10 INCH OR MORE: 5
MIN 32 OR BELOW: 22 0.50 INCH OR MORE: 2
MIN 0 OR BELOW: 0 1.00 INCH OR MORE: 0
[HDD (BASE 65) ]
TOTAL THIS MO. 786 CLEAR (SCALE 0-3) 14
DPTR FM NORMAL -185 PTCLDY (SCALE 4-7) 10
TOTAL FM JUL 1 3849 CLOUDY (SCALE 8-10) 4
DPTR FM NORMAL -477
[CDD (BASE 65) ]
TOTAL THIS MO. 0
DPTR FM NORMAL 0 [PRESSURE DATA]
TOTAL FM JAN 1 0 HIGHEST SLP 30.67 ON 3
DPTR FM NORMAL 0 LOWEST SLP 29.10 ON 27
[REMARKS]
#FINAL-02-23#