000
CXUS53 KICT 092026
CF6CNU
PRELIMINARY LOCAL CLIMATOLOGICAL DATA (WS FORM: F-6)
STATION: CHANUTE KS
MONTH: MARCH
YEAR: 2021
LATITUDE: 37 40 N
LONGITUDE: 95 29 W
TEMPERATURE IN F: :PCPN: SNOW: WIND :SUNSHINE: SKY :PK WND
================================================================================
1 2 3 4 5 6A 6B 7 8 9 10 11 12 13 14 15 16 17 18
12Z AVG MX 2MIN
DY MAX MIN AVG DEP HDD CDD WTR SNW DPTH SPD SPD DIR MIN PSBL S-S WX SPD DR
================================================================================
1 57 22 40 -2 25 0 0.00 M M 3.2 12 230 M M 0 1 17 20
2 63 26 45 3 20 0 0.00 M M 9.1 21 220 M M 0 30 220
3 73 37 55 12 10 0 0.00 M M 10.0 17 210 M M 0 24 200
4 72 34 53 10 12 0 0.00 M M 6.8 17 140 M M 0 25 170
5 59 38 49 5 16 0 T M M 8.6 16 140 M M 7 23 90
6 65 34 50 6 15 0 0.00 M M 8.0 16 210 M M 0 18 22 200
7 69 42 56 12 9 0 0.00 M M 13.5 25 180 M M 0 43 190
8 71 42 57 13 8 0 0.00 M M 13.8 23 180 M M 0 32 210
9 76 52 64 19 1 0 0.00 M M 21.5 35 170 M M 1 47 170
10 77 55 66 21 0 1 0.01 M M 23.9 33 200 M M 6 3 46 180
11 59 44 52 6 13 0 0.51 M M 9.0 17 330 M M 9 13 26 340
12 51 46 49 3 16 0 2.42 M M 12.6 23 110 M M 10 13 31 110
13 59 47 53 7 12 0 0.25 M M 11.2 18 100 M M 10 1 26 100
14 58 47 53 7 12 0 0.84 M M 10.9 21 110 M M 8 1 30 110
15 64 47 56 9 9 0 0.00 M M 11.4 22 230 M M 5 12 30 250
16 71 39 55 8 10 0 0.00 M M 8.4 17 100 M M 3 12 23 40
17 50 36 43 -5 22 0 1.50 M M 16.5 30 310 M M 10 13 43 320
18 49 38 44 -4 21 0 0.09 M M 17.0 29 340 M M 10 1 41 350
19 59 36 48 0 17 0 0.00 M M 7.3 14 20 M M 1 23 10
20 62 36 49 1 16 0 0.00 M M 9.5 16 130 M M 0 22 170
21 68 46 57 8 8 0 0.00 M M 15.4 31 170 M M 0 44 170
22 64 53 59 10 6 0 0.16 M M 13.1 25 170 M M 5 1 32 160
23 54 48 51 2 14 0 0.10 M M 14.1 24 200 M M 10 18 34 200
24 58 46 52 2 13 0 T M M 9.8 18 300 M M 9 26 300
25 51 37 44 -6 21 0 0.17 M M 6.5 13 320 M M 8 12 17 80
26 71 34 53 3 12 0 0.00 M M 9.8 22 160 M M 4 12 29 150
27 68 47 58 7 7 0 0.02 M M 10.0 21 340 M M 1 28 340
28 64 38 51 0 14 0 0.00 M M 7.3 15 350 M M 0 21 350
29 75 48 62 11 3 0 0.00 M M 20.8 30 180 M M 0 46 190
30 62 48 55 3 10 0 0.00 M M 14.5 26 190 M M 2 39 190
31 57 36 47 -5 18 0 0.00 M M 7.1 17 340 M M 1 22 350
================================================================================
SM 1956 1279 390 1 6.07 M 360.6 M 120
================================================================================
AV 63.1 41.3 11.6 FASTST M M 4 MAX(MPH)
MISC ----> 35 170 47 170
================================================================================
NOTES:
# LAST OF SEVERAL OCCURRENCES
COLUMN 17 PEAK WIND IN M.P.H.
PRELIMINARY LOCAL CLIMATOLOGICAL DATA (WS FORM: F-6) , PAGE 2
STATION: CHANUTE KS
MONTH: MARCH
YEAR: 2021
LATITUDE: 37 40 N
LONGITUDE: 95 29 W
[TEMPERATURE DATA] [PRECIPITATION DATA] SYMBOLS USED IN COLUMN 16
AVERAGE MONTHLY: 52.2 TOTAL FOR MONTH: 6.07 1 = FOG OR MIST
DPTR FM NORMAL: 5.1 DPTR FM NORMAL: 3.03 2 = FOG REDUCING VISIBILITY
HIGHEST: 77 ON 10 GRTST 24HR 2.43 ON 12-13 TO 1/4 MILE OR LESS
LOWEST: 22 ON 1 3 = THUNDER
SNOW, ICE PELLETS, HAIL 4 = ICE PELLETS
TOTAL MONTH: M 5 = HAIL
GRTST 24HR M ON M 6 = FREEZING RAIN OR DRIZZLE
GRTST DEPTH: M ON M 7 = DUSTSTORM OR SANDSTORM:
VSBY 1/2 MILE OR LESS
8 = SMOKE OR HAZE
[NO. OF DAYS WITH] [WEATHER - DAYS WITH] 9 = BLOWING SNOW
X = TORNADO
MAX 32 OR BELOW: 0 0.01 INCH OR MORE: 11
MAX 90 OR ABOVE: 0 0.10 INCH OR MORE: 8
MIN 32 OR BELOW: 2 0.50 INCH OR MORE: 4
MIN 0 OR BELOW: 0 1.00 INCH OR MORE: 2
[HDD (BASE 65) ]
TOTAL THIS MO. 390 CLEAR (SCALE 0-3) 17
DPTR FM NORMAL -169 PTCLDY (SCALE 4-7) 7
TOTAL FM JUL 1 3853 CLOUDY (SCALE 8-10) 7
DPTR FM NORMAL -278
[CDD (BASE 65) ]
TOTAL THIS MO. 1
DPTR FM NORMAL -3 [PRESSURE DATA]
TOTAL FM JAN 1 1 HIGHEST SLP 30.52 ON 31
DPTR FM NORMAL -3 LOWEST SLP 29.43 ON 23
[REMARKS]
#FINAL-03-21#