000
CXUS53 KICT 011410
CF6CNU
PRELIMINARY LOCAL CLIMATOLOGICAL DATA (WS FORM: F-6)
STATION: CHANUTE KS
MONTH: AUGUST
YEAR: 2023
LATITUDE: 37 40 N
LONGITUDE: 95 29 W
TEMPERATURE IN F: :PCPN: SNOW: WIND :SUNSHINE: SKY :PK WND
================================================================================
1 2 3 4 5 6A 6B 7 8 9 10 11 12 13 14 15 16 17 18
12Z AVG MX 2MIN
DY MAX MIN AVG DEP HDD CDD WTR SNW DPTH SPD SPD DIR MIN PSBL S-S WX SPD DR
================================================================================
1 103 80 92 11 0 27 0.00 M M 9.7 17 200 M M 0 23 210
2 106 81 94 13 0 29 0.00 M M 11.1 21 230 M M 1 30 220
3 103 75 89 8 0 24 0.00 M M 5.5 20 40 M M 1 28 40
4 99 75 87 6 0 22 T M M 3.9 13 270 M M 1 3 18 250
5 89 71 80 -1 0 15 0.81 M M 6.4 20 190 M M 2 13 26 270
6 90 69 80 -1 0 15 0.15 M M 11.0 39 300 M M 1 13 58 290
7 87 66 77 -4 0 12 0.00 M M 8.1 16 310 M M 0 23 310
8 90 70 80 -1 0 15 T M M 6.2 16 160 M M 1 20 160
9 86 66 76 -5 0 11 2.32 M M 5.3 21 150 M M 4 13 28 170
10 90 65 78 -3 0 13 0.00 M M 3.6 10 150 M M 0 12 17 200
11 92 68 80 -1 0 15 0.00 M M 5.7 14 230 M M 0 3 17 220
12 90 73 82 2 0 17 0.92 M M 7.6 21 160 M M 3 13 29 160
13 90 73 82 2 0 17 2.46 M M 8.0 25 290 M M 6 13 34 270
14 83 65 74 -6 0 9 0.46 M M 9.2 21 320 M M 2 13 30 300
15 83 59 71 -9 0 6 0.00 M M 6.3 17 320 M M 0 23 340
16 86 59 73 -7 0 8 0.00 M M 7.7 15 190 M M 0 20 160
17 90 66 78 -2 0 13 0.00 M M 6.3 13 50 M M 0 17 50
18 89 62 76 -4 0 11 0.00 M M 7.3 13 120 M M 0 17 110
19 99 72 86 6 0 21 0.00 M M 9.6 16 180 M M 0 22 180
20 105 74 90 11 0 25 0.00 M M 5.3 12 250 M M 0 16 240
21 104 71 88 9 0 23 0.00 M M 4.3 9 70 M M 1 12 15 80
22 99 77 88 9 0 23 0.00 M M 3.7 10 130 M M 0 1 13 120
23 101 78 90 11 0 25 0.00 M M 7.0 14 190 M M 0 1 18 210
24 104 76 90 12 0 25 0.00 M M 6.8 21 180 M M 0 18 25 180
25 104 77 91 13 0 26 0.00 M M 6.8 26 190 M M 0 3 35 180
26 91 73 82 4 0 17 0.00 M M 8.9 22 290 M M 1 35 260
27 87 68 78 0 0 13 0.00 M M 7.5 14 40 M M 2 19 80
28 86 59 73 -5 0 8 0.00 M M 4.0 13 40 M M 0 17 30
29 93 62 78 1 0 13 0.00 M M 3.1 10 20 M M 1 15 70
30 90 63 77 0 0 12 0.00 M M 6.8 13 70 M M 0 22 90
31 87 63 75 -2 0 10 0.00 M M 7.2 13 140 M M 0 18 150
================================================================================
SM 2896 2156 0 520 7.12 M 209.9 M 27
================================================================================
AV 93.4 69.5 6.8 FASTST M M 1 MAX(MPH)
MISC ----> 39 300 58 290
================================================================================
NOTES:
# LAST OF SEVERAL OCCURRENCES
COLUMN 17 PEAK WIND IN M.P.H.
PRELIMINARY LOCAL CLIMATOLOGICAL DATA (WS FORM: F-6) , PAGE 2
STATION: CHANUTE KS
MONTH: AUGUST
YEAR: 2023
LATITUDE: 37 40 N
LONGITUDE: 95 29 W
[TEMPERATURE DATA] [PRECIPITATION DATA] SYMBOLS USED IN COLUMN 16
AVERAGE MONTHLY: 81.5 TOTAL FOR MONTH: 7.12 1 = FOG OR MIST
DPTR FM NORMAL: 1.9 DPTR FM NORMAL: 3.33 2 = FOG REDUCING VISIBILITY
HIGHEST: 106 ON 2 GRTST 24HR 2.92 ON 13-14 TO 1/4 MILE OR LESS
LOWEST: 59 ON 28,16 3 = THUNDER
SNOW, ICE PELLETS, HAIL 4 = ICE PELLETS
TOTAL MONTH: M 5 = HAIL
GRTST 24HR M ON M 6 = FREEZING RAIN OR DRIZZLE
GRTST DEPTH: M ON M 7 = DUSTSTORM OR SANDSTORM:
VSBY 1/2 MILE OR LESS
8 = SMOKE OR HAZE
[NO. OF DAYS WITH] [WEATHER - DAYS WITH] 9 = BLOWING SNOW
X = TORNADO
MAX 32 OR BELOW: 0 0.01 INCH OR MORE: 6
MAX 90 OR ABOVE: 21 0.10 INCH OR MORE: 6
MIN 32 OR BELOW: 0 0.50 INCH OR MORE: 4
MIN 0 OR BELOW: 0 1.00 INCH OR MORE: 2
[HDD (BASE 65) ]
TOTAL THIS MO. 0 CLEAR (SCALE 0-3) 29
DPTR FM NORMAL -1 PTCLDY (SCALE 4-7) 2
TOTAL FM JUL 1 0 CLOUDY (SCALE 8-10) 0
DPTR FM NORMAL 0
[CDD (BASE 65) ]
TOTAL THIS MO. 520
DPTR FM NORMAL 67 [PRESSURE DATA]
TOTAL FM JAN 1 1628 HIGHEST SLP 30.18 ON 15
DPTR FM NORMAL 184 LOWEST SLP 29.71 ON 9
[REMARKS]
#FINAL-08-23#