000
CXUS55 KGJT 010910
CF6CNY
PRELIMINARY LOCAL CLIMATOLOGICAL DATA (WS FORM: F-6)
STATION: CANYONLANDS AIRPORT UT
MONTH: AUGUST
YEAR: 2022
LATITUDE: 38 46 N
LONGITUDE: 109 45 W
TEMPERATURE IN F: :PCPN: SNOW: WIND :SUNSHINE: SKY :PK WND
================================================================================
1 2 3 4 5 6A 6B 7 8 9 10 11 12 13 14 15 16 17 18
12Z AVG MX 2MIN
DY MAX MIN AVG DEP HDD CDD WTR SNW DPTH SPD SPD DIR MIN PSBL S-S WX SPD DR
================================================================================
1 96 68 82 1 0 17 0.15 M M 6.4 22 250 M M 2 13 28 100
2 93 64 79 -2 0 14 0.00 M M 4.9 14 320 M M 1 17 130
3 96 67 82 1 0 17 0.00 M M 3.7 13 290 M M 0 20 280
4 100 69 85 4 0 20 0.00 M M 6.7 30 190 M M 0 38 180
5 95 77 86 5 0 21 0.00 M M 10.2 22 210 M M 2 28 210
6 97 71 84 4 0 19 0.00 M M 10.6 24 220 M M 0 31 220
7 95 69 82 2 0 17 0.00 M M 5.9 17 260 M M 0 22 260
8 97 66 82 2 0 17 0.00 M M 3.7 16 240 M M 0 21 250
9 100 65 83 3 0 18 0.00 M M 3.9 12 260 M M 0 17 310
10 98 74 86 6 0 21 0.01 M M 6.1 32 140 M M 2 3 40 130
11 97 69 83 4 0 18 0.03 M M 8.2 39 140 M M 2 38 54 150
12 94 64 79 0 0 14 0.00 M M 4.8 24 160 M M 0 31 150
13 95 65 80 1 0 15 0.00 M M 4.6 18 240 M M 1 3 26 240
14 92 67 80 1 0 15 0.12 M M 6.2 37 120 M M 3 38 52 120
15 87 64 76 -2 0 11 0.01 M M 8.2 28 40 M M 3 3 34 40
16 87 67 77 -1 0 12 0.21 M M 4.2 21 230 M M 5 3 27 230
17 92 65 79 1 0 14 0.00 M M 4.4 15 110 M M 0 25 40
18 95 69 82 4 0 17 0.00 M M 5.5 17 120 M M 0 26 40
19 79 64 72 -5 0 7 0.04 M M 8.0 30 180 M M 5 3 38 170
20 84 62 73 -4 0 8 0.01 M M 6.8 35 300 M M 4 38 42 290
21 86 58 72 -5 0 7 0.00 M M 3.3 15 40 M M 1 22 30
22 92 61 77 1 0 12 0.00 M M 3.8 15 60 M M 0 20 260
23 95 66 81 5 0 16 0.00 M M 5.0 26 40 M M 0 38 40
24 95 65 80 4 0 15 0.00 M M 5.4 15 190 M M 0 20 170
25 81 67 74 -2 0 9 0.04 M M 5.1 15 220 M M 4 20 140
26 89 60 75 0 0 10 T M M 7.9 35 300 M M 1 3 43 300
27 90 57 74 -1 0 9 T M M 5.5 29 50 M M 1 33 50
28 93 63 78 3 0 13 0.00 M M 4.7 25 290 M M 0 33 250
29 94 66 80 5 0 15 0.00 M M 5.2 14 80 M M 0 18 110
30 98 60 79 5 0 14 0.00 M M 4.3 13 150 M M 0 18 150
31 99 61 80 6 0 15 0.00 M M 3.2 15 290 M M 0 19 270
================================================================================
SM 2881 2030 0 447 0.62 M 176.4 M 37
================================================================================
AV 92.9 65.5 5.7 FASTST M M 1 MAX(MPH)
MISC ----> 39 140 54 150
================================================================================
NOTES:
# LAST OF SEVERAL OCCURRENCES
COLUMN 17 PEAK WIND IN M.P.H.
PRELIMINARY LOCAL CLIMATOLOGICAL DATA (WS FORM: F-6) , PAGE 2
STATION: CANYONLANDS AIRPORT UT
MONTH: AUGUST
YEAR: 2022
LATITUDE: 38 46 N
LONGITUDE: 109 45 W
[TEMPERATURE DATA] [PRECIPITATION DATA] SYMBOLS USED IN COLUMN 16
AVERAGE MONTHLY: 79.2 TOTAL FOR MONTH: 0.62 1 = FOG OR MIST
DPTR FM NORMAL: 1.2 DPTR FM NORMAL: -0.01 2 = FOG REDUCING VISIBILITY
HIGHEST: 100 ON 9, 4 GRTST 24HR 0.21 ON 16-16 TO 1/4 MILE OR LESS
LOWEST: 57 ON 27 3 = THUNDER
SNOW, ICE PELLETS, HAIL 4 = ICE PELLETS
TOTAL MONTH: M 5 = HAIL
GRTST 24HR M ON M 6 = FREEZING RAIN OR DRIZZLE
GRTST DEPTH: M ON M 7 = DUSTSTORM OR SANDSTORM:
VSBY 1/2 MILE OR LESS
8 = SMOKE OR HAZE
[NO. OF DAYS WITH] [WEATHER - DAYS WITH] 9 = BLOWING SNOW
X = TORNADO
MAX 32 OR BELOW: 0 0.01 INCH OR MORE: 9
MAX 90 OR ABOVE: 24 0.10 INCH OR MORE: 3
MIN 32 OR BELOW: 0 0.50 INCH OR MORE: 0
MIN 0 OR BELOW: 0 1.00 INCH OR MORE: 0
[HDD (BASE 65) ]
TOTAL THIS MO. 0 CLEAR (SCALE 0-3) 27
DPTR FM NORMAL -1 PTCLDY (SCALE 4-7) 4
TOTAL FM JUL 1 0 CLOUDY (SCALE 8-10) 0
DPTR FM NORMAL 0
[CDD (BASE 65) ]
TOTAL THIS MO. 447
DPTR FM NORMAL 45 [PRESSURE DATA]
TOTAL FM JAN 1 1392 HIGHEST SLP M ON M
DPTR FM NORMAL 130 LOWEST SLP 29.68 ON 28
[REMARKS]
#FINAL-08-22#