000
CXUS55 KRIW 011146
CF6COD
PRELIMINARY LOCAL CLIMATOLOGICAL DATA (WS FORM: F-6)
STATION: CODY WY
MONTH: JANUARY
YEAR: 2021
LATITUDE: 44 31 N
LONGITUDE: 109 1 W
TEMPERATURE IN F: :PCPN: SNOW: WIND :SUNSHINE: SKY :PK WND
================================================================================
1 2 3 4 5 6A 6B 7 8 9 10 11 12 13 14 15 16 17 18
12Z AVG MX 2MIN
DY MAX MIN AVG DEP HDD CDD WTR SNW DPTH SPD SPD DIR MIN PSBL S-S WX SPD DR
================================================================================
1 43 21 32 6 33 0 0.00 M M 10.1 18 210 M M 0 24 210
2 40 19 30 4 35 0 0.00 M M 16.3 31 260 M M 1 48 250
3 47 25 36 10 29 0 0.00 M M 17.4 25 260 M M 1 44 250
4 45 34 40 14 25 0 0.00 M M 11.7 24 270 M M 0 41 270
5 45 32 39 13 26 0 T M M 10.5 21 310 M M 2 35 220
6 42 19 31 4 34 0 0.00 M M 4.9 12 290 M M 0 22 290
7 41 24 33 6 32 0 T M M 6.0 16 20 M M 4 M M
8 39 23 31 4 34 0 T M M 2.8 9 110 M M 7 1 M M
9 36 17 27 0 38 0 0.00 M M 4.0 7 200 M M 4 M M
10 38 13 26 -1 39 0 0.00 M M 5.2 15 200 M M 0 M M
11 46 13 30 3 35 0 0.00 M M 4.8 15 250 M M 0 28 250
12 55 27 41 14 24 0 0.00 M M 15.2 30 250 M M 0 52 250
13 56 32 44 17 21 0 0.00 M M 18.2 36 290 M M 2 54 230
14 35 15 25 -2 40 0 0.00 M M 8.7 18 10 M M 0 25 320
15 43 10 27 0 38 0 0.00 M M 5.8 16 270 M M 2 27 260
16 42 23 33 6 32 0 0.00 M M 5.1 13 270 M M 1 17 270
17 48 26 37 10 28 0 0.00 M M 11.5 22 250 M M 2 37 260
18 37 18 28 1 37 0 T M M 7.0 14 340 M M 7 1 21 350
19 40 31 36 9 29 0 0.00 M M 10.8 23 250 M M 0 48 270
20 44 32 38 11 27 0 0.00 M M 15.3 28 260 M M 0 50 250
21 34 21 28 1 37 0 T M M 7.2 13 10 M M 1 1 M M
22 31 17 24 -3 41 0 T M M 3.7 12 110 M M 4 1 M M
23 27 17 22 -5 43 0 T M M 6.5 15 50 M M 8 M M
24 37 7 22 -5 43 0 0.00 M M 6.1 15 200 M M 0 M M
25 31 9 20 -7 45 0 T M M 5.5 10 40 M M 1 1 M M
26 32 7 20 -7 45 0 T M M 3.7 9 90 M M 4 1 M M
27 38 6 22 -5 43 0 0.00 M M 8.7 17 170 M M 0 17 160
28 50 14 32 5 33 0 0.00 M M 7.0 15 100 M M 0 17 100
29 48 21 35 8 30 0 0.00 M M 3.5 9 50 M M 0 M M
30 39 24 32 5 33 0 T M M 6.6 17 260 M M 3 12 32 260
31 47 17 32 5 33 0 0.00 M M 10.6 27 220 M M 0 35 230
================================================================================
SM 1276 614 1062 0 T M 260.4 M 54
================================================================================
AV 41.2 19.8 8.4 FASTST M M 2 MAX(MPH)
MISC ----> 36 290 54 230
================================================================================
NOTES:
# LAST OF SEVERAL OCCURRENCES
COLUMN 17 PEAK WIND IN M.P.H.
PRELIMINARY LOCAL CLIMATOLOGICAL DATA (WS FORM: F-6) , PAGE 2
STATION: CODY WY
MONTH: JANUARY
YEAR: 2021
LATITUDE: 44 31 N
LONGITUDE: 109 1 W
[TEMPERATURE DATA] [PRECIPITATION DATA] SYMBOLS USED IN COLUMN 16
AVERAGE MONTHLY: 30.5 TOTAL FOR MONTH: T 1 = FOG OR MIST
DPTR FM NORMAL: 3.6 DPTR FM NORMAL: M 2 = FOG REDUCING VISIBILITY
HIGHEST: 56 ON 13 GRTST 24HR 0.08 ON 30-30 TO 1/4 MILE OR LESS
LOWEST: 6 ON 27 3 = THUNDER
SNOW, ICE PELLETS, HAIL 4 = ICE PELLETS
TOTAL MONTH: M 5 = HAIL
GRTST 24HR M ON M 6 = FREEZING RAIN OR DRIZZLE
GRTST DEPTH: M ON M 7 = DUSTSTORM OR SANDSTORM:
VSBY 1/2 MILE OR LESS
8 = SMOKE OR HAZE
[NO. OF DAYS WITH] [WEATHER - DAYS WITH] 9 = BLOWING SNOW
X = TORNADO
MAX 32 OR BELOW: 4 0.01 INCH OR MORE: 0
MAX 90 OR ABOVE: 0 0.10 INCH OR MORE: 0
MIN 32 OR BELOW: 30 0.50 INCH OR MORE: 0
MIN 0 OR BELOW: 0 1.00 INCH OR MORE: 0
[HDD (BASE 65) ]
TOTAL THIS MO. 1062 CLEAR (SCALE 0-3) 24
DPTR FM NORMAL -112 PTCLDY (SCALE 4-7) 6
TOTAL FM JUL 1 3845 CLOUDY (SCALE 8-10) 1
DPTR FM NORMAL 95
[CDD (BASE 65) ]
TOTAL THIS MO. 0
DPTR FM NORMAL 0 [PRESSURE DATA]
TOTAL FM JAN 1 0 HIGHEST SLP M ON M
DPTR FM NORMAL 0 LOWEST SLP M ON M
[REMARKS]
#FINAL-01-21#