967
CXUS51 KGYX 010900
CF6CON
PRELIMINARY LOCAL CLIMATOLOGICAL DATA (WS FORM: F-6)
STATION: CONCORD NH
MONTH: AUGUST
YEAR: 2020
LATITUDE: 43 12 N
LONGITUDE: 71 30 W
TEMPERATURE IN F: :PCPN: SNOW: WIND :SUNSHINE: SKY :PK WND
================================================================================
1 2 3 4 5 6A 6B 7 8 9 10 11 12 13 14 15 16 17 18
12Z AVG MX 2MIN
DY MAX MIN AVG DEP HDD CDD WTR SNW DPTH SPD SPD DIR MIN PSBL S-S WX SPD DR
================================================================================
1 89 59 74 4 0 9 0.00 0.0 0 3.4 10 320 M M 0 16 250
2 86 63 75 5 0 10 T 0.0 0 6.4 18 180 M M 8 25 170
3 89 66 78 8 0 13 T 0.0 0 8.5 22 250 M M 2 31 230
4 78 66 72 2 0 7 0.21 0.0 0 9.7 29 150 M M 6 1 42 100
5 88 58 73 3 0 8 0.00 0.0 0 7.6 17 240 M M 1 22 240
6 82 52 67 -3 0 2 0.00 0.0 0 3.8 15 320 M M 0 21 290
7 85 52 69 -1 0 4 0.00 0.0 0 3.5 12 140 M M 2 16 150
8 85 63 74 4 0 9 T 0.0 0 4.4 9 200 M M 6 14 290
9 91 60 76 6 0 11 0.00 0.0 0 4.1 15 230 M M 3 20 220
10 93 64 79 9 0 14 0.00 0.0 0 3.3 15 240 M M 1 22 300
11 96 66 81 12 0 16 0.00 0.0 0 6.0 17 230 M M 0 3 24 240
12 91 64 78 9 0 13 T 0.0 0 5.8 16 310 M M 2 20 310
13 88 58 73 4 0 8 0.00 0.0 0 2.3 13 280 M M 1 19 270
14 90 60 75 6 0 10 0.00 0.0 0 2.6 12 60 M M 4 17 10
15 75 57 66 -3 0 1 T 0.0 0 3.7 13 30 M M 6 19 10
16 72 55 64 -5 1 0 0.00 0.0 0 4.7 14 80 M M 7 19 100
17 83 57 70 1 0 5 0.01 0.0 0 4.7 16 140 M M 3 20 150
18 85 55 70 2 0 5 0.03 0.0 0 5.2 21 300 M M 4 1 27 310
19 80 49 65 -3 0 0 0.05 0.0 0 2.2 16 310 M M 3 1 23 320
20 80 46 63 -5 2 0 0.00 0.0 0 4.1 17 320 M M 0 1 24 270
21 92 50 71 3 0 6 0.01 0.0 0 4.9 28 310 M M 1 1 37 310
22 88 57 73 5 0 8 0.01 0.0 0 3.5 17 260 M M 4 12 25 250
23 89 57 73 5 0 8 0.15 0.0 0 3.2 13 90 M M 4 123 16 130
24 91 62 77 10 0 12 T 0.0 0 2.7 29 210 M M 2 123 36 200
25 90 61 76 9 0 11 0.14 0.0 0 7.9 32 310 M M 3 123 46 300
26 73 50 62 -5 3 0 0.00 0.0 0 11.7 23 300 M M 0 33 300
27 63 46 55 -12 10 0 0.04 0.0 0 2.7 8 210 M M 5 12 270
28 81 52 67 1 0 2 0.00 0.0 0 4.9 15 270 M M 3 23 290
29 66 57 62 -4 3 0 0.85 0.0 0 3.2 17 310 M M 9 12 21 300
30 72 48 60 -6 5 0 0.00 0.0 0 11.1 30 310 M M 3 12 40 330
31 76 43 60 -6 5 0 0.00 0.0 0 2.7 12 230 M M 1 23 230
================================================================================
SM 2587 1753 29 192 1.50 0.0 154.5 M 94
================================================================================
AV 83.5 56.6 5.0 FASTST M M 3 MAX(MPH)
MISC ----> # 32 310 # 46 300
================================================================================
NOTES:
# LAST OF SEVERAL OCCURRENCES
COLUMN 17 PEAK WIND IN M.P.H.
PRELIMINARY LOCAL CLIMATOLOGICAL DATA (WS FORM: F-6) , PAGE 2
STATION: CONCORD NH
MONTH: AUGUST
YEAR: 2020
LATITUDE: 43 12 N
LONGITUDE: 71 30 W
[TEMPERATURE DATA] [PRECIPITATION DATA] SYMBOLS USED IN COLUMN 16
AVERAGE MONTHLY: 70.0 TOTAL FOR MONTH: 1.50 1 = FOG OR MIST
DPTR FM NORMAL: 1.5 DPTR FM NORMAL: -1.68 2 = FOG REDUCING VISIBILITY
HIGHEST: 96 ON 11 GRTST 24HR 0.85 ON 29-29 TO 1/4 MILE OR LESS
LOWEST: 43 ON 31 3 = THUNDER
SNOW, ICE PELLETS, HAIL 4 = ICE PELLETS
TOTAL MONTH: 0.0 INCH 5 = HAIL
GRTST 24HR 0.0 6 = FREEZING RAIN OR DRIZZLE
GRTST DEPTH: 0 7 = DUSTSTORM OR SANDSTORM:
VSBY 1/2 MILE OR LESS
8 = SMOKE OR HAZE
[NO. OF DAYS WITH] [WEATHER - DAYS WITH] 9 = BLOWING SNOW
X = TORNADO
MAX 32 OR BELOW: 0 0.01 INCH OR MORE: 10
MAX 90 OR ABOVE: 8 0.10 INCH OR MORE: 4
MIN 32 OR BELOW: 0 0.50 INCH OR MORE: 1
MIN 0 OR BELOW: 0 1.00 INCH OR MORE: 0
[HDD (BASE 65) ]
TOTAL THIS MO. 29 CLEAR (SCALE 0-3) 18
DPTR FM NORMAL -2 PTCLDY (SCALE 4-7) 12
TOTAL FM JUL 1 29 CLOUDY (SCALE 8-10) 1
DPTR FM NORMAL -19
[CDD (BASE 65) ]
TOTAL THIS MO. 192
DPTR FM NORMAL 53 [PRESSURE DATA]
TOTAL FM JAN 1 676 HIGHEST SLP M ON M
DPTR FM NORMAL 263 LOWEST SLP 29.39 ON 29
[REMARKS]
#FINAL-08-20#