000
CXUS54 KCRP 011310
CF6COT
PRELIMINARY LOCAL CLIMATOLOGICAL DATA (WS FORM: F-6)
STATION: COTULLA
MONTH: FEBRUARY
YEAR: 2021
LATITUDE: 28 27 N
LONGITUDE: 99 13 W
TEMPERATURE IN F: :PCPN: SNOW: WIND :SUNSHINE: SKY :PK WND
================================================================================
1 2 3 4 5 6A 6B 7 8 9 10 11 12 13 14 15 16 17 18
12Z AVG MX 2MIN
DY MAX MIN AVG DEP HDD CDD WTR SNW DPTH SPD SPD DIR MIN PSBL S-S WX SPD DR
================================================================================
1 73 39 56 -1 9 0 0.00 0.0 0 4.8 10 120 M M 0 16 50
2 74 41 58 1 7 0 0.00 0.0 0 6.5 15 140 M M 0 21 150
3 83 48 66 9 0 1 0.00 0.0 0 8.4 14 140 M M 0 21 150
4 90 55 73 16 0 8 0.00 0.0 0 M M M M M 2 12 M M
5 70 49 60 3 5 0 0.00 0.0 0 10.0 22 60 M M 5 32 70
6 82 49 66 8 0 1 0.00 0.0 0 9.3 24 330 M M 5 18 31 330
7 81 44 63 5 2 0 0.00 0.0 0 10.1 21 140 M M 0 26 140
8 81 58 70 12 0 5 0.00 0.0 0 5.8 15 130 M M 4 1 17 150
9 87 61 74 16 0 9 0.00 0.0 0 8.8 21 130 M M 6 128 25 130
10 69 47 58 0 7 0 T 0.0 0 11.0 17 80 M M 10 18 23 70
11 47 41 44 -14 21 0 0.52 0.0 0 9.6 18 50 M M 10 13 24 60
12 43 37 40 -18 25 0 0.00 0.0 0 9.4 16 20 M M 10 18 20 10
13 38 34 36 -23 29 0 0.01 0.0 0 8.7 14 50 M M 10 18 17 10
14 34 23 29 -30 36 0 0.01 T 0 11.8 21 350 M M 10 16 28 20
15 23 17 20 -39 45 0 0.02 T 0 18.4 22 340 M M 10 1 28 340
16 M M M M M M M M M M M M M M M M M
17 M M M M M M M M M M M M M M M M M
18 38 16 27 -33 38 0 M M M M M M M M M M M
19 52 26 39 -21 26 0 0.00 0.0 0 M M M M M M M M
20 70 30 50 -10 15 0 0.00 0.0 0 M M M M M M M M
21 81 46 64 4 1 0 0.00 0.0 0 M M M M M M M M
22 82 55 69 9 0 4 0.00 0.0 0 M M M M M M M M
23 86 50 68 7 0 3 0.00 0.0 0 8.9 18 140 M M 0 18 27 160
24 88 62 75 14 0 10 0.00 0.0 0 5.9 13 110 M M 4 17 90
25 82 66 74 13 0 9 0.00 0.0 0 10.3 17 40 M M 5 1 22 20
26 72 59 66 5 0 1 0.00 0.0 0 5.7 13 340 M M 7 18 16 340
27 86 60 73 11 0 8 0.00 0.0 M 9.7 17 130 M M 7 18 23 170
28 84 71 78 16 0 13 0.00 0.0 0 7.3 14 150 M M 6 19 130
================================================================================
SM 1796 1184 266 72 0.56 T 180.4 M 111
================================================================================
AV 69.1 45.5 9.0 FASTST M M 5 MAX(MPH)
MISC ----> 24 330 32 70
================================================================================
NOTES:
# LAST OF SEVERAL OCCURRENCES
COLUMN 17 PEAK WIND IN M.P.H.
PRELIMINARY LOCAL CLIMATOLOGICAL DATA (WS FORM: F-6) , PAGE 2
STATION: COTULLA
MONTH: FEBRUARY
YEAR: 2021
LATITUDE: 28 27 N
LONGITUDE: 99 13 W
[TEMPERATURE DATA] [PRECIPITATION DATA] SYMBOLS USED IN COLUMN 16
AVERAGE MONTHLY: 57.3 TOTAL FOR MONTH: 0.56 1 = FOG OR MIST
DPTR FM NORMAL: -1.8 DPTR FM NORMAL: -0.82 2 = FOG REDUCING VISIBILITY
HIGHEST: 90 ON 4 GRTST 24HR 0.52 ON 11-11 TO 1/4 MILE OR LESS
LOWEST: 16 ON 18 3 = THUNDER
SNOW, ICE PELLETS, HAIL 4 = ICE PELLETS
TOTAL MONTH: T 5 = HAIL
GRTST 24HR T ON 14-14 6 = FREEZING RAIN OR DRIZZLE
GRTST DEPTH: 0 7 = DUSTSTORM OR SANDSTORM:
VSBY 1/2 MILE OR LESS
8 = SMOKE OR HAZE
[NO. OF DAYS WITH] [WEATHER - DAYS WITH] 9 = BLOWING SNOW
X = TORNADO
MAX 32 OR BELOW: 1 0.01 INCH OR MORE: 4
MAX 90 OR ABOVE: 1 0.10 INCH OR MORE: 1
MIN 32 OR BELOW: 5 0.50 INCH OR MORE: 1
MIN 0 OR BELOW: 0 1.00 INCH OR MORE: 0
[HDD (BASE 65) ]
TOTAL THIS MO. 266 CLEAR (SCALE 0-3) 6
DPTR FM NORMAL 62 PTCLDY (SCALE 4-7) 9
TOTAL FM JUL 1 815 CLOUDY (SCALE 8-10) 13
DPTR FM NORMAL -165
[CDD (BASE 65) ]
TOTAL THIS MO. 72
DPTR FM NORMAL 34 [PRESSURE DATA]
TOTAL FM JAN 1 97 HIGHEST SLP 30.62 ON 19
DPTR FM NORMAL 43 LOWEST SLP 29.69 ON 4
[REMARKS]
#FINAL-02-21#