000
CXUS53 KLSX 091554 CCA
CF6COU
PRELIMINARY LOCAL CLIMATOLOGICAL DATA (WS FORM: F-6)
STATION: COLUMBIA ASOS
MONTH: NOVEMBER
YEAR: 2020
LATITUDE: 38 49 N
LONGITUDE: 92 13 W
TEMPERATURE IN F: :PCPN: SNOW: WIND :SUNSHINE: SKY :PK WND
================================================================================
1 2 3 4 5 6A 6B 7 8 9 10 11 12 13 14 15 16 17 18
12Z AVG MX 2MIN
DY MAX MIN AVG DEP HDD CDD WTR SNW DPTH SPD SPD DIR MIN PSBL S-S WX SPD DR
================================================================================
1 53 32 43 -8 22 0 0.00 0.0 0 12.0 24 330 M M 0 8 33 320
2 62 26 44 -7 21 0 0.00 0.0 0 8.1 17 210 M M 0 23 220
3 74 39 57 7 8 0 0.00 0.0 0 8.4 16 210 M M 0 23 210
4 76 47 62 12 3 0 0.00 0.0 0 10.3 20 210 M M 0 28 210
5 74 51 63 14 2 0 0.00 0.0 0 7.2 14 190 M M 0 17 240
6 74 50 62 13 3 0 0.00 0.0 0 7.9 14 170 M M 0 18 200
7 74 47 61 12 4 0 0.00 0.0 0 10.0 20 210 M M 1 26 200
8 76 58 67 19 0 2 0.00 0.0 0 11.6 25 160 M M 3 34 170
9 75 61 68 20 0 3 0.00 0.0 0 13.0 24 180 M M 5 32 180
10 76 36 56 9 9 0 0.58 0.0 0 16.7 39 240 M M 7 1238 52 250
11 55 30 43 -4 22 0 0.00 0.0 0 3.0 12 310 M M 0 8 16 310
12 59 33 46 0 19 0 0.00 0.0 0 9.3 25 340 M M 3 34 330
13 48 26 37 -9 28 0 0.00 0.0 0 6.6 23 330 M M 1 18 30 340
14 61 39 50 5 15 0 0.37 0.0 0 15.2 23 260 M M 9 13 35 280
15 55 36 46 1 19 0 0.00 0.0 0 17.0 32 280 M M 2 47 280
16 64 32 48 4 17 0 0.00 0.0 0 10.9 24 250 M M 0 36 240
17 52 33 43 -1 22 0 0.00 0.0 0 7.6 12 140 M M 1 17 130
18 65 37 51 8 14 0 0.00 0.0 0 15.2 24 190 M M 0 32 190
19 74 53 64 21 1 0 0.00 0.0 0 16.2 31 200 M M 1 43 210
20 63 50 57 15 8 0 0.01 0.0 0 8.8 20 40 M M 9 26 40
21 50 43 47 5 18 0 0.42 0.0 0 10.4 20 60 M M 10 1 28 60
22 49 38 44 3 21 0 0.00 0.0 0 8.6 16 50 M M 7 1 21 40
23 42 30 36 -5 29 0 0.13 T 0 6.8 15 110 M M 5 1 22 120
24 55 42 49 9 16 0 1.01 0.0 0 12.8 23 160 M M 10 1 29 170
25 52 42 47 7 18 0 0.23 0.0 0 9.7 21 300 M M 10 1 29 100
26 54 39 47 8 18 0 0.00 0.0 0 6.5 13 250 M M 5 18 230
27 53 37 45 6 20 0 0.00 0.0 0 8.1 18 340 M M 3 23 340
28 56 34 45 7 20 0 0.00 0.0 0 6.2 13 240 M M 0 16 240
29 48 31 40 2 25 0 0.00 0.0 0 11.9 29 330 M M 6 41 340
30 36 25 31 -6 34 0 0.00 0.0 0 11.2 24 340 M M 2 33 330
================================================================================
SM 1805 1177 456 5 2.75 T 307.2 M 100
================================================================================
AV 60.2 39.2 10.2 FASTST M M 3 MAX(MPH)
MISC ----> 39 240 52 250
================================================================================
NOTES:
# LAST OF SEVERAL OCCURRENCES
COLUMN 17 PEAK WIND IN M.P.H.
PRELIMINARY LOCAL CLIMATOLOGICAL DATA (WS FORM: F-6) , PAGE 2
STATION: COLUMBIA ASOS
MONTH: NOVEMBER
YEAR: 2020
LATITUDE: 38 49 N
LONGITUDE: 92 13 W
[TEMPERATURE DATA] [PRECIPITATION DATA] SYMBOLS USED IN COLUMN 16
AVERAGE MONTHLY: 49.7 TOTAL FOR MONTH: 2.75 1 = FOG OR MIST
DPTR FM NORMAL: 5.3 DPTR FM NORMAL: -0.50 2 = FOG REDUCING VISIBILITY
HIGHEST: 76 ON 10, 8 GRTST 24HR 1.24 ON 24-25 TO 1/4 MILE OR LESS
LOWEST: 25 ON 30 3 = THUNDER
SNOW, ICE PELLETS, HAIL 4 = ICE PELLETS
TOTAL MONTH: T 5 = HAIL
GRTST 24HR T ON 23 6 = FREEZING RAIN OR DRIZZLE
GRTST DEPTH: 0 7 = DUSTSTORM OR SANDSTORM:
VSBY 1/2 MILE OR LESS
8 = SMOKE OR HAZE
[NO. OF DAYS WITH] [WEATHER - DAYS WITH] 9 = BLOWING SNOW
X = TORNADO
MAX 32 OR BELOW: 0 0.01 INCH OR MORE: 7
MAX 90 OR ABOVE: 0 0.10 INCH OR MORE: 6
MIN 32 OR BELOW: 8 0.50 INCH OR MORE: 2
MIN 0 OR BELOW: 0 1.00 INCH OR MORE: 1
[HDD (BASE 65) ]
TOTAL THIS MO. 456 CLEAR (SCALE 0-3) 19
DPTR FM NORMAL -164 PTCLDY (SCALE 4-7) 6
TOTAL FM JUL 1 846 CLOUDY (SCALE 8-10) 5
DPTR FM NORMAL -139
[CDD (BASE 65) ]
TOTAL THIS MO. 5
DPTR FM NORMAL 3 [PRESSURE DATA]
TOTAL FM JAN 1 1409 HIGHEST SLP 30.60 ON 17
DPTR FM NORMAL 160 LOWEST SLP 29.47 ON 14
[REMARKS]
#FINAL-11-20#