000
CXUS54 KFWD 190730
CF6CPT
PRELIMINARY LOCAL CLIMATOLOGICAL DATA (WS FORM: F-6)
STATION: CLEBURNE
MONTH: APRIL
YEAR: 2024
LATITUDE: 32 21 N
LONGITUDE: 97 24 W
TEMPERATURE IN F: :PCPN: SNOW: WIND :SUNSHINE: SKY :PK WND
================================================================================
1 2 3 4 5 6A 6B 7 8 9 10 11 12 13 14 15 16 17 18
12Z AVG MX 2MIN
DY MAX MIN AVG DEP HDD CDD WTR SNW DPTH SPD SPD DIR MIN PSBL S-S WX SPD DR
================================================================================
1 77 64 71 10 0 6 0.44 M M 14.0 23 180 M M 8 138 44 340
2 64 46 55 -6 10 0 0.00 M M 13.1 25 320 M M 5 3 31 320
3 70 45 58 -3 7 0 0.00 M M 9.3 17 340 M M 0 22 310
4 81 46 64 2 1 0 0.00 M M 3.1 8 200 M M 0 14 200
5 84 64 74 12 0 9 0.00 M M 12.7 18 160 M M 0 24 160
6 75 61 68 6 0 3 0.00 M M 17.4 26 170 M M 6 35 170
7 77 52 65 3 0 0 0.00 M M 8.8 16 290 M M 2 22 290
8 81 54 68 5 0 3 0.00 M M 7.7 14 130 M M 4 1 28 80
9 70 63 67 4 0 2 0.00 M M 12.8 21 70 M M 10 13 29 70
10 63 50 57 -6 8 0 0.26 M M 11.2 28 340 M M 7 13 36 330
11 72 48 60 -4 5 0 0.00 M M 10.1 17 350 M M 0 28 290
12 77 48 63 -1 2 0 0.00 M M 8.4 16 170 M M 0 25 160
13 79 55 67 3 0 2 0.00 M M 13.8 25 170 M M 0 33 170
14 79 63 71 7 0 6 0.00 M M 12.5 17 160 M M 2 23 170
15 79 68 74 9 0 9 0.00 M M 14.5 21 140 M M 8 31 140
16 82 68 75 10 0 10 0.00 M M 10.7 17 170 M M 3 1 26 170
17 82 70 76 11 0 11 0.00 M M 10.4 17 140 M M 5 18 25 140
18 86 64 75 9 0 10 M M M 9.6 16 350 M M 7 1 24 350
================================================================================
SM 1378 1029 33 71 0.70 M 200.2 M 67
================================================================================
AV 76.6 57.2 11.1 FASTST M M 4 MAX(MPH)
MISC ----> 28 340 44 340
================================================================================
NOTES:
# LAST OF SEVERAL OCCURRENCES
COLUMN 17 PEAK WIND IN M.P.H.
PRELIMINARY LOCAL CLIMATOLOGICAL DATA (WS FORM: F-6) , PAGE 2
STATION: CLEBURNE
MONTH: APRIL
YEAR: 2024
LATITUDE: 32 21 N
LONGITUDE: 97 24 W
[TEMPERATURE DATA] [PRECIPITATION DATA] SYMBOLS USED IN COLUMN 16
AVERAGE MONTHLY: 66.9 TOTAL FOR MONTH: 0.70 1 = FOG OR MIST
DPTR FM NORMAL: 3.7 DPTR FM NORMAL: -0.90 2 = FOG REDUCING VISIBILITY
HIGHEST: 86 ON 18 GRTST 24HR 0.44 ON 1- 1 TO 1/4 MILE OR LESS
LOWEST: 45 ON 3 3 = THUNDER
SNOW, ICE PELLETS, HAIL 4 = ICE PELLETS
TOTAL MONTH: M 5 = HAIL
GRTST 24HR M ON M 6 = FREEZING RAIN OR DRIZZLE
GRTST DEPTH: M ON M 7 = DUSTSTORM OR SANDSTORM:
VSBY 1/2 MILE OR LESS
8 = SMOKE OR HAZE
[NO. OF DAYS WITH] [WEATHER - DAYS WITH] 9 = BLOWING SNOW
X = TORNADO
MAX 32 OR BELOW: 0 0.01 INCH OR MORE: 2
MAX 90 OR ABOVE: 0 0.10 INCH OR MORE: 2
MIN 32 OR BELOW: 0 0.50 INCH OR MORE: 0
MIN 0 OR BELOW: 0 1.00 INCH OR MORE: 0
[HDD (BASE 65) ]
TOTAL THIS MO. 33 CLEAR (SCALE 0-3) 8
DPTR FM NORMAL -42 PTCLDY (SCALE 4-7) 9
TOTAL FM JUL 1 1914 CLOUDY (SCALE 8-10) 1
DPTR FM NORMAL -505
[CDD (BASE 65) ]
TOTAL THIS MO. 71
DPTR FM NORMAL 29 [PRESSURE DATA]
TOTAL FM JAN 1 133 HIGHEST SLP M ON M
DPTR FM NORMAL 68 LOWEST SLP M ON M
[REMARKS]