000
CXUS52 KILM 011000
CF6CRE
PRELIMINARY LOCAL CLIMATOLOGICAL DATA (WS FORM: F-6)
STATION: N.MYRTLE BEACH SOUTH CAROLINA
MONTH: JUNE
YEAR: 2023
LATITUDE: 33 49 N
LONGITUDE: 78 43 W
TEMPERATURE IN F: :PCPN: SNOW: WIND :SUNSHINE: SKY :PK WND
================================================================================
1 2 3 4 5 6A 6B 7 8 9 10 11 12 13 14 15 16 17 18
12Z AVG MX 2MIN
DY MAX MIN AVG DEP HDD CDD WTR SNW DPTH SPD SPD DIR MIN PSBL S-S WX SPD DR
================================================================================
1 79 65 72 -2 0 7 T M M 5.6 15 40 M M 7 1 20 20
2 79 65 72 -3 0 7 0.33 M M 5.8 16 40 M M 8 1 22 40
3 80 67 74 -1 0 9 0.00 M M 8.1 14 80 M M 2 1 19 90
4 70 61 66 -9 0 1 0.00 M M 12.7 24 40 M M 6 29 50
5 75 55 65 -10 0 0 0.00 M M 7.1 15 60 M M 0 19 50
6 78 58 68 -8 0 3 0.00 M M 8.3 24 210 M M 1 13 27 210
7 86 67 77 1 0 12 0.01 M M 8.4 24 220 M M 2 3 32 220
8 78 62 70 -6 0 5 0.17 M M 2.7 12 210 M M 5 13 15 240
9 82 56 69 -7 0 4 0.00 M M 3.2 13 180 M M 2 1 15 190
10 82 56 69 -7 0 4 0.00 M M 5.8 14 170 M M 0 1 17 160
11 80 66 73 -4 0 8 0.21 M M 7.3 18 240 M M 3 123 24 230
12 82 71 77 0 0 12 0.18 M M 15.0 29 220 M M 2 13 35 250
13 88 70 79 2 0 14 0.00 M M 8.0 18 230 M M 0 1 26 170
14 87 69 78 1 0 13 T M M 10.4 26 250 M M 1 35 260
15 85 67 76 -2 0 11 0.00 M M 10.3 23 220 M M 3 28 210
16 87 68 78 0 0 13 0.00 M M 8.1 20 210 M M 3 23 210
17 80 67 74 -4 0 9 0.00 M M 7.3 14 180 M M 0 8 17 190
18 82 65 74 -4 0 9 0.00 M M 5.5 13 140 M M 1 18 16 190
19 83 72 78 0 0 13 0.35 M M 7.1 25 150 M M 5 13 35 150
20 81 72 77 -2 0 12 0.25 M M 6.4 16 180 M M 7 13 24 150
21 81 69 75 -4 0 10 0.02 M M 6.4 14 190 M M 6 19 180
22 83 71 77 -2 0 12 0.65 M M 13.5 30 200 M M 5 13 38 210
23 82 70 76 -3 0 11 0.63 M M 13.7 44 220 M M 5 13 54 230
24 87 73 80 1 0 15 0.00 M M 8.3 21 200 M M 4 26 210
25 86 71 79 -1 0 14 0.00 M M 9.2 18 210 M M 1 24 200
26 85 76 81 1 0 16 0.00 M M 16.4 30 210 M M 1 39 210
27 90 70 80 0 0 15 0.26 M M 8.2 26 220 M M 2 13 33 230
28 87 70 79 -1 0 14 0.00 M M 4.8 13 50 M M 1 1 16 60
29 89 71 80 0 0 15 0.00 M M 4.1 13 140 M M 1 12 17 130
30 88 70 79 -1 0 14 0.00 M M 4.8 13 160 M M 0 18 16 200
================================================================================
SM 2482 2010 0 302 3.06 M 242.5 M 84
================================================================================
AV 82.7 67.0 8.1 FASTST M M 3 MAX(MPH)
MISC ----> 44 220 54 230
================================================================================
NOTES:
# LAST OF SEVERAL OCCURRENCES
COLUMN 17 PEAK WIND IN M.P.H.
PRELIMINARY LOCAL CLIMATOLOGICAL DATA (WS FORM: F-6) , PAGE 2
STATION: N.MYRTLE BEACH SOUTH CAROLINA
MONTH: JUNE
YEAR: 2023
LATITUDE: 33 49 N
LONGITUDE: 78 43 W
[TEMPERATURE DATA] [PRECIPITATION DATA] SYMBOLS USED IN COLUMN 16
AVERAGE MONTHLY: 74.9 TOTAL FOR MONTH: 3.06 1 = FOG OR MIST
DPTR FM NORMAL: -2.6 DPTR FM NORMAL: -1.01 2 = FOG REDUCING VISIBILITY
HIGHEST: 90 ON 27 GRTST 24HR 0.89 ON 22-23 TO 1/4 MILE OR LESS
LOWEST: 55 ON 5 3 = THUNDER
SNOW, ICE PELLETS, HAIL 4 = ICE PELLETS
TOTAL MONTH: M 5 = HAIL
GRTST 24HR M ON M 6 = FREEZING RAIN OR DRIZZLE
GRTST DEPTH: M ON M 7 = DUSTSTORM OR SANDSTORM:
VSBY 1/2 MILE OR LESS
8 = SMOKE OR HAZE
[NO. OF DAYS WITH] [WEATHER - DAYS WITH] 9 = BLOWING SNOW
X = TORNADO
MAX 32 OR BELOW: 0 0.01 INCH OR MORE: 11
MAX 90 OR ABOVE: 1 0.10 INCH OR MORE: 9
MIN 32 OR BELOW: 0 0.50 INCH OR MORE: 2
MIN 0 OR BELOW: 0 1.00 INCH OR MORE: 0
[HDD (BASE 65) ]
TOTAL THIS MO. 0 CLEAR (SCALE 0-3) 19
DPTR FM NORMAL 0 PTCLDY (SCALE 4-7) 11
TOTAL FM JUL 1 1953 CLOUDY (SCALE 8-10) 0
DPTR FM NORMAL -389
[CDD (BASE 65) ]
TOTAL THIS MO. 302
DPTR FM NORMAL -75 [PRESSURE DATA]
TOTAL FM JAN 1 545 HIGHEST SLP 30.08 ON 30
DPTR FM NORMAL -80 LOWEST SLP 29.64 ON 7
[REMARKS]
#FINAL-06-23#