000
CXUS52 KILM 011000
CF6CRE
PRELIMINARY LOCAL CLIMATOLOGICAL DATA (WS FORM: F-6)
STATION: N.MYRTLE BEACH SOUTH CAROLINA
MONTH: SEPTEMBER
YEAR: 2021
LATITUDE: 33 49 N
LONGITUDE: 78 43 W
TEMPERATURE IN F: :PCPN: SNOW: WIND :SUNSHINE: SKY :PK WND
================================================================================
1 2 3 4 5 6A 6B 7 8 9 10 11 12 13 14 15 16 17 18
12Z AVG MX 2MIN
DY MAX MIN AVG DEP HDD CDD WTR SNW DPTH SPD SPD DIR MIN PSBL S-S WX SPD DR
================================================================================
1 87 77 82 4 0 17 0.03 M M 16.4 29 210 M M 4 1 36 210
2 83 70 77 -1 0 12 0.00 M M 7.6 16 20 M M 6 24 20
3 82 62 72 -6 0 7 0.00 M M 6.4 16 50 M M 0 23 50
4 81 63 72 -6 0 7 0.00 M M 6.9 15 50 M M 0 19 40
5 83 62 73 -5 0 8 0.00 M M 6.9 15 210 M M 0 18 220
6 87 71 79 1 0 14 T M M 8.5 16 210 M M 2 20 200
7 85 74 80 3 0 15 T M M 4.2 14 110 M M 6 1 18 120
8 86 73 80 3 0 15 0.14 M M 8.3 18 210 M M 3 13 24 230
9 79 69 74 -3 0 9 1.00 M M 4.7 9 120 M M 5 18 16 350
10 82 62 72 -5 0 7 0.00 M M 4.5 14 20 M M 0 20 20
11 82 61 72 -5 0 7 0.00 M M 4.6 12 120 M M 2 17 150
12 84 59 72 -4 0 7 0.00 M M 3.3 13 150 M M 0 16 30
13 84 65 75 -1 0 10 0.00 M M 4.6 12 190 M M 0 14 210
14 84 68 76 0 0 11 0.00 M M 5.2 13 160 M M 1 1 16 150
15 84 71 78 2 0 13 0.00 M M 4.6 13 140 M M 2 1 15 130
16 89 72 81 5 0 16 0.00 M M 5.6 17 50 M M 2 22 50
17 85 73 79 4 0 14 T M M 3.5 9 30 M M 3 12 20
18 85 72 79 4 0 14 0.00 M M 5.3 12 110 M M 3 1 19 100
19 85 70 78 3 0 13 0.00 M M 7.8 17 110 M M 1 24 100
20 85 73 79 4 0 14 0.11 M M 10.2 21 90 M M 4 18 26 70
21 82 73 78 4 0 13 0.83 M M 8.8 18 180 M M 8 138 26 110
22 84 75 80 6 0 15 0.29 M M 11.2 23 190 M M 6 18 30 180
23 81 62 72 -2 0 7 0.05 M M 5.5 14 240 M M 5 1 21 20
24 78 57 68 -6 0 3 0.00 M M 6.8 16 30 M M 0 23 20
25 79 58 69 -4 0 4 0.00 M M 3.5 10 310 M M 2 14 300
26 81 58 70 -3 0 5 0.00 M M 4.2 13 40 M M 0 19 40
27 80 59 70 -3 0 5 0.00 M M 6.0 15 190 M M 0 19 200
28 83 66 75 3 0 10 0.00 M M 8.4 20 210 M M 1 24 210
29 87 67 77 5 0 12 0.00 M M 5.9 13 220 M M 2 1 14 250
30 82 67 75 3 0 10 0.01 M M 6.3 16 30 M M 4 13 22 90
================================================================================
SM 2499 2009 0 314 2.46 M 195.7 M 72
================================================================================
AV 83.3 67.0 6.5 FASTST M M 2 MAX(MPH)
MISC ----> 29 210 36 210
================================================================================
NOTES:
# LAST OF SEVERAL OCCURRENCES
COLUMN 17 PEAK WIND IN M.P.H.
PRELIMINARY LOCAL CLIMATOLOGICAL DATA (WS FORM: F-6) , PAGE 2
STATION: N.MYRTLE BEACH SOUTH CAROLINA
MONTH: SEPTEMBER
YEAR: 2021
LATITUDE: 33 49 N
LONGITUDE: 78 43 W
[TEMPERATURE DATA] [PRECIPITATION DATA] SYMBOLS USED IN COLUMN 16
AVERAGE MONTHLY: 75.1 TOTAL FOR MONTH: 2.46 1 = FOG OR MIST
DPTR FM NORMAL: -0.4 DPTR FM NORMAL: -4.19 2 = FOG REDUCING VISIBILITY
HIGHEST: 89 ON 16 GRTST 24HR 1.11 ON 8- 9 TO 1/4 MILE OR LESS
LOWEST: 57 ON 24 3 = THUNDER
SNOW, ICE PELLETS, HAIL 4 = ICE PELLETS
TOTAL MONTH: M 5 = HAIL
GRTST 24HR M ON M 6 = FREEZING RAIN OR DRIZZLE
GRTST DEPTH: M ON M 7 = DUSTSTORM OR SANDSTORM:
VSBY 1/2 MILE OR LESS
8 = SMOKE OR HAZE
[NO. OF DAYS WITH] [WEATHER - DAYS WITH] 9 = BLOWING SNOW
X = TORNADO
MAX 32 OR BELOW: 0 0.01 INCH OR MORE: 8
MAX 90 OR ABOVE: 0 0.10 INCH OR MORE: 5
MIN 32 OR BELOW: 0 0.50 INCH OR MORE: 2
MIN 0 OR BELOW: 0 1.00 INCH OR MORE: 1
[HDD (BASE 65) ]
TOTAL THIS MO. 0 CLEAR (SCALE 0-3) 20
DPTR FM NORMAL -3 PTCLDY (SCALE 4-7) 10
TOTAL FM JUL 1 0 CLOUDY (SCALE 8-10) 0
DPTR FM NORMAL 0
[CDD (BASE 65) ]
TOTAL THIS MO. 314
DPTR FM NORMAL -3 [PRESSURE DATA]
TOTAL FM JAN 1 1840 HIGHEST SLP 30.31 ON 12
DPTR FM NORMAL -37 LOWEST SLP 29.66 ON 1
[REMARKS]
#FINAL-09-21#