000
CXUS52 KILM 011911
CLMCRE
CLIMATE REPORT
NATIONAL WEATHER SERVICE WILMINGTON NC
311 PM EDT TUE AUG 01 2023
...................................
...THE N.MYRTLE BEACH SOUTH CAROLINA CLIMATE SUMMARY FOR THE MONTH OF JULY 2023...
CLIMATE NORMAL PERIOD 1991 TO 2020
CLIMATE RECORD PERIOD 1931 TO 2023
WEATHER OBSERVED NORMAL DEPART LAST YEAR`S
VALUE DATE(S) VALUE FROM VALUE DATE(S)
NORMAL
................................................................
TEMPERATURE (F)
RECORD
HIGH 101 07/27/2005
07/05/1990
07/01/1990
LOW 54 07/07/1951
HIGHEST 93 07/21 MM MM 92 07/28
07/30
LOWEST 68 07/31 MM MM 70 07/11
AVG. MAXIMUM 88.6 87.6 1.0 86.8
AVG. MINIMUM 74.7 73.7 1.0 75.6
MEAN 81.7 80.6 1.1 81.2
DAYS MAX >= 90 11 8.2 2.8 6
DAYS MAX <= 32 0 0.0 0.0 0
DAYS MIN <= 32 0 0.0 0.0 0
DAYS MIN <= 0 0 0.0 0.0 0
PRECIPITATION (INCHES)
RECORD
MAXIMUM 16.39 1960
MINIMUM 1.24 1955
TOTALS 4.36 5.40 -1.04 10.91
DAILY AVG. 0.14 0.17 -0.03
DAYS >= .01 16 12.6 3.4
DAYS >= .10 10 8.0 2.0
DAYS >= .50 3 3.9 -0.9
DAYS >= 1.00 0 2.0 -2.0
GREATEST
24 HR. TOTAL 0.81 07/20 TO 07/20
DEGREE DAYS
HEATING TOTAL 0 0 0 0
SINCE 7/1 0 0 0
COOLING TOTAL 524 485 39 507
SINCE 1/1 1069 1110 -41
FREEZE DATES
RECORD
EARLIEST MM
LATEST MM
EARLIEST 01/01
LATEST 03/29
................................................................
WIND (MPH)
AVERAGE WIND SPEED 7.5
RESULTANT WIND SPEED/DIRECTION 5/210
HIGHEST WIND SPEED/DIRECTION 32/230 DATE 07/16
HIGHEST GUST SPEED/DIRECTION 43/220 DATE 07/16
SKY COVER
AVERAGE SKY COVER 0.22
AVERAGE RH (PERCENT) 79
WEATHER CONDITIONS. NUMBER OF DAYS WITH
THUNDERSTORM 15 MIXED PRECIP MM
HEAVY RAIN 8 RAIN 11
LIGHT RAIN 20 FREEZING RAIN 0
LT FREEZING RAIN 0 HAIL MM
HEAVY SNOW 0 SNOW 0
LIGHT SNOW 0 SLEET MM
FOG 18 FOG W/VIS <= 1/4 MILE 2
HAZE 2
- INDICATES NEGATIVE NUMBERS.
R INDICATES RECORD WAS SET OR TIED.
MM INDICATES DATA IS MISSING.
T INDICATES TRACE AMOUNT.
$$