000
CXUS52 KJAX 030318
CF6CRG
PRELIMINARY LOCAL CLIMATOLOGICAL DATA (WS FORM: F-6)
STATION: CRAIG EXEC ARPT
MONTH: JULY
YEAR: 2023
LATITUDE: 30 19 N
LONGITUDE: 81 31 W
TEMPERATURE IN F: :PCPN: SNOW: WIND :SUNSHINE: SKY :PK WND
================================================================================
1 2 3 4 5 6A 6B 7 8 9 10 11 12 13 14 15 16 17 18
12Z AVG MX 2MIN
DY MAX MIN AVG DEP HDD CDD WTR SNW DPTH SPD SPD DIR MIN PSBL S-S WX SPD DR
================================================================================
1 94 74 84 2 0 19 0.00 0.0 0 4.3 14 110 M M 0 19 100
2 95 76 86 4 0 21 0.00 0.0 0 6.2 17 150 M M 0 22 140
3 97 75 86 4 0 21 0.00 0.0 0 4.4 18 20 M M 2 3 27 30
4 96 77 87 5 0 22 0.64 0.0 0 5.1 26 330 M M 1 13 38 330
5 95 76 86 4 0 21 1.70 0.0 0 5.4 24 250 M M 2 13 37 250
6 95 78 87 5 0 22 0.50 0.0 0 5.2 20 350 M M 3 13 29 330
7 94 73 84 2 0 19 1.83 0.0 0 6.3 30 350 M M 3 13 44 340
8 96 76 86 4 0 21 0.44 0.0 0 7.7 30 280 M M 1 13 46 280
9 93 76 85 3 0 20 0.22 0.0 0 10.0 33 270 M M 1 13 58 280
10 89 75 82 0 0 17 0.56 0.0 0 10.1 30 280 M M 2 13 47 280
11 91 79 85 3 0 20 0.00 0.0 0 6.0 17 50 M M 5 3 26 60
12 93 78 86 4 0 21 0.00 0.0 0 5.1 15 230 M M 1 20 220
13 92 77 85 3 0 20 0.15 0.0 0 5.1 22 140 M M 2 13 31 140
14 95 77 86 4 0 21 0.06 0.0 0 4.6 23 270 M M 1 13 34 280
15 94 78 86 4 0 21 0.00 0.0 0 9.0 21 230 M M 1 29 240
16 96 79 88 6 0 23 0.08 0.0 0 9.2 23 240 M M 3 13 31 260
17 94 76 85 3 0 20 0.47 0.0 0 5.5 26 340 M M 4 13 37 330
18 96 76 86 4 0 21 0.00 0.0 0 4.7 13 140 M M 0 8 16 140
19 96 75 86 4 0 21 0.00 0.0 0 5.0 14 150 M M 1 18 120
20 96 79 88 6 0 23 0.00 0.0 0 5.3 14 150 M M 1 18 140
21 98 81 90 8 0 25 0.00 0.0 0 8.2 15 290 M M 0 21 250
22 98 76 87 5 0 22 0.22 0.0 0 10.9 31 340 M M 2 13 45 310
23 93 75 84 2 0 19 0.49 0.0 0 6.3 29 280 M M 3 13 42 290
24 93 76 85 3 0 20 0.30 0.0 0 6.3 21 230 M M 2 3 28 240
25 93 76 85 3 0 20 0.05 0.0 0 3.7 15 330 M M 2 13 18 340
26 91 73 82 0 0 17 0.00 0.0 0 4.1 15 70 M M 1 19 70
27 91 76 84 2 0 19 T 0.0 0 3.0 15 80 M M 2 21 70
28 89 75 82 0 0 17 1.48 0.0 0 5.8 17 140 M M 8 13 22 140
29 93 77 85 3 0 20 0.82 0.0 0 4.5 24 310 M M 3 13 31 320
30 100 75 88 6 0 23 1.73 0.0 0 8.2 24 220 M M 3 13 36 240
31 90 76 83 1 0 18 0.11 0.0 0 5.3 22 180 M M 2 13 32 250
================================================================================
SM 2916 2366 0 634 11.85 0.0 190.5 M 62
================================================================================
AV 94.1 76.3 6.1 FASTST M M 2 MAX(MPH)
MISC ----> 33 270 58 280
================================================================================
NOTES:
# LAST OF SEVERAL OCCURRENCES
COLUMN 17 PEAK WIND IN M.P.H.
PRELIMINARY LOCAL CLIMATOLOGICAL DATA (WS FORM: F-6) , PAGE 2
STATION: CRAIG EXEC ARPT
MONTH: JULY
YEAR: 2023
LATITUDE: 30 19 N
LONGITUDE: 81 31 W
[TEMPERATURE DATA] [PRECIPITATION DATA] SYMBOLS USED IN COLUMN 16
AVERAGE MONTHLY: 85.2 TOTAL FOR MONTH: 11.85 1 = FOG OR MIST
DPTR FM NORMAL: 3.0 DPTR FM NORMAL: 5.71 2 = FOG REDUCING VISIBILITY
HIGHEST: 100 ON 30 GRTST 24HR 1.88 ON 6- 7 TO 1/4 MILE OR LESS
LOWEST: 73 ON 26, 7 3 = THUNDER
SNOW, ICE PELLETS, HAIL 4 = ICE PELLETS
TOTAL MONTH: 0.0 INCH 5 = HAIL
GRTST 24HR 0.0 6 = FREEZING RAIN OR DRIZZLE
GRTST DEPTH: 0 7 = DUSTSTORM OR SANDSTORM:
VSBY 1/2 MILE OR LESS
8 = SMOKE OR HAZE
[NO. OF DAYS WITH] [WEATHER - DAYS WITH] 9 = BLOWING SNOW
X = TORNADO
MAX 32 OR BELOW: 0 0.01 INCH OR MORE: 19
MAX 90 OR ABOVE: 29 0.10 INCH OR MORE: 15
MIN 32 OR BELOW: 0 0.50 INCH OR MORE: 8
MIN 0 OR BELOW: 0 1.00 INCH OR MORE: 4
[HDD (BASE 65) ]
TOTAL THIS MO. 0 CLEAR (SCALE 0-3) 27
DPTR FM NORMAL 0 PTCLDY (SCALE 4-7) 4
TOTAL FM JUL 1 0 CLOUDY (SCALE 8-10) 0
DPTR FM NORMAL 0
[CDD (BASE 65) ]
TOTAL THIS MO. 634
DPTR FM NORMAL 101 [PRESSURE DATA]
TOTAL FM JAN 1 1938 HIGHEST SLP 30.15 ON 19
DPTR FM NORMAL 431 LOWEST SLP 29.83 ON 22
[REMARKS]
#FINAL-07-23#