000
CXUS54 KCRP 012042
CF6CRP
PRELIMINARY LOCAL CLIMATOLOGICAL DATA (WS FORM: F-6)
STATION: CORPUS CHRISTI
MONTH: MAY
YEAR: 2021
LATITUDE: 27 46 N
LONGITUDE: 97 30 W
TEMPERATURE IN F: :PCPN: SNOW: WIND :SUNSHINE: SKY :PK WND
================================================================================
1 2 3 4 5 6A 6B 7 8 9 10 11 12 13 14 15 16 17 18
12Z AVG MX 2MIN
DY MAX MIN AVG DEP HDD CDD WTR SNW DPTH SPD SPD DIR MIN PSBL S-S WX SPD DR
================================================================================
1 75 65 70 -6 0 5 1.34 0.0 0 8.6 20 150 M M 8 123 26 140
2 87 64 76 0 0 11 0.00 0.0 0 11.7 21 170 M M 6 12 28 170
3 86 74 80 4 0 15 0.00 0.0 0 12.7 21 150 M M 7 18 28 140
4 88 75 82 5 0 17 T 0.0 0 12.0 22 30 M M 10 18 32 50
5 86 64 75 -2 0 10 0.00 0.0 0 11.5 24 30 M M 4 31 30
6 84 62 73 -4 0 8 0.00 0.0 0 7.6 18 30 M M 3 22 60
7 82 59 71 -6 0 6 0.00 0.0 0 9.2 20 100 M M 3 25 90
8 85 73 79 1 0 14 0.00 0.0 0 15.9 28 150 M M 7 37 150
9 88 77 83 5 0 18 0.00 0.0 0 17.1 25 170 M M 7 1 34 170
10 86 76 81 3 0 16 0.00 0.0 0 11.5 18 130 M M 9 13 24 130
11 88 70 79 1 0 14 1.34 0.0 0 12.3 29 70 M M 9 13 36 70
12 80 68 74 -4 0 9 T 0.0 0 15.0 26 30 M M 9 3 32 40
13 80 65 73 -5 0 8 0.00 0.0 0 11.0 20 20 M M 9 23 20
14 83 64 74 -5 0 9 0.00 0.0 0 10.3 20 100 M M 7 25 120
15 81 70 76 -3 0 11 1.48 0.0 0 12.4 24 120 M M 8 13 31 120
16 81 68 75 -4 0 10 0.86 0.0 0 11.0 21 110 M M 9 13 27 150
17 85 76 81 2 0 16 T 0.0 0 13.3 22 120 M M 9 1 31 120
18 86 67 77 -2 0 12 0.51 0.0 0 12.7 31 250 M M 8 13 39 240
19 79 63 71 -9 0 6 4.44 0.0 0 14.2 33 50 M M 9 13 41 50
20 83 62 73 -7 0 8 0.00 0.0 0 5.3 13 100 M M 6 1 16 360
21 88 70 79 -1 0 14 0.04 0.0 0 7.5 18 60 M M 7 1 23 60
22 83 73 78 -2 0 13 0.08 0.0 0 10.3 17 110 M M 8 1 23 110
23 85 72 79 -1 0 14 0.58 0.0 0 7.5 18 100 M M 7 1 23 100
24 85 72 79 -2 0 14 0.00 0.0 0 10.2 20 140 M M 6 26 150
25 86 76 81 0 0 16 0.02 0.0 0 12.3 21 140 M M 8 28 150
26 88 76 82 1 0 17 T 0.0 0 10.2 17 140 M M 6 23 170
27 87 74 81 0 0 16 0.00 0.0 0 11.1 21 160 M M 7 28 170
28 88 74 81 0 0 16 T 0.0 0 11.8 31 50 M M 9 39 50
29 85 69 77 -4 0 12 0.13 0.0 0 9.9 28 50 M M 7 13 34 60
30 87 71 79 -3 0 14 0.01 0.0 0 10.2 20 110 M M 6 25 120
31 87 74 81 -1 0 16 0.00 0.0 0 10.2 18 120 M M 8 25 110
================================================================================
SM 2622 2163 0 385 10.83 0.0 346.5 M 226
================================================================================
AV 84.6 69.8 11.2 FASTST M M 7 MAX(MPH)
MISC ----> 33 50 41 50
================================================================================
NOTES:
# LAST OF SEVERAL OCCURRENCES
COLUMN 17 PEAK WIND IN M.P.H.
PRELIMINARY LOCAL CLIMATOLOGICAL DATA (WS FORM: F-6) , PAGE 2
STATION: CORPUS CHRISTI
MONTH: MAY
YEAR: 2021
LATITUDE: 27 46 N
LONGITUDE: 97 30 W
[TEMPERATURE DATA] [PRECIPITATION DATA] SYMBOLS USED IN COLUMN 16
AVERAGE MONTHLY: 77.2 TOTAL FOR MONTH: 10.83 1 = FOG OR MIST
DPTR FM NORMAL: -1.8 DPTR FM NORMAL: 7.45 2 = FOG REDUCING VISIBILITY
HIGHEST: 88 ON 28,26 GRTST 24HR 4.44 ON 19-19 TO 1/4 MILE OR LESS
LOWEST: 59 ON 7 3 = THUNDER
SNOW, ICE PELLETS, HAIL 4 = ICE PELLETS
TOTAL MONTH: 0.0 INCH 5 = HAIL
GRTST 24HR 0.0 6 = FREEZING RAIN OR DRIZZLE
GRTST DEPTH: 0 7 = DUSTSTORM OR SANDSTORM:
VSBY 1/2 MILE OR LESS
8 = SMOKE OR HAZE
[NO. OF DAYS WITH] [WEATHER - DAYS WITH] 9 = BLOWING SNOW
X = TORNADO
MAX 32 OR BELOW: 0 0.01 INCH OR MORE: 12
MAX 90 OR ABOVE: 0 0.10 INCH OR MORE: 8
MIN 32 OR BELOW: 0 0.50 INCH OR MORE: 7
MIN 0 OR BELOW: 0 1.00 INCH OR MORE: 4
[HDD (BASE 65) ]
TOTAL THIS MO. 0 CLEAR (SCALE 0-3) 1
DPTR FM NORMAL 0 PTCLDY (SCALE 4-7) 20
TOTAL FM JUL 1 904 CLOUDY (SCALE 8-10) 10
DPTR FM NORMAL 103
[CDD (BASE 65) ]
TOTAL THIS MO. 385
DPTR FM NORMAL -49 [PRESSURE DATA]
TOTAL FM JAN 1 883 HIGHEST SLP 30.25 ON 13
DPTR FM NORMAL -51 LOWEST SLP 29.50 ON 3
[REMARKS]
#FINAL-05-21#